000
CDUS43 KLMK 102132
CLILEX


CLIMATE REPORT
NATIONAL WEATHER SERVICE LOUISVILLE KY
432 PM EST WED DEC 10 2014


...................................

...THE LEXINGTON KY CLIMATE SUMMARY FOR DECEMBER 10 2014...
VALID TODAY AS OF 0400 PM LOCAL TIME.

CLIMATE NORMAL PERIOD 1981 TO 2010
CLIMATE RECORD PERIOD 1872 TO 2014


WEATHER ITEM   OBSERVED TIME   RECORD YEAR NORMAL DEPARTURE LAST
                VALUE   (LST)  VALUE       VALUE  FROM      YEAR
                                                  NORMAL
..................................................................
TEMPERATURE (F)
 TODAY
  MAXIMUM         37   1113 AM  72    1971  45     -8       33
  MINIMUM         35    857 AM  -9    1917  29      6       23
  AVERAGE         36                        37     -1       28

PRECIPITATION (IN)
  TODAY            T             1.33 1994   0.14  -0.14     0.01
  MONTH TO DATE    2.61                      1.32   1.29     2.47
  SINCE DEC 1      2.61                      1.32   1.29     2.47
  SINCE JAN 1     53.52                     42.56  10.96    56.42

SNOWFALL (IN)
  TODAY            T             3.0  1903   0.0    0.0      0.4
  MONTH TO DATE    T                         0.5   -0.5      0.6
  SINCE DEC 1      T                         0.5   -0.5      0.6
  SINCE JUL 1      1.6                       0.8    0.8      2.0
  SNOW DEPTH       0

DEGREE DAYS
 HEATING
  TODAY           29                        28      1       37
  MONTH TO DATE  239                       265    -26      250
  SINCE DEC 1    239                       265    -26      250
  SINCE JUL 1   1246                      1152     94     1177

 COOLING
  TODAY            0                         0      0        0
  MONTH TO DATE    0                         0      0        0
  SINCE DEC 1      0                         0      0        0
  SINCE JAN 1   1274                      1190     84     1245
..................................................................


WIND (MPH)
  HIGHEST WIND SPEED    16   HIGHEST WIND DIRECTION     N (350)
  HIGHEST GUST SPEED    20   HIGHEST GUST DIRECTION     N (340)
  AVERAGE WIND SPEED     8.8


SKY COVER
  POSSIBLE SUNSHINE  MM
  AVERAGE SKY COVER 1.0


WEATHER CONDITIONS
 THE FOLLOWING WEATHER WAS RECORDED TODAY.
  LIGHT SNOW


RELATIVE HUMIDITY (PERCENT)
 HIGHEST    92           100 AM
 LOWEST     64           400 PM
 AVERAGE    78

..........................................................


THE LEXINGTON KY CLIMATE NORMALS FOR TOMORROW
                         NORMAL    RECORD    YEAR
 MAXIMUM TEMPERATURE (F)   45        70      2007
 MINIMUM TEMPERATURE (F)   29        -2      1917


SUNRISE AND SUNSET
DECEMBER 10 2014......SUNRISE   744 AM EST   SUNSET   519 PM EST
DECEMBER 11 2014......SUNRISE   744 AM EST   SUNSET   519 PM EST


-  INDICATES NEGATIVE NUMBERS.
R  INDICATES RECORD WAS SET OR TIED.
MM INDICATES DATA IS MISSING.
T  INDICATES TRACE AMOUNT.




$$
