000
CDUS43 KLMK 162027
CLILEX


CLIMATE REPORT
NATIONAL WEATHER SERVICE LOUISVILLE KY
427 PM EDT SAT MAY 16 2015


...................................

...THE LEXINGTON KY CLIMATE SUMMARY FOR MAY 16 2015...
VALID TODAY AS OF 0400 PM LOCAL TIME.

CLIMATE NORMAL PERIOD 1981 TO 2010
CLIMATE RECORD PERIOD 1872 TO 2015


WEATHER ITEM   OBSERVED TIME   RECORD YEAR NORMAL DEPARTURE LAST
                VALUE   (LST)  VALUE       VALUE  FROM      YEAR
                                                  NORMAL
..................................................................
TEMPERATURE (F)
 TODAY
  MAXIMUM         73    234 PM  91    1962  74     -1       59
                                      1900
  MINIMUM         67    709 AM  33    1997  54     13       41
  AVERAGE         70                        64      6       50

PRECIPITATION (IN)
  TODAY            0.47          1.35 1946   0.17   0.30     0.03
  MONTH TO DATE    0.69                      2.69  -2.00     3.35
  SINCE MAR 1     19.56                     10.36   9.20    12.23
  SINCE JAN 1     24.41                     16.76   7.65    19.27

SNOWFALL (IN)
  TODAY            0.0          MM      MM   0.0    0.0      0.0
  MONTH TO DATE    0.0                       0.0    0.0      0.0
  SINCE MAR 1     17.1                       1.7   15.4      7.8
  SINCE JUL 1     40.0                      13.0   27.0     27.1
  SNOW DEPTH       0

DEGREE DAYS
 HEATING
  TODAY            0                         4     -4       15
  MONTH TO DATE   30                        76    -46       56
  SINCE MAR 1    939                       994    -55      978
  SINCE JUL 1   4917                      4565    352     4821

 COOLING
  TODAY            5                         3      2        0
  MONTH TO DATE   77                        27     50       61
  SINCE MAR 1     89                        49     40       76
  SINCE JAN 1     89                        49     40       76
..................................................................


WIND (MPH)
  HIGHEST WIND SPEED    18   HIGHEST WIND DIRECTION    SW (220)
  HIGHEST GUST SPEED    24   HIGHEST GUST DIRECTION     S (200)
  AVERAGE WIND SPEED     8.3


SKY COVER
  POSSIBLE SUNSHINE  MM
  AVERAGE SKY COVER 0.7


WEATHER CONDITIONS
 THE FOLLOWING WEATHER WAS RECORDED TODAY.
  HEAVY RAIN
  RAIN
  LIGHT RAIN
  FOG


RELATIVE HUMIDITY (PERCENT)
 HIGHEST    93           600 AM
 LOWEST     73          1000 AM
 AVERAGE    83

..........................................................


THE LEXINGTON KY CLIMATE NORMALS FOR TOMORROW
                         NORMAL    RECORD    YEAR
 MAXIMUM TEMPERATURE (F)   75        92      1962
 MINIMUM TEMPERATURE (F)   54        38      2014
                                             1973
                                             1875


SUNRISE AND SUNSET
MAY 16 2015...........SUNRISE   627 AM EDT   SUNSET   843 PM EDT
MAY 17 2015...........SUNRISE   627 AM EDT   SUNSET   844 PM EDT


-  INDICATES NEGATIVE NUMBERS.
R  INDICATES RECORD WAS SET OR TIED.
MM INDICATES DATA IS MISSING.
T  INDICATES TRACE AMOUNT.




$$
