000
CDUS43 KLMK 042035
CLILEX


CLIMATE REPORT
NATIONAL WEATHER SERVICE LOUISVILLE KY
434 PM EDT MON SEP 4 2017


...................................

...THE LEXINGTON KY CLIMATE SUMMARY FOR SEPTEMBER 4 2017...
VALID TODAY AS OF 0400 PM LOCAL TIME.

CLIMATE NORMAL PERIOD 1981 TO 2010
CLIMATE RECORD PERIOD 1872 TO 2017


WEATHER ITEM   OBSERVED TIME   RECORD YEAR NORMAL DEPARTURE LAST
                VALUE   (LST)  VALUE       VALUE  FROM      YEAR
                                                  NORMAL
..................................................................
TEMPERATURE (F)
 TODAY
  MAXIMUM         84    322 PM  98    1954  83      1       88
  MINIMUM         66    633 AM  45    1997  62      4       55
  AVERAGE         75                        72      3       72

PRECIPITATION (IN)
  TODAY            0.00          1.09 1953   0.09  -0.09     0.00
  MONTH TO DATE    2.15                      0.37   1.78      T
  SINCE SEP 1      2.15                      0.37   1.78      T
  SINCE JAN 1     37.09                     32.04   5.05    34.37

SNOWFALL (IN)
  TODAY            0.0          MM      MM   0.0    0.0      0.0
  MONTH TO DATE    0.0                       0.0    0.0      0.0
  SINCE SEP 1      0.0                       0.0    0.0      0.0
  SINCE JUL 1      0.0                       0.0    0.0      0.0
  SNOW DEPTH       0

DEGREE DAYS
 HEATING
  TODAY            0                         0      0        0
  MONTH TO DATE    5                         0      5        0
  SINCE SEP 1      5                         0      5        0
  SINCE JUL 1      5                         2      3        0

 COOLING
  TODAY           10                         8      2        7
  MONTH TO DATE   13                        32    -19       24
  SINCE SEP 1     13                        32    -19       24
  SINCE JAN 1   1094                      1049     45     1300
..................................................................


WIND (MPH)
  HIGHEST WIND SPEED    21   HIGHEST WIND DIRECTION    SW (220)
  HIGHEST GUST SPEED    27   HIGHEST GUST DIRECTION    SW (240)
  AVERAGE WIND SPEED    11.5


SKY COVER
  POSSIBLE SUNSHINE  MM
  AVERAGE SKY COVER 0.2


WEATHER CONDITIONS
 THE FOLLOWING WEATHER WAS RECORDED TODAY.
  NO SIGNIFICANT WEATHER WAS OBSERVED.


RELATIVE HUMIDITY (PERCENT)
 HIGHEST    87           300 AM
 LOWEST     55           100 PM
 AVERAGE    71

..........................................................


THE LEXINGTON KY CLIMATE NORMALS FOR TOMORROW
                         NORMAL    RECORD    YEAR
 MAXIMUM TEMPERATURE (F)   83       103      1954
 MINIMUM TEMPERATURE (F)   62        45      1997


SUNRISE AND SUNSET
SEPTEMBER  4 2017.....SUNRISE   711 AM EDT   SUNSET   803 PM EDT
SEPTEMBER  5 2017.....SUNRISE   712 AM EDT   SUNSET   801 PM EDT


-  INDICATES NEGATIVE NUMBERS.
R  INDICATES RECORD WAS SET OR TIED.
MM INDICATES DATA IS MISSING.
T  INDICATES TRACE AMOUNT.




$$
