000
CDUS43 KLMK 200627
CLILEX


CLIMATE REPORT
NATIONAL WEATHER SERVICE LOUISVILLE KY
226 AM EDT MON JUL 20 2015


...................................

...THE LEXINGTON KY CLIMATE SUMMARY FOR JULY 19 2015...

CLIMATE NORMAL PERIOD 1981 TO 2010
CLIMATE RECORD PERIOD 1872 TO 2015


WEATHER ITEM   OBSERVED TIME   RECORD YEAR NORMAL DEPARTURE LAST
                VALUE   (LST)  VALUE       VALUE  FROM      YEAR
                                                  NORMAL
..................................................................
TEMPERATURE (F)
 YESTERDAY
  MAXIMUM         91    202 PM  99    1980  86      5       76
  MINIMUM         72   1154 PM  53    1984  67      5       64
  AVERAGE         82                        76      6       70

PRECIPITATION (IN)
  YESTERDAY        0.07          2.47 1989   0.15  -0.08     0.06
  MONTH TO DATE    8.53                      2.84   5.69     1.35
  SINCE JUN 1     14.17                      7.28   6.89     6.94
  SINCE JAN 1     39.96                     26.61  13.35    28.29

SNOWFALL (IN)
  YESTERDAY        0.0          MM      MM   0.0    0.0      0.0
  MONTH TO DATE    0.0                       0.0    0.0      0.0
  SINCE JUN 1      0.0                       0.0    0.0      0.0
  SINCE JUL 1      0.0                       0.0    0.0      0.0
  SNOW DEPTH       0

DEGREE DAYS
 HEATING
  YESTERDAY        0                         0      0        0
  MONTH TO DATE    0                         0      0        0
  SINCE JUN 1     18                        11      7        0
  SINCE JUL 1      0                         0      0        0

 COOLING
  YESTERDAY       17                        11      6        5
  MONTH TO DATE  203                       209     -6      168
  SINCE JUN 1    492                       451     41      473
  SINCE JAN 1    660                       558    102      634
..................................................................


WIND (MPH)
  HIGHEST WIND SPEED    18   HIGHEST WIND DIRECTION    SW (220)
  HIGHEST GUST SPEED    29   HIGHEST GUST DIRECTION    NW (300)
  AVERAGE WIND SPEED     6.4


SKY COVER
  POSSIBLE SUNSHINE  MM
  AVERAGE SKY COVER 0.2


WEATHER CONDITIONS
 THE FOLLOWING WEATHER WAS RECORDED YESTERDAY.
  THUNDERSTORM
  HEAVY RAIN
  LIGHT RAIN
  FOG


RELATIVE HUMIDITY (PERCENT)
 HIGHEST    93           500 AM
 LOWEST     64           100 PM
 AVERAGE    79

..........................................................


THE LEXINGTON KY CLIMATE NORMALS FOR TODAY
                         NORMAL    RECORD    YEAR
 MAXIMUM TEMPERATURE (F)   86        99      1954
 MINIMUM TEMPERATURE (F)   67        52      1947
                                             1929


SUNRISE AND SUNSET
JULY 20 2015..........SUNRISE   631 AM EDT   SUNSET   858 PM EDT
JULY 21 2015..........SUNRISE   632 AM EDT   SUNSET   857 PM EDT


-  INDICATES NEGATIVE NUMBERS.
R  INDICATES RECORD WAS SET OR TIED.
MM INDICATES DATA IS MISSING.
T  INDICATES TRACE AMOUNT.




$$
