000
CDUS43 KLMK 082139
CLILEX


CLIMATE REPORT
NATIONAL WEATHER SERVICE LOUISVILLE KY
438 PM EST WED FEB 8 2017


...................................

...THE LEXINGTON KY CLIMATE SUMMARY FOR FEBRUARY 8 2017...
VALID TODAY AS OF 0400 PM LOCAL TIME.

CLIMATE NORMAL PERIOD 1981 TO 2010
CLIMATE RECORD PERIOD 1872 TO 2017


WEATHER ITEM   OBSERVED TIME   RECORD YEAR NORMAL DEPARTURE LAST
                VALUE   (LST)  VALUE       VALUE  FROM      YEAR
                                                  NORMAL
..................................................................
TEMPERATURE (F)
 TODAY
  MAXIMUM         57    123 AM  74    1937  44     13       44
  MINIMUM         44    428 PM -13    1895  27     17       25
  AVERAGE         51                        35     16       35

PRECIPITATION (IN)
  TODAY            0.03          1.00 1994   0.11  -0.08     0.26
  MONTH TO DATE    0.96                      0.92   0.04     1.64
  SINCE DEC 1     11.85                      8.05   3.80    10.09
  SINCE JAN 1      5.67                      4.12   1.55     2.88

SNOWFALL (IN)
  TODAY            0.0           7.3  1971   0.2   -0.2      1.0
  MONTH TO DATE    0.0                       1.5   -1.5      1.0
  SINCE DEC 1      3.4                       7.9   -4.5     10.6
  SINCE JUL 1      3.4                       8.2   -4.8     10.6
  SNOW DEPTH       0

DEGREE DAYS
 HEATING
  TODAY           14                        30    -16       30
  MONTH TO DATE  188                       244    -56      189
  SINCE DEC 1   1806                      2140   -334     1707
  SINCE JUL 1   2392                      3027   -635     2393

 COOLING
  TODAY            0                         0      0        0
  MONTH TO DATE    0                         0      0        0
  SINCE DEC 1      0                         0      0        0
  SINCE JAN 1      0                         0      0        0
..................................................................


WIND (MPH)
  HIGHEST WIND SPEED    17   HIGHEST WIND DIRECTION     N (10)
  HIGHEST GUST SPEED    21   HIGHEST GUST DIRECTION     N (10)
  AVERAGE WIND SPEED     7.5


SKY COVER
  POSSIBLE SUNSHINE  MM
  AVERAGE SKY COVER 0.8


WEATHER CONDITIONS
 THE FOLLOWING WEATHER WAS RECORDED TODAY.
  FOG
  HAZE


RELATIVE HUMIDITY (PERCENT)
 HIGHEST    93           100 AM
 LOWEST     66           200 PM
 AVERAGE    80

..........................................................


THE LEXINGTON KY CLIMATE NORMALS FOR TOMORROW
                         NORMAL    RECORD    YEAR
 MAXIMUM TEMPERATURE (F)   44        70      2001
 MINIMUM TEMPERATURE (F)   27       -15      1899


SUNRISE AND SUNSET
FEBRUARY  8 2017......SUNRISE   736 AM EST   SUNSET   610 PM EST
FEBRUARY  9 2017......SUNRISE   735 AM EST   SUNSET   611 PM EST


-  INDICATES NEGATIVE NUMBERS.
R  INDICATES RECORD WAS SET OR TIED.
MM INDICATES DATA IS MISSING.
T  INDICATES TRACE AMOUNT.




$$
