000
CDUS43 KLMK 132133
CLILEX


CLIMATE REPORT
NATIONAL WEATHER SERVICE LOUISVILLE KY
431 PM EST SAT DEC 13 2014


...................................

...THE LEXINGTON KY CLIMATE SUMMARY FOR DECEMBER 13 2014...
VALID TODAY AS OF 0400 PM LOCAL TIME.

CLIMATE NORMAL PERIOD 1981 TO 2010
CLIMATE RECORD PERIOD 1872 TO 2014


WEATHER ITEM   OBSERVED TIME   RECORD YEAR NORMAL DEPARTURE LAST
                VALUE   (LST)  VALUE       VALUE  FROM      YEAR
                                                  NORMAL
..................................................................
TEMPERATURE (F)
 TODAY
  MAXIMUM         44    357 PM  70    1927  44      0       45
  MINIMUM         36    505 AM  -6    1962  28      8       21
  AVERAGE         40                        36      4       33

PRECIPITATION (IN)
  TODAY            0.00          1.53 1931   0.13  -0.13     0.01
  MONTH TO DATE    2.61                      1.72   0.89     2.48
  SINCE DEC 1      2.61                      1.72   0.89     2.48
  SINCE JAN 1     53.52                     42.96  10.56    56.43

SNOWFALL (IN)
  TODAY            0.0           6.5  1914   0.1   -0.1       T
  MONTH TO DATE    T                         0.8   -0.8      0.6
  SINCE DEC 1      T                         0.8   -0.8      0.6
  SINCE JUL 1      1.6                       1.1    0.5      2.0
  SNOW DEPTH       0

DEGREE DAYS
 HEATING
  TODAY           25                        29     -4       32
  MONTH TO DATE  329                       350    -21      360
  SINCE DEC 1    329                       350    -21      360
  SINCE JUL 1   1336                      1237     99     1287

 COOLING
  TODAY            0                         0      0        0
  MONTH TO DATE    0                         0      0        0
  SINCE DEC 1      0                         0      0        0
  SINCE JAN 1   1274                      1190     84     1245
..................................................................


WIND (MPH)
  HIGHEST WIND SPEED    13   HIGHEST WIND DIRECTION     W (290)
  HIGHEST GUST SPEED    18   HIGHEST GUST DIRECTION     W (280)
  AVERAGE WIND SPEED     5.6


SKY COVER
  POSSIBLE SUNSHINE  MM
  AVERAGE SKY COVER 1.0


WEATHER CONDITIONS
 THE FOLLOWING WEATHER WAS RECORDED TODAY.
  NO SIGNIFICANT WEATHER WAS OBSERVED.


RELATIVE HUMIDITY (PERCENT)
 HIGHEST    89          1200 AM
 LOWEST     70          1200 PM
 AVERAGE    80

..........................................................


THE LEXINGTON KY CLIMATE NORMALS FOR TOMORROW
                         NORMAL    RECORD    YEAR
 MAXIMUM TEMPERATURE (F)   44        69      1984
                                             1971
 MINIMUM TEMPERATURE (F)   28        -2      1914


SUNRISE AND SUNSET
DECEMBER 13 2014......SUNRISE   746 AM EST   SUNSET   519 PM EST
DECEMBER 14 2014......SUNRISE   747 AM EST   SUNSET   520 PM EST


-  INDICATES NEGATIVE NUMBERS.
R  INDICATES RECORD WAS SET OR TIED.
MM INDICATES DATA IS MISSING.
T  INDICATES TRACE AMOUNT.




$$
