000
CDUS43 KLMK 200627
CLILEX


CLIMATE REPORT
NATIONAL WEATHER SERVICE LOUISVILLE KY
227 AM EDT THU APR 20 2017


...................................

...THE LEXINGTON KY CLIMATE SUMMARY FOR APRIL 19 2017...

CLIMATE NORMAL PERIOD 1981 TO 2010
CLIMATE RECORD PERIOD 1872 TO 2017


WEATHER ITEM   OBSERVED TIME   RECORD YEAR NORMAL DEPARTURE LAST
                VALUE   (LST)  VALUE       VALUE  FROM      YEAR
                                                  NORMAL
..................................................................
TEMPERATURE (F)
 YESTERDAY
  MAXIMUM         81    311 PM  86    1941  67     14       83
  MINIMUM         62    211 AM  25    1983  46     16       50
  AVERAGE         72                        56     16       67

PRECIPITATION (IN)
  YESTERDAY        0.03          2.06 1901   0.12  -0.09     0.00
  MONTH TO DATE    1.28                      2.15  -0.87     1.04
  SINCE MAR 1      4.56                      6.22  -1.66     3.83
  SINCE JAN 1     12.66                     12.62   0.04     9.53

SNOWFALL (IN)
  YESTERDAY        0.0           2.0  1901   0.0    0.0      0.0
  MONTH TO DATE    0.0                       0.3   -0.3       T
  SINCE MAR 1      T                         1.7   -1.7      0.7
  SINCE JUL 1      3.4                      13.0   -9.6     15.3
  SNOW DEPTH       0

DEGREE DAYS
 HEATING
  YESTERDAY        0                         9     -9        0
  MONTH TO DATE   89                       227   -138      243
  SINCE MAR 1    619                       832   -213      637
  SINCE JUL 1   3329                      4403  -1074     3608

 COOLING
  YESTERDAY        7                         1      6        2
  MONTH TO DATE   32                        10     22        3
  SINCE MAR 1     37                        12     25        6
  SINCE JAN 1     41                        12     29        6
..................................................................


WIND (MPH)
  HIGHEST WIND SPEED    18   HIGHEST WIND DIRECTION    SW (230)
  HIGHEST GUST SPEED    24   HIGHEST GUST DIRECTION    SW (220)
  AVERAGE WIND SPEED     9.1


SKY COVER
  POSSIBLE SUNSHINE  MM
  AVERAGE SKY COVER 0.4


WEATHER CONDITIONS
 THE FOLLOWING WEATHER WAS RECORDED YESTERDAY.
  LIGHT RAIN
  FOG


RELATIVE HUMIDITY (PERCENT)
 HIGHEST    93           600 AM
 LOWEST     49           500 PM
 AVERAGE    71

..........................................................


THE LEXINGTON KY CLIMATE NORMALS FOR TODAY
                         NORMAL    RECORD    YEAR
 MAXIMUM TEMPERATURE (F)   67        85      1957
                                             1915
                                             1896
 MINIMUM TEMPERATURE (F)   46        25      1983


SUNRISE AND SUNSET
APRIL 20 2017.........SUNRISE   656 AM EDT   SUNSET   819 PM EDT
APRIL 21 2017.........SUNRISE   654 AM EDT   SUNSET   820 PM EDT


-  INDICATES NEGATIVE NUMBERS.
R  INDICATES RECORD WAS SET OR TIED.
MM INDICATES DATA IS MISSING.
T  INDICATES TRACE AMOUNT.




$$
