000
CDUS43 KLMK 052034
CLILEX


CLIMATE REPORT
NATIONAL WEATHER SERVICE LOUISVILLE KY
433 PM EDT MON JUN 5 2017


...................................

...THE LEXINGTON KY CLIMATE SUMMARY FOR JUNE 5 2017...
VALID TODAY AS OF 0400 PM LOCAL TIME.

CLIMATE NORMAL PERIOD 1981 TO 2010
CLIMATE RECORD PERIOD 1872 TO 2017


WEATHER ITEM   OBSERVED TIME   RECORD YEAR NORMAL DEPARTURE LAST
                VALUE   (LST)  VALUE       VALUE  FROM      YEAR
                                                  NORMAL
..................................................................
TEMPERATURE (F)
 TODAY
  MAXIMUM         80    217 PM  94    1942  80      0       81
  MINIMUM         69    547 AM  42    1990  60      9       64
                                      1945
  AVERAGE         75                        70      5       73

PRECIPITATION (IN)
  TODAY            0.04          2.34 1914   0.16  -0.12     0.05
  MONTH TO DATE    0.04                      0.83  -0.79     2.37
  SINCE JUN 1      0.04                      0.83  -0.79     2.37
  SINCE JAN 1     18.90                     20.16  -1.26    20.66

SNOWFALL (IN)
  TODAY            0.0          MM      MM   0.0    0.0      0.0
  MONTH TO DATE    0.0                       0.0    0.0      0.0
  SINCE JUN 1      0.0                       0.0    0.0      0.0
  SINCE JUL 1      3.4                      13.0   -9.6     15.3
  SNOW DEPTH       0

DEGREE DAYS
 HEATING
  TODAY            0                         1     -1        0
  MONTH TO DATE    0                         5     -5        0
  SINCE JUN 1      0                         5     -5        0
  SINCE JUL 1   3471                      4605  -1134     3764

 COOLING
  TODAY           10                         6      4        8
  MONTH TO DATE   32                        27      5       46
  SINCE JUN 1     32                        27      5       46
  SINCE JAN 1    229                       134     95      160
..................................................................


WIND (MPH)
  HIGHEST WIND SPEED    14   HIGHEST WIND DIRECTION    SW (210)
  HIGHEST GUST SPEED    18   HIGHEST GUST DIRECTION    SW (210)
  AVERAGE WIND SPEED     5.0


SKY COVER
  POSSIBLE SUNSHINE  MM
  AVERAGE SKY COVER 0.8


WEATHER CONDITIONS
 THE FOLLOWING WEATHER WAS RECORDED TODAY.
  LIGHT RAIN
  FOG


RELATIVE HUMIDITY (PERCENT)
 HIGHEST    90           300 AM
 LOWEST     67           200 PM
 AVERAGE    79

..........................................................


THE LEXINGTON KY CLIMATE NORMALS FOR TOMORROW
                         NORMAL    RECORD    YEAR
 MAXIMUM TEMPERATURE (F)   81        95      1943
 MINIMUM TEMPERATURE (F)   60        46      1993


SUNRISE AND SUNSET
JUNE  5 2017..........SUNRISE   616 AM EDT   SUNSET   858 PM EDT
JUNE  6 2017..........SUNRISE   616 AM EDT   SUNSET   859 PM EDT


-  INDICATES NEGATIVE NUMBERS.
R  INDICATES RECORD WAS SET OR TIED.
MM INDICATES DATA IS MISSING.
T  INDICATES TRACE AMOUNT.




$$
