667
CDUS43 KLMK 130635
CLILEX


CLIMATE REPORT
NATIONAL WEATHER SERVICE LOUISVILLE KY
230 AM EDT FRI OCT 13 2017


...................................

...THE LEXINGTON KY CLIMATE SUMMARY FOR OCTOBER 12 2017...

CLIMATE NORMAL PERIOD 1981 TO 2010
CLIMATE RECORD PERIOD 1872 TO 2017


WEATHER ITEM   OBSERVED TIME   RECORD YEAR NORMAL DEPARTURE LAST
                VALUE   (LST)  VALUE       VALUE  FROM      YEAR
                                                  NORMAL
..................................................................
TEMPERATURE (F)
 YESTERDAY
  MAXIMUM         65    514 PM  86    1938  69     -4       79
  MINIMUM         54   1159 PM  29    1988  48      6       53
                                      1875
  AVERAGE         60                        58      2       66

PRECIPITATION (IN)
  YESTERDAY        0.00          1.16 1926   0.10  -0.10     0.00
  MONTH TO DATE    4.07                      1.17   2.90     0.14
  SINCE SEP 1      7.81                      4.08   3.73     1.81
  SINCE JAN 1     42.75                     35.75   7.00    36.18

SNOWFALL (IN)
  YESTERDAY        0.0           0.0    MM   0.0    0.0      0.0
  MONTH TO DATE    0.0                       0.0    0.0      0.0
  SINCE SEP 1      0.0                       0.0    0.0      0.0
  SINCE JUL 1      0.0                       0.0    0.0      0.0
  SNOW DEPTH       0

DEGREE DAYS
 HEATING
  YESTERDAY        5                         8     -3        0
  MONTH TO DATE    6                        75    -69       21
  SINCE SEP 1     41                       127    -86       38
  SINCE JUL 1     41                       129    -88       38

 COOLING
  YESTERDAY        0                         1     -1        1
  MONTH TO DATE   54                        16     38       26
  SINCE SEP 1    198                       162     36      297
  SINCE JAN 1   1279                      1179    100     1573
..................................................................


WIND (MPH)
  HIGHEST WIND SPEED     7   HIGHEST WIND DIRECTION     S (160)
  HIGHEST GUST SPEED     9   HIGHEST GUST DIRECTION    SE (130)
  AVERAGE WIND SPEED     1.5


SKY COVER
  POSSIBLE SUNSHINE  MM
  AVERAGE SKY COVER 0.9


WEATHER CONDITIONS
 THE FOLLOWING WEATHER WAS RECORDED YESTERDAY.
  FOG


RELATIVE HUMIDITY (PERCENT)
 HIGHEST    87           300 AM
 LOWEST     72           700 PM
 AVERAGE    80

..........................................................


THE LEXINGTON KY CLIMATE NORMALS FOR TODAY
                         NORMAL    RECORD    YEAR
 MAXIMUM TEMPERATURE (F)   69        88      1935
 MINIMUM TEMPERATURE (F)   47        26      1988


SUNRISE AND SUNSET
OCTOBER 13 2017.......SUNRISE   745 AM EDT   SUNSET   703 PM EDT
OCTOBER 14 2017.......SUNRISE   746 AM EDT   SUNSET   702 PM EDT


-  INDICATES NEGATIVE NUMBERS.
R  INDICATES RECORD WAS SET OR TIED.
MM INDICATES DATA IS MISSING.
T  INDICATES TRACE AMOUNT.

$$

SCHOETTMER
