000
CDUS43 KLMK 052139
CLILEX


CLIMATE REPORT
NATIONAL WEATHER SERVICE LOUISVILLE KY
438 PM EST THU JAN 5 2017


...................................

...THE LEXINGTON KY CLIMATE SUMMARY FOR JANUARY 5 2017...
VALID TODAY AS OF 0400 PM LOCAL TIME.

CLIMATE NORMAL PERIOD 1981 TO 2010
CLIMATE RECORD PERIOD 1872 TO 2017


WEATHER ITEM   OBSERVED TIME   RECORD YEAR NORMAL DEPARTURE LAST
                VALUE   (LST)  VALUE       VALUE  FROM      YEAR
                                                  NORMAL
..................................................................
TEMPERATURE (F)
 TODAY
  MAXIMUM         25    129 PM  66    2007  41    -16       36
                                      1997
  MINIMUM         22    718 AM  -5    1924  25     -3       16
  AVERAGE         24                        33     -9       26

PRECIPITATION (IN)
  TODAY            0.08          2.18 1950   0.10  -0.02     0.00
  MONTH TO DATE    0.76                      0.53   0.23      T
  SINCE DEC 1      6.94                      4.46   2.48     7.21
  SINCE JAN 1      0.76                      0.53   0.23      T

SNOWFALL (IN)
  TODAY           MM             2.8  1979   0.2   MM        0.0
  MONTH TO DATE    0.0                       0.6   -0.6       T
  SINCE DEC 1      0.1                       3.1   -3.0       T
  SINCE JUL 1      0.1                       3.4   -3.3       T
  SNOW DEPTH      MM

DEGREE DAYS
 HEATING
  TODAY           41                        32      9       39
  MONTH TO DATE  119                       160    -41      164
  SINCE DEC 1    976                      1061    -85      660
  SINCE JUL 1   1562                      1948   -386     1346

 COOLING
  TODAY            0                         0      0        0
  MONTH TO DATE    0                         0      0        0
  SINCE DEC 1      0                         0      0        0
  SINCE JAN 1      0                         0      0        0
..................................................................


WIND (MPH)
  HIGHEST WIND SPEED    12   HIGHEST WIND DIRECTION    NW (320)
  HIGHEST GUST SPEED    14   HIGHEST GUST DIRECTION    NW (320)
  AVERAGE WIND SPEED     4.7


SKY COVER
  POSSIBLE SUNSHINE  MM
  AVERAGE SKY COVER 0.8


WEATHER CONDITIONS
 THE FOLLOWING WEATHER WAS RECORDED TODAY.
  SNOW
  LIGHT SNOW
  FOG
  HAZE


RELATIVE HUMIDITY (PERCENT)
 HIGHEST    81          1100 AM
 LOWEST     59           300 AM
 AVERAGE    70

..........................................................


THE LEXINGTON KY CLIMATE NORMALS FOR TOMORROW
                         NORMAL    RECORD    YEAR
 MAXIMUM TEMPERATURE (F)   41        71      1946
 MINIMUM TEMPERATURE (F)   25        -6      1942
                                             1924


SUNRISE AND SUNSET
JANUARY  5 2017.......SUNRISE   755 AM EST   SUNSET   533 PM EST
JANUARY  6 2017.......SUNRISE   755 AM EST   SUNSET   534 PM EST


-  INDICATES NEGATIVE NUMBERS.
R  INDICATES RECORD WAS SET OR TIED.
MM INDICATES DATA IS MISSING.
T  INDICATES TRACE AMOUNT.




$$
