000
CDUS43 KLMK 180631
CLILEX


CLIMATE REPORT
NATIONAL WEATHER SERVICE LOUISVILLE KY
230 AM EDT MON MAY 18 2015


...................................

...THE LEXINGTON KY CLIMATE SUMMARY FOR MAY 17 2015...

CLIMATE NORMAL PERIOD 1981 TO 2010
CLIMATE RECORD PERIOD 1872 TO 2015


WEATHER ITEM   OBSERVED TIME   RECORD YEAR NORMAL DEPARTURE LAST
                VALUE   (LST)  VALUE       VALUE  FROM      YEAR
                                                  NORMAL
..................................................................
TEMPERATURE (F)
 YESTERDAY
  MAXIMUM         82    337 PM  92    1962  75      7       62
  MINIMUM         67    623 AM  38    2014  54     13       38
                                      1973
                                      1875
  AVERAGE         75                        64     11       50

PRECIPITATION (IN)
  YESTERDAY        T             2.48 1995   0.17  -0.17     0.00
  MONTH TO DATE    0.90                      2.86  -1.96     3.35
  SINCE MAR 1     19.77                     10.53   9.24    12.23
  SINCE JAN 1     24.62                     16.93   7.69    19.27

SNOWFALL (IN)
  YESTERDAY        0.0          MM      MM   0.0    0.0      0.0
  MONTH TO DATE    0.0                       0.0    0.0      0.0
  SINCE MAR 1     17.1                       1.7   15.4      7.8
  SINCE JUL 1     40.0                      13.0   27.0     27.1
  SNOW DEPTH       0

DEGREE DAYS
 HEATING
  YESTERDAY        0                         3     -3       15
  MONTH TO DATE   30                        79    -49       71
  SINCE MAR 1    939                       997    -58      993
  SINCE JUL 1   4917                      4568    349     4836

 COOLING
  YESTERDAY       10                         3      7        0
  MONTH TO DATE   87                        30     57       61
  SINCE MAR 1     99                        52     47       76
  SINCE JAN 1     99                        52     47       76
..................................................................


WIND (MPH)
  HIGHEST WIND SPEED    22   HIGHEST WIND DIRECTION     S (170)
  HIGHEST GUST SPEED    27   HIGHEST GUST DIRECTION     S (170)
  AVERAGE WIND SPEED    10.8


SKY COVER
  POSSIBLE SUNSHINE  MM
  AVERAGE SKY COVER 0.4


WEATHER CONDITIONS
 THE FOLLOWING WEATHER WAS RECORDED YESTERDAY.
  NO SIGNIFICANT WEATHER WAS OBSERVED.


RELATIVE HUMIDITY (PERCENT)
 HIGHEST    93          1200 AM
 LOWEST     67           200 PM
 AVERAGE    80

..........................................................


THE LEXINGTON KY CLIMATE NORMALS FOR TODAY
                         NORMAL    RECORD    YEAR
 MAXIMUM TEMPERATURE (F)   75        92      1962
 MINIMUM TEMPERATURE (F)   55        37      1973


SUNRISE AND SUNSET
MAY 18 2015...........SUNRISE   626 AM EDT   SUNSET   844 PM EDT
MAY 19 2015...........SUNRISE   625 AM EDT   SUNSET   845 PM EDT


-  INDICATES NEGATIVE NUMBERS.
R  INDICATES RECORD WAS SET OR TIED.
MM INDICATES DATA IS MISSING.
T  INDICATES TRACE AMOUNT.




$$
