000
CDUS43 KLMK 162131
CLILEX


CLIMATE REPORT
NATIONAL WEATHER SERVICE LOUISVILLE KY
430 PM EST THU NOV 16 2017


...................................

...THE LEXINGTON KY CLIMATE SUMMARY FOR NOVEMBER 16 2017...
VALID TODAY AS OF 0400 PM LOCAL TIME.

CLIMATE NORMAL PERIOD 1981 TO 2010
CLIMATE RECORD PERIOD 1872 TO 2017


WEATHER ITEM   OBSERVED TIME   RECORD YEAR NORMAL DEPARTURE LAST
                VALUE   (LST)  VALUE       VALUE  FROM      YEAR
                                                  NORMAL
..................................................................
TEMPERATURE (F)
 TODAY
  MAXIMUM         49    104 AM  77    1971  55     -6       66
  MINIMUM         38    359 PM  15    1940  37      1       37
  AVERAGE         44                        46     -2       52

PRECIPITATION (IN)
  TODAY            0.00          1.96 1927   0.12  -0.12     0.00
  MONTH TO DATE    1.84                      1.77   0.07     0.28
  SINCE SEP 1     11.35                      7.81   3.54     2.78
  SINCE JAN 1     46.29                     39.48   6.81    37.15

SNOWFALL (IN)
  TODAY            0.0           2.0  1920   0.0    0.0      0.0
  MONTH TO DATE    0.0                       0.1   -0.1      0.0
  SINCE SEP 1      T                         0.1   -0.1      0.0
  SINCE JUL 1      T                         0.1   -0.1      0.0
  SNOW DEPTH       0

DEGREE DAYS
 HEATING
  TODAY           21                        19      2       13
  MONTH TO DATE  239                       255    -16      203
  SINCE SEP 1    491                       579    -88      336
  SINCE JUL 1    491                       581    -90      336

 COOLING
  TODAY            0                         0      0        0
  MONTH TO DATE    6                         0      6       14
  SINCE SEP 1    209                       171     38      363
  SINCE JAN 1   1290                      1188    102     1639
..................................................................


WIND (MPH)
  HIGHEST WIND SPEED    14   HIGHEST WIND DIRECTION     W (250)
  HIGHEST GUST SPEED    18   HIGHEST GUST DIRECTION     W (260)
  AVERAGE WIND SPEED     8.1


SKY COVER
  POSSIBLE SUNSHINE  MM
  AVERAGE SKY COVER 0.7


WEATHER CONDITIONS
 THE FOLLOWING WEATHER WAS RECORDED TODAY.
  FOG


RELATIVE HUMIDITY (PERCENT)
 HIGHEST    93          1200 AM
 LOWEST     76          1000 AM
 AVERAGE    85

..........................................................


THE LEXINGTON KY CLIMATE NORMALS FOR TOMORROW
                         NORMAL    RECORD    YEAR
 MAXIMUM TEMPERATURE (F)   55        80      1958
 MINIMUM TEMPERATURE (F)   37        12      1959


SUNRISE AND SUNSET
NOVEMBER 16 2017......SUNRISE   720 AM EST   SUNSET   526 PM EST
NOVEMBER 17 2017......SUNRISE   722 AM EST   SUNSET   525 PM EST


-  INDICATES NEGATIVE NUMBERS.
R  INDICATES RECORD WAS SET OR TIED.
MM INDICATES DATA IS MISSING.
T  INDICATES TRACE AMOUNT.




$$
