000
CDUS43 KLMK 312126
CLILEX


CLIMATE REPORT
NATIONAL WEATHER SERVICE LOUISVILLE KY
426 PM EST WED JAN 31 2018


...................................

...THE LEXINGTON KY CLIMATE SUMMARY FOR JANUARY 31 2018...
VALID TODAY AS OF 0400 PM LOCAL TIME.

CLIMATE NORMAL PERIOD 1981 TO 2010
CLIMATE RECORD PERIOD 1872 TO 2018


WEATHER ITEM   OBSERVED TIME   RECORD YEAR NORMAL DEPARTURE LAST
                VALUE   (LST)  VALUE       VALUE  FROM      YEAR
                                                  NORMAL
..................................................................
TEMPERATURE (F)
 TODAY
  MAXIMUM         55    359 PM  71    2002  42     13       52
  MINIMUM         24    302 AM -10    1965  25     -1       38
  AVERAGE         40                        34      6       45

PRECIPITATION (IN)
  TODAY            0.00          2.13 1951   0.12  -0.12     0.00
  MONTH TO DATE    2.09                      3.20  -1.11     4.71
  SINCE DEC 1      4.46                      7.13  -2.67    10.89
  SINCE JAN 1      2.09                      3.20  -1.11     4.71

SNOWFALL (IN)
  TODAY            0.0           5.0  1948   0.2   -0.2      0.0
  MONTH TO DATE    6.1                       3.9    2.2      3.3
  SINCE DEC 1      6.3                       6.4   -0.1      3.4
  SINCE JUL 1      6.3                       6.7   -0.4      3.4
  SNOW DEPTH       0

DEGREE DAYS
 HEATING
  TODAY           25                        31     -6       20
  MONTH TO DATE 1045                       990     55      761
  SINCE DEC 1   1969                      1896     73     1618
  SINCE JUL 1   2749                      2783    -34     2204

 COOLING
  TODAY            0                         0      0        0
  MONTH TO DATE    0                         0      0        0
  SINCE DEC 1      0                         0      0        0
  SINCE JAN 1      0                         0      0        0
..................................................................


WIND (MPH)
  HIGHEST WIND SPEED    29   HIGHEST WIND DIRECTION     S (200)
  HIGHEST GUST SPEED    40   HIGHEST GUST DIRECTION     S (200)
  AVERAGE WIND SPEED    16.0


SKY COVER
  POSSIBLE SUNSHINE  MM
  AVERAGE SKY COVER 0.0


WEATHER CONDITIONS
 THE FOLLOWING WEATHER WAS RECORDED TODAY.
  NO SIGNIFICANT WEATHER WAS OBSERVED.


RELATIVE HUMIDITY (PERCENT)
 HIGHEST    63           400 AM
 LOWEST     27           100 PM
 AVERAGE    45

..........................................................


THE LEXINGTON KY CLIMATE NORMALS FOR TOMORROW
                         NORMAL    RECORD    YEAR
 MAXIMUM TEMPERATURE (F)   42        67      1911
 MINIMUM TEMPERATURE (F)   26        -5      1945


SUNRISE AND SUNSET
JANUARY 31 2018.......SUNRISE   744 AM EST   SUNSET   600 PM EST
FEBRUARY  1 2018......SUNRISE   743 AM EST   SUNSET   602 PM EST


-  INDICATES NEGATIVE NUMBERS.
R  INDICATES RECORD WAS SET OR TIED.
MM INDICATES DATA IS MISSING.
T  INDICATES TRACE AMOUNT.




$$
