000
CDUS43 KLMK 192126
CLILEX


CLIMATE REPORT
NATIONAL WEATHER SERVICE LOUISVILLE KY
426 PM EST WED NOV 19 2014


...................................

...THE LEXINGTON KY CLIMATE SUMMARY FOR NOVEMBER 19 2014...
VALID TODAY AS OF 0400 PM LOCAL TIME.

CLIMATE NORMAL PERIOD 1981 TO 2010
CLIMATE RECORD PERIOD 1872 TO 2014


WEATHER ITEM   OBSERVED TIME   RECORD YEAR NORMAL DEPARTURE LAST
                VALUE   (LST)  VALUE       VALUE  FROM      YEAR
                                                  NORMAL
..................................................................
TEMPERATURE (F)
 TODAY
  MAXIMUM         47    308 PM  77    1942  54     -7       46
                                      1930
  MINIMUM         11R  1220 AM  14    1951  36    -25       31
  AVERAGE         29                        45    -16       39

PRECIPITATION (IN)
  TODAY            0.00          2.32 1906   0.13  -0.13     0.00
  MONTH TO DATE    1.37                      2.15  -0.78     1.74
  SINCE SEP 1     10.19                      8.19   2.00     9.60
  SINCE JAN 1     49.92                     39.86  10.06    53.24

SNOWFALL (IN)
  TODAY            0.0           1.8  1937   0.0    0.0      0.0
  MONTH TO DATE    1.6                       0.1    1.5      0.4
  SINCE SEP 1      1.6                       0.1    1.5      0.4
  SINCE JUL 1      1.6                       0.1    1.5      0.4
  SNOW DEPTH       1

DEGREE DAYS
 HEATING
  TODAY           36                        20     16       26
  MONTH TO DATE  493                       314    179      325
  SINCE SEP 1    739                       638    101      607
  SINCE JUL 1    741                       640    101      610

 COOLING
  TODAY            0                         0      0        0
  MONTH TO DATE    0                         0      0        0
  SINCE SEP 1    193                       171     22      207
  SINCE JAN 1   1274                      1188     86     1245
..................................................................


WIND (MPH)
  HIGHEST WIND SPEED    30   HIGHEST WIND DIRECTION    SW (220)
  HIGHEST GUST SPEED    39   HIGHEST GUST DIRECTION    SW (240)
  AVERAGE WIND SPEED    15.5


SKY COVER
  POSSIBLE SUNSHINE  MM
  AVERAGE SKY COVER 0.1


WEATHER CONDITIONS
 THE FOLLOWING WEATHER WAS RECORDED TODAY.
  NO SIGNIFICANT WEATHER WAS OBSERVED.


RELATIVE HUMIDITY (PERCENT)
 HIGHEST    80           300 AM
 LOWEST     42           300 PM
 AVERAGE    61

..........................................................


THE LEXINGTON KY CLIMATE NORMALS FOR TOMORROW
                         NORMAL    RECORD    YEAR
 MAXIMUM TEMPERATURE (F)   53        78      1942
 MINIMUM TEMPERATURE (F)   36         6      1873


SUNRISE AND SUNSET
NOVEMBER 19 2014......SUNRISE   723 AM EST   SUNSET   524 PM EST
NOVEMBER 20 2014......SUNRISE   724 AM EST   SUNSET   523 PM EST


-  INDICATES NEGATIVE NUMBERS.
R  INDICATES RECORD WAS SET OR TIED.
MM INDICATES DATA IS MISSING.
T  INDICATES TRACE AMOUNT.




$$
