000
CDUS43 KLMK 190630
CLILEX


CLIMATE REPORT
NATIONAL WEATHER SERVICE LOUISVILLE KY
129 AM EST SAT NOV 19 2016


...................................

...THE LEXINGTON KY CLIMATE SUMMARY FOR NOVEMBER 18 2016...

CLIMATE NORMAL PERIOD 1981 TO 2010
CLIMATE RECORD PERIOD 1872 TO 2016


WEATHER ITEM   OBSERVED TIME   RECORD YEAR NORMAL DEPARTURE LAST
                VALUE   (LST)  VALUE       VALUE  FROM      YEAR
                                                  NORMAL
..................................................................
TEMPERATURE (F)
 YESTERDAY
  MAXIMUM         78R   255 PM  75    1985  54     24       69
                                      1930
  MINIMUM         53    608 AM  12    2014  37     16       56
                                      1959
  AVERAGE         66                        45     21       63

PRECIPITATION (IN)
  YESTERDAY        T             2.57 1957   0.13  -0.13     0.86
  MONTH TO DATE    0.28                      2.02  -1.74     1.80
  SINCE SEP 1      2.78                      8.06  -5.28     7.96
  SINCE JAN 1     37.15                     39.73  -2.58    51.25

SNOWFALL (IN)
  YESTERDAY        0.0           1.0  1889   0.0    0.0      0.0
  MONTH TO DATE    0.0                       0.1   -0.1      0.0
  SINCE SEP 1      0.0                       0.1   -0.1      0.0
  SINCE JUL 1      0.0                       0.1   -0.1      0.0
  SNOW DEPTH       0

DEGREE DAYS
 HEATING
  YESTERDAY        0                        20    -20        2
  MONTH TO DATE  207                       294    -87      214
  SINCE SEP 1    340                       618   -278      466
  SINCE JUL 1    340                       620   -280      466

 COOLING
  YESTERDAY        1                         0      1        0
  MONTH TO DATE   15                         0     15        4
  SINCE SEP 1    364                       171    193      223
  SINCE JAN 1   1640                      1188    452     1284
..................................................................


WIND (MPH)
  HIGHEST WIND SPEED    22   HIGHEST WIND DIRECTION     S (200)
  HIGHEST GUST SPEED    29   HIGHEST GUST DIRECTION    SW (210)
  AVERAGE WIND SPEED    12.4


SKY COVER
  POSSIBLE SUNSHINE  MM
  AVERAGE SKY COVER 0.0


WEATHER CONDITIONS
 THE FOLLOWING WEATHER WAS RECORDED YESTERDAY.
  NO SIGNIFICANT WEATHER WAS OBSERVED.


RELATIVE HUMIDITY (PERCENT)
 HIGHEST    64           600 AM
 LOWEST     21           300 PM
 AVERAGE    43

..........................................................


THE LEXINGTON KY CLIMATE NORMALS FOR TODAY
                         NORMAL    RECORD    YEAR
 MAXIMUM TEMPERATURE (F)   54        77      1942
                                             1930
 MINIMUM TEMPERATURE (F)   36        11      2014


SUNRISE AND SUNSET
NOVEMBER 19 2016......SUNRISE   724 AM EST   SUNSET   524 PM EST
NOVEMBER 20 2016......SUNRISE   725 AM EST   SUNSET   523 PM EST


-  INDICATES NEGATIVE NUMBERS.
R  INDICATES RECORD WAS SET OR TIED.
MM INDICATES DATA IS MISSING.
T  INDICATES TRACE AMOUNT.

$$

SCHOETTMER
