000
CDUS43 KLMK 090637
CLILEX


CLIMATE REPORT
NATIONAL WEATHER SERVICE LOUISVILLE KY
137 AM EST MON JAN 9 2017


...................................

...THE LEXINGTON KY CLIMATE SUMMARY FOR JANUARY 8 2017...

CLIMATE NORMAL PERIOD 1981 TO 2010
CLIMATE RECORD PERIOD 1872 TO 2017


WEATHER ITEM   OBSERVED TIME   RECORD YEAR NORMAL DEPARTURE LAST
                VALUE   (LST)  VALUE       VALUE  FROM      YEAR
                                                  NORMAL
..................................................................
TEMPERATURE (F)
 YESTERDAY
  MAXIMUM         22    208 PM  71    1937  41    -19       54
  MINIMUM          6    836 AM -11    1942  25    -19       43
  AVERAGE         14                        33    -19       49

PRECIPITATION (IN)
  YESTERDAY        0.00          2.08 1920   0.10  -0.10     0.25
  MONTH TO DATE    0.80                      0.84  -0.04     0.25
  SINCE DEC 1      6.98                      4.77   2.21     7.46
  SINCE JAN 1      0.80                      0.84  -0.04     0.25

SNOWFALL (IN)
  YESTERDAY        0.0           6.1  1926   0.1   -0.1      0.0
  MONTH TO DATE    2.5                       0.9    1.6       T
  SINCE DEC 1      2.6                       3.4   -0.8       T
  SINCE JUL 1      2.6                       3.7   -1.1       T
  SNOW DEPTH       1

DEGREE DAYS
 HEATING
  YESTERDAY       51                        32     19       16
  MONTH TO DATE  276                       256     20      237
  SINCE DEC 1   1133                      1157    -24      733
  SINCE JUL 1   1719                      2044   -325     1419

 COOLING
  YESTERDAY        0                         0      0        0
  MONTH TO DATE    0                         0      0        0
  SINCE DEC 1      0                         0      0        0
  SINCE JAN 1      0                         0      0        0
..................................................................


WIND (MPH)
  HIGHEST WIND SPEED     9   HIGHEST WIND DIRECTION    SE (130)
  HIGHEST GUST SPEED    12   HIGHEST GUST DIRECTION    SW (220)
  AVERAGE WIND SPEED     3.9


SKY COVER
  POSSIBLE SUNSHINE  MM
  AVERAGE SKY COVER 0.2


WEATHER CONDITIONS
 THE FOLLOWING WEATHER WAS RECORDED YESTERDAY.
  NO SIGNIFICANT WEATHER WAS OBSERVED.


RELATIVE HUMIDITY (PERCENT)
 HIGHEST    80           600 AM
 LOWEST     39           600 PM
 AVERAGE    60

..........................................................


THE LEXINGTON KY CLIMATE NORMALS FOR TODAY
                         NORMAL    RECORD    YEAR
 MAXIMUM TEMPERATURE (F)   41        70      1930
 MINIMUM TEMPERATURE (F)   25        -8      1875


SUNRISE AND SUNSET
JANUARY  9 2017.......SUNRISE   755 AM EST   SUNSET   537 PM EST
JANUARY 10 2017.......SUNRISE   754 AM EST   SUNSET   538 PM EST


-  INDICATES NEGATIVE NUMBERS.
R  INDICATES RECORD WAS SET OR TIED.
MM INDICATES DATA IS MISSING.
T  INDICATES TRACE AMOUNT.




$$
