000
CDUS43 KLMK 220645
CLILEX


CLIMATE REPORT
NATIONAL WEATHER SERVICE LOUISVILLE KY
245 AM EDT SUN MAR 22 2015


...................................

...THE LEXINGTON KY CLIMATE SUMMARY FOR MARCH 21 2015...

CLIMATE NORMAL PERIOD 1981 TO 2010
CLIMATE RECORD PERIOD 1872 TO 2015


WEATHER ITEM   OBSERVED TIME   RECORD YEAR NORMAL DEPARTURE LAST
                VALUE   (LST)  VALUE       VALUE  FROM      YEAR
                                                  NORMAL
..................................................................
TEMPERATURE (F)
 YESTERDAY
  MAXIMUM         65    533 PM  83    1907  57      8       69
  MINIMUM         39    712 AM  15    1986  37      2       40
  AVERAGE         52                        47      5       55

PRECIPITATION (IN)
  YESTERDAY        0.00          1.12 1955   0.14  -0.14     0.00
  MONTH TO DATE    7.19                      2.73   4.46     1.75
  SINCE MAR 1      7.19                      2.73   4.46     1.75
  SINCE JAN 1     12.04                      9.13   2.91     8.79

SNOWFALL (IN)
  YESTERDAY        0.0           1.2  1892   0.1   -0.1      0.0
  MONTH TO DATE   17.1                       1.1   16.0      5.5
  SINCE MAR 1     17.1                       1.1   16.0      5.5
  SINCE JUL 1     40.0                      12.4   27.6     24.8
  SNOW DEPTH       0

DEGREE DAYS
 HEATING
  YESTERDAY       13                        18     -5       10
  MONTH TO DATE  458                       443     15      493
  SINCE MAR 1    458                       443     15      493
  SINCE JUL 1   4436                      4014    422     4336

 COOLING
  YESTERDAY        0                         0      0        0
  MONTH TO DATE    0                         0      0        0
  SINCE MAR 1      0                         0      0        0
  SINCE JAN 1      0                         0      0        0
..................................................................


WIND (MPH)
  HIGHEST WIND SPEED    15   HIGHEST WIND DIRECTION    NE (30)
  HIGHEST GUST SPEED    20   HIGHEST GUST DIRECTION    NE (40)
  AVERAGE WIND SPEED     7.7


SKY COVER
  POSSIBLE SUNSHINE  MM
  AVERAGE SKY COVER 0.4


WEATHER CONDITIONS
 THE FOLLOWING WEATHER WAS RECORDED YESTERDAY.
  FOG
  HAZE


RELATIVE HUMIDITY (PERCENT)
 HIGHEST    93           800 AM
 LOWEST     44           400 PM
 AVERAGE    69

..........................................................


THE LEXINGTON KY CLIMATE NORMALS FOR TODAY
                         NORMAL    RECORD    YEAR
 MAXIMUM TEMPERATURE (F)   58        82      1907
 MINIMUM TEMPERATURE (F)   37        12      1876


SUNRISE AND SUNSET
MARCH 22 2015.........SUNRISE   739 AM EDT   SUNSET   752 PM EDT
MARCH 23 2015.........SUNRISE   738 AM EDT   SUNSET   753 PM EDT


-  INDICATES NEGATIVE NUMBERS.
R  INDICATES RECORD WAS SET OR TIED.
MM INDICATES DATA IS MISSING.
T  INDICATES TRACE AMOUNT.




$$
