000
CDUS43 KLMK 210628
CLILEX


CLIMATE REPORT
NATIONAL WEATHER SERVICE LOUISVILLE KY
228 AM EDT FRI AUG 21 2015


...................................

...THE LEXINGTON KY CLIMATE SUMMARY FOR AUGUST 20 2015...

CLIMATE NORMAL PERIOD 1981 TO 2010
CLIMATE RECORD PERIOD 1872 TO 2015


WEATHER ITEM   OBSERVED TIME   RECORD YEAR NORMAL DEPARTURE LAST
                VALUE   (LST)  VALUE       VALUE  FROM      YEAR
                                                  NORMAL
..................................................................
TEMPERATURE (F)
 YESTERDAY
  MAXIMUM         78    420 PM 104    1936  86     -8       90
  MINIMUM         60   1159 PM  52    2012  65     -5       67
  AVERAGE         69                        75     -6       79

PRECIPITATION (IN)
  YESTERDAY        0.13          1.89 1994   0.11   0.02     0.53
  MONTH TO DATE    1.51                      2.21  -0.70     8.20
  SINCE JUN 1     16.81                     11.30   5.51    17.02
  SINCE JAN 1     42.60                     30.63  11.97    38.37

SNOWFALL (IN)
  YESTERDAY        0.0          MM      MM   0.0    0.0      0.0
  MONTH TO DATE    0.0                       0.0    0.0      0.0
  SINCE JUN 1      0.0                       0.0    0.0      0.0
  SINCE JUL 1      0.0                       0.0    0.0      0.0
  SNOW DEPTH       0

DEGREE DAYS
 HEATING
  YESTERDAY        0                         0      0        0
  MONTH TO DATE    0                         0      0        0
  SINCE JUN 1     18                        11      7        2
  SINCE JUL 1      0                         0      0        2

 COOLING
  YESTERDAY        4                        10     -6       14
  MONTH TO DATE  186                       217    -31      180
  SINCE JUN 1    824                       806     18      755
  SINCE JAN 1    992                       913     79      916
..................................................................


WIND (MPH)
  HIGHEST WIND SPEED    16   HIGHEST WIND DIRECTION    SW (220)
  HIGHEST GUST SPEED    22   HIGHEST GUST DIRECTION    SW (220)
  AVERAGE WIND SPEED     7.6


SKY COVER
  POSSIBLE SUNSHINE  MM
  AVERAGE SKY COVER 0.5


WEATHER CONDITIONS
 THE FOLLOWING WEATHER WAS RECORDED YESTERDAY.
  HEAVY RAIN
  LIGHT RAIN
  FOG


RELATIVE HUMIDITY (PERCENT)
 HIGHEST    93          1200 AM
 LOWEST     47           300 PM
 AVERAGE    70

..........................................................


THE LEXINGTON KY CLIMATE NORMALS FOR TODAY
                         NORMAL    RECORD    YEAR
 MAXIMUM TEMPERATURE (F)   86       104      1936
 MINIMUM TEMPERATURE (F)   65        49      1950


SUNRISE AND SUNSET
AUGUST 21 2015........SUNRISE   658 AM EDT   SUNSET   824 PM EDT
AUGUST 22 2015........SUNRISE   659 AM EDT   SUNSET   823 PM EDT


-  INDICATES NEGATIVE NUMBERS.
R  INDICATES RECORD WAS SET OR TIED.
MM INDICATES DATA IS MISSING.
T  INDICATES TRACE AMOUNT.




$$
