000
CDUS43 KLMK 090626
CLILEX


CLIMATE REPORT
NATIONAL WEATHER SERVICE LOUISVILLE KY
126 AM EST THU MAR 9 2017


...................................

...THE LEXINGTON KY CLIMATE SUMMARY FOR MARCH 8 2017...

CLIMATE NORMAL PERIOD 1981 TO 2010
CLIMATE RECORD PERIOD 1872 TO 2017


WEATHER ITEM   OBSERVED TIME   RECORD YEAR NORMAL DEPARTURE LAST
                VALUE   (LST)  VALUE       VALUE  FROM      YEAR
                                                  NORMAL
..................................................................
TEMPERATURE (F)
 YESTERDAY
  MAXIMUM         63    410 PM  78    1974  53     10       74
  MINIMUM         38    334 AM   3    1960  34      4       53
  AVERAGE         51                        43      8       64

PRECIPITATION (IN)
  YESTERDAY        0.00          1.73 1964   0.13  -0.13     0.00
  MONTH TO DATE    1.22                      0.99   0.23     0.51
  SINCE MAR 1      1.22                      0.99   0.23     0.51
  SINCE JAN 1      9.32                      7.39   1.93     6.21

SNOWFALL (IN)
  YESTERDAY        0.0           4.0  2008   0.1   -0.1      0.0
  MONTH TO DATE    0.0                       0.5   -0.5      0.7
  SINCE MAR 1      0.0                       0.5   -0.5      0.7
  SINCE JUL 1      3.4                      11.8   -8.4     15.3
  SNOW DEPTH       0

DEGREE DAYS
 HEATING
  YESTERDAY       14                        22     -8        1
  MONTH TO DATE  135                       185    -50      174
  SINCE MAR 1    135                       185    -50      174
  SINCE JUL 1   2845                      3756   -911     3145

 COOLING
  YESTERDAY        0                         0      0        0
  MONTH TO DATE    0                         0      0        0
  SINCE MAR 1      0                         0      0        0
  SINCE JAN 1      4                         0      4        0
..................................................................


WIND (MPH)
  HIGHEST WIND SPEED    24   HIGHEST WIND DIRECTION     W (260)
  HIGHEST GUST SPEED    32   HIGHEST GUST DIRECTION     W (250)
  AVERAGE WIND SPEED    11.8


SKY COVER
  POSSIBLE SUNSHINE  MM
  AVERAGE SKY COVER 0.0


WEATHER CONDITIONS
 THE FOLLOWING WEATHER WAS RECORDED YESTERDAY.
  NO SIGNIFICANT WEATHER WAS OBSERVED.


RELATIVE HUMIDITY (PERCENT)
 HIGHEST    70          1200 AM
 LOWEST     16           300 PM
 AVERAGE    43

..........................................................


THE LEXINGTON KY CLIMATE NORMALS FOR TODAY
                         NORMAL    RECORD    YEAR
 MAXIMUM TEMPERATURE (F)   53        78      1925
 MINIMUM TEMPERATURE (F)   34         5      1932


SUNRISE AND SUNSET
MARCH  9 2017.........SUNRISE   658 AM EST   SUNSET   640 PM EST
MARCH 10 2017.........SUNRISE   657 AM EST   SUNSET   641 PM EST


-  INDICATES NEGATIVE NUMBERS.
R  INDICATES RECORD WAS SET OR TIED.
MM INDICATES DATA IS MISSING.
T  INDICATES TRACE AMOUNT.




$$
