000
CDUS43 KLMK 100632
CLILEX


CLIMATE REPORT
NATIONAL WEATHER SERVICE LOUISVILLE KY
231 AM EDT SUN AUG 10 2014


...................................

...THE LEXINGTON KY CLIMATE SUMMARY FOR AUGUST 9 2014...

CLIMATE NORMAL PERIOD 1981 TO 2010
CLIMATE RECORD PERIOD 1872 TO 2014


WEATHER ITEM   OBSERVED TIME   RECORD YEAR NORMAL DEPARTURE LAST
                VALUE   (LST)  VALUE       VALUE  FROM      YEAR
                                                  NORMAL
..................................................................
TEMPERATURE (F)
 YESTERDAY
  MAXIMUM         79    540 PM  99    1930  86     -7       84
  MINIMUM         71   1155 PM  51    1989  66      5       72
  AVERAGE         75                        76     -1       78

PRECIPITATION (IN)
  YESTERDAY        0.96          1.34 1898   0.11   0.85     0.48
  MONTH TO DATE    1.13                      1.05   0.08     1.64
  SINCE JUN 1      9.95                     10.14  -0.19    18.28
  SINCE JAN 1     31.30                     29.47   1.83    40.14

SNOWFALL (IN)
  YESTERDAY        0.0          MM      MM   0.0    0.0      0.0
  MONTH TO DATE    0.0                       0.0    0.0      0.0
  SINCE JUN 1      0.0                       0.0    0.0      0.0
  SINCE JUL 1      0.0                       0.0    0.0      0.0
  SNOW DEPTH       0

DEGREE DAYS
 HEATING
  YESTERDAY        0                         0      0        0
  MONTH TO DATE    0                         0      0        0
  SINCE JUN 1      2                        11     -9        0
  SINCE JUL 1      2                         0      2        0

 COOLING
  YESTERDAY       10                        11     -1       13
  MONTH TO DATE   78                        99    -21       89
  SINCE JUN 1    653                       688    -35      659
  SINCE JAN 1    814                       795     19      812
..................................................................


WIND (MPH)
  HIGHEST WIND SPEED    14   HIGHEST WIND DIRECTION    NE (60)
  HIGHEST GUST SPEED    15   HIGHEST GUST DIRECTION     E (70)
  AVERAGE WIND SPEED     5.4


SKY COVER
  POSSIBLE SUNSHINE  MM
  AVERAGE SKY COVER 0.8


WEATHER CONDITIONS
 THE FOLLOWING WEATHER WAS RECORDED YESTERDAY.
  HEAVY RAIN
  RAIN
  LIGHT RAIN
  FOG


RELATIVE HUMIDITY (PERCENT)
 HIGHEST    94           400 PM
 LOWEST     79          1200 PM
 AVERAGE    87

..........................................................


THE LEXINGTON KY CLIMATE NORMALS FOR TODAY
                         NORMAL    RECORD    YEAR
 MAXIMUM TEMPERATURE (F)   86        99      1911
 MINIMUM TEMPERATURE (F)   66        52      1972


SUNRISE AND SUNSET
AUGUST 10 2014........SUNRISE   649 AM EDT   SUNSET   838 PM EDT
AUGUST 11 2014........SUNRISE   650 AM EDT   SUNSET   837 PM EDT


-  INDICATES NEGATIVE NUMBERS.
R  INDICATES RECORD WAS SET OR TIED.
MM INDICATES DATA IS MISSING.
T  INDICATES TRACE AMOUNT.




$$
