000
CDUS43 KLMK 080634
CLILEX


CLIMATE REPORT
NATIONAL WEATHER SERVICE LOUISVILLE KY
234 AM EDT TUE APR 8 2014


...................................

...THE LEXINGTON KY CLIMATE SUMMARY FOR APRIL 7 2014...

CLIMATE NORMAL PERIOD 1981 TO 2010
CLIMATE RECORD PERIOD 1872 TO 2014


WEATHER ITEM   OBSERVED TIME   RECORD YEAR NORMAL DEPARTURE LAST
                VALUE   (LST)  VALUE       VALUE  FROM      YEAR
                                                  NORMAL
..................................................................
TEMPERATURE (F)
 YESTERDAY
  MAXIMUM         65    547 PM  84    2001  63      2       71
                                      1893
  MINIMUM         46   1159 PM  18    1982  42      4       55
  AVERAGE         56                        53      3       63

PRECIPITATION (IN)
  YESTERDAY        0.16          1.84 1935   0.11   0.05     0.00
  MONTH TO DATE    1.54                      0.78   0.76     0.00
  SINCE MAR 1      4.43                      4.85  -0.42     5.35
  SINCE JAN 1     11.47                     11.25   0.22    11.33

SNOWFALL (IN)
  YESTERDAY        0.0           0.5  1916   0.0    0.0      0.0
  MONTH TO DATE    0.0                       0.1   -0.1      0.0
  SINCE MAR 1      7.5                       1.5    6.0      4.0
  SINCE JUL 1     26.8                      12.8   14.0     12.5
  SNOW DEPTH       0

DEGREE DAYS
 HEATING
  YESTERDAY        9                        13     -4        2
  MONTH TO DATE   56                        96    -40      120
  SINCE MAR 1    772                       701     71      903
  SINCE JUL 1   4615                      4272    343     4411

 COOLING
  YESTERDAY        0                         0      0        0
  MONTH TO DATE    2                         0      2        0
  SINCE MAR 1      2                         2      0        0
  SINCE JAN 1      2                         2      0        0
..................................................................


WIND (MPH)
  HIGHEST WIND SPEED    35   HIGHEST WIND DIRECTION    SW (240)
  HIGHEST GUST SPEED    50   HIGHEST GUST DIRECTION    SW (240)
  AVERAGE WIND SPEED    15.3


SKY COVER
  POSSIBLE SUNSHINE  MM
  AVERAGE SKY COVER 0.8


WEATHER CONDITIONS
 THE FOLLOWING WEATHER WAS RECORDED YESTERDAY.
  RAIN
  LIGHT RAIN
  FOG


RELATIVE HUMIDITY (PERCENT)
 HIGHEST    96           700 AM
 LOWEST     47          1200 AM
 AVERAGE    72

..........................................................


THE LEXINGTON KY CLIMATE NORMALS FOR TODAY
                         NORMAL    RECORD    YEAR
 MAXIMUM TEMPERATURE (F)   64        83      2001
 MINIMUM TEMPERATURE (F)   42        21      1936


SUNRISE AND SUNSET
APRIL  8 2014.........SUNRISE   713 AM EDT   SUNSET   808 PM EDT
APRIL  9 2014.........SUNRISE   712 AM EDT   SUNSET   809 PM EDT


-  INDICATES NEGATIVE NUMBERS.
R  INDICATES RECORD WAS SET OR TIED.
MM INDICATES DATA IS MISSING.
T  INDICATES TRACE AMOUNT.




$$
