000
CDUS43 KLMK 070634
CLILEX


CLIMATE REPORT
NATIONAL WEATHER SERVICE LOUISVILLE KY
132 AM EST SUN DEC 7 2014


...................................

...THE LEXINGTON KY CLIMATE SUMMARY FOR DECEMBER 6 2014...

CLIMATE NORMAL PERIOD 1981 TO 2010
CLIMATE RECORD PERIOD 1872 TO 2014


WEATHER ITEM   OBSERVED TIME   RECORD YEAR NORMAL DEPARTURE LAST
                VALUE   (LST)  VALUE       VALUE  FROM      YEAR
                                                  NORMAL
..................................................................
TEMPERATURE (F)
 YESTERDAY
  MAXIMUM         57    542 AM  72    1998  46     11       36
  MINIMUM         38   1159 PM   2    1977  30      8       29
  AVERAGE         48                        38     10       33

PRECIPITATION (IN)
  YESTERDAY        0.98          3.63 1919   0.13   0.85     0.92
  MONTH TO DATE    2.59                      0.77   1.82     2.08
  SINCE DEC 1      2.59                      0.77   1.82     2.08
  SINCE JAN 1     53.50                     42.01  11.49    56.03

SNOWFALL (IN)
  YESTERDAY        0.0           9.5  1910   0.1   -0.1      0.2
  MONTH TO DATE    0.0                       0.3   -0.3      0.2
  SINCE DEC 1      0.0                       0.3   -0.3      0.2
  SINCE JUL 1      1.6                       0.6    1.0      1.6
  SNOW DEPTH       0

DEGREE DAYS
 HEATING
  YESTERDAY       17                        27    -10       32
  MONTH TO DATE  134                       155    -21      107
  SINCE DEC 1    134                       155    -21      107
  SINCE JUL 1   1141                      1042     99     1034

 COOLING
  YESTERDAY        0                         0      0        0
  MONTH TO DATE    0                         0      0        0
  SINCE DEC 1      0                         0      0        0
  SINCE JAN 1   1274                      1190     84     1245
..................................................................


WIND (MPH)
  HIGHEST WIND SPEED    23   HIGHEST WIND DIRECTION     N (350)
  HIGHEST GUST SPEED    30   HIGHEST GUST DIRECTION    NW (330)
  AVERAGE WIND SPEED    13.6


SKY COVER
  POSSIBLE SUNSHINE  MM
  AVERAGE SKY COVER 1.0


WEATHER CONDITIONS
 THE FOLLOWING WEATHER WAS RECORDED YESTERDAY.
  HEAVY RAIN
  RAIN
  LIGHT RAIN
  FOG


RELATIVE HUMIDITY (PERCENT)
 HIGHEST   100           400 AM
 LOWEST     79           800 PM
 AVERAGE    90

..........................................................


THE LEXINGTON KY CLIMATE NORMALS FOR TODAY
                         NORMAL    RECORD    YEAR
 MAXIMUM TEMPERATURE (F)   46        68      1998
                                             1980
                                             1951
 MINIMUM TEMPERATURE (F)   30        -1      1977


SUNRISE AND SUNSET
DECEMBER  7 2014......SUNRISE   741 AM EST   SUNSET   519 PM EST
DECEMBER  8 2014......SUNRISE   742 AM EST   SUNSET   519 PM EST


-  INDICATES NEGATIVE NUMBERS.
R  INDICATES RECORD WAS SET OR TIED.
MM INDICATES DATA IS MISSING.
T  INDICATES TRACE AMOUNT.




$$
