129
CDUS43 KLMK 252036
CLILEX


CLIMATE REPORT
NATIONAL WEATHER SERVICE LOUISVILLE KY
432 PM EDT MON APR 25 2016


...................................

...THE LEXINGTON KY CLIMATE SUMMARY FOR APRIL 25 2016...
VALID TODAY AS OF 0400 PM LOCAL TIME.

CLIMATE NORMAL PERIOD 1981 TO 2010
CLIMATE RECORD PERIOD 1872 TO 2016


WEATHER ITEM   OBSERVED TIME   RECORD YEAR NORMAL DEPARTURE LAST
                VALUE   (LST)  VALUE       VALUE  FROM      YEAR
                                                  NORMAL
..................................................................
TEMPERATURE (F)
 TODAY
  MAXIMUM         82    313 PM  88    1915  69     13       61
  MINIMUM         56    327 AM  27    1919  48      8       45
  AVERAGE         69                        58     11       53

PRECIPITATION (IN)
  TODAY            0.00          1.09 1975   0.14  -0.14     0.62
  MONTH TO DATE    1.30                      2.93  -1.63    11.23
  SINCE MAR 1      4.09                      7.00  -2.91    18.69
  SINCE JAN 1      9.79                     13.40  -3.61    23.54

SNOWFALL (IN)
  TODAY            0.0           0.0    MM   0.0    0.0      0.0
  MONTH TO DATE    T                         0.3   -0.3      0.0
  SINCE MAR 1      0.7                       1.7   -1.0     17.1
  SINCE JUL 1     15.3                      13.0    2.3     40.0
  SNOW DEPTH       0

DEGREE DAYS
 HEATING
  TODAY            0                         8     -8       12
  MONTH TO DATE  254                       278    -24      195
  SINCE MAR 1    648                       883   -235      844
  SINCE JUL 1   3619                      4454   -835     4822

 COOLING
  TODAY            4                         1      3        0
  MONTH TO DATE   14                        16     -2       12
  SINCE MAR 1     17                        18     -1       12
  SINCE JAN 1     17                        18     -1       12
..................................................................


WIND (MPH)
  HIGHEST WIND SPEED    21   HIGHEST WIND DIRECTION    SW (220)
  HIGHEST GUST SPEED    27   HIGHEST GUST DIRECTION    SW (210)
  AVERAGE WIND SPEED     9.9


SKY COVER
  POSSIBLE SUNSHINE  MM
  AVERAGE SKY COVER 0.2


WEATHER CONDITIONS
 THE FOLLOWING WEATHER WAS RECORDED TODAY.
  NO SIGNIFICANT WEATHER WAS OBSERVED.


RELATIVE HUMIDITY (PERCENT)
 HIGHEST    72           600 AM
 LOWEST     33           300 PM
 AVERAGE    53

..........................................................


THE LEXINGTON KY CLIMATE NORMALS FOR TOMORROW
                         NORMAL    RECORD    YEAR
 MAXIMUM TEMPERATURE (F)   69        88      1938
                                             1935
 MINIMUM TEMPERATURE (F)   48        30      1919


SUNRISE AND SUNSET
APRIL 25 2016.........SUNRISE   649 AM EDT   SUNSET   824 PM EDT
APRIL 26 2016.........SUNRISE   648 AM EDT   SUNSET   825 PM EDT


-  INDICATES NEGATIVE NUMBERS.
R  INDICATES RECORD WAS SET OR TIED.
MM INDICATES DATA IS MISSING.
T  INDICATES TRACE AMOUNT.




$$
