000
CDUS43 KLMK 130626
CLILEX


CLIMATE REPORT
NATIONAL WEATHER SERVICE LOUISVILLE KY
226 AM EDT TUE SEP 13 2016


...................................

...THE LEXINGTON KY CLIMATE SUMMARY FOR SEPTEMBER 12 2016...

CLIMATE NORMAL PERIOD 1981 TO 2010
CLIMATE RECORD PERIOD 1872 TO 2016


WEATHER ITEM   OBSERVED TIME   RECORD YEAR NORMAL DEPARTURE LAST
                VALUE   (LST)  VALUE       VALUE  FROM      YEAR
                                                  NORMAL
..................................................................
TEMPERATURE (F)
 YESTERDAY
  MAXIMUM         86    258 PM  97    1939  80      6       70
  MINIMUM         55    617 AM  41    1940  59     -4       54
  AVERAGE         71                        70      1       62

PRECIPITATION (IN)
  YESTERDAY        0.00          2.31 1920   0.11  -0.11     0.01
  MONTH TO DATE    0.22                      1.17  -0.95     0.98
  SINCE SEP 1      0.22                      1.17  -0.95     0.98
  SINCE JAN 1     34.59                     32.84   1.75    44.27

SNOWFALL (IN)
  YESTERDAY        0.0          MM      MM   0.0    0.0      0.0
  MONTH TO DATE    0.0                       0.0    0.0      0.0
  SINCE SEP 1      0.0                       0.0    0.0      0.0
  SINCE JUL 1      0.0                       0.0    0.0      0.0
  SNOW DEPTH       0

DEGREE DAYS
 HEATING
  YESTERDAY        0                         1     -1        3
  MONTH TO DATE    0                         4     -4        3
  SINCE SEP 1      0                         4     -4        3
  SINCE JUL 1      0                         6     -6        3

 COOLING
  YESTERDAY        6                         5      1        0
  MONTH TO DATE  121                        83     38      142
  SINCE SEP 1    121                        83     38      142
  SINCE JAN 1   1397                      1100    297     1203
..................................................................


WIND (MPH)
  HIGHEST WIND SPEED    10   HIGHEST WIND DIRECTION    SE (130)
  HIGHEST GUST SPEED    14   HIGHEST GUST DIRECTION    SE (130)
  AVERAGE WIND SPEED     4.1


SKY COVER
  POSSIBLE SUNSHINE  MM
  AVERAGE SKY COVER 0.0


WEATHER CONDITIONS
 THE FOLLOWING WEATHER WAS RECORDED YESTERDAY.
  NO SIGNIFICANT WEATHER WAS OBSERVED.


RELATIVE HUMIDITY (PERCENT)
 HIGHEST    80           500 AM
 LOWEST     24           500 PM
 AVERAGE    52

..........................................................


THE LEXINGTON KY CLIMATE NORMALS FOR TODAY
                         NORMAL    RECORD    YEAR
 MAXIMUM TEMPERATURE (F)   80        99      1939
 MINIMUM TEMPERATURE (F)   59        40      1902


SUNRISE AND SUNSET
SEPTEMBER 13 2016.....SUNRISE   719 AM EDT   SUNSET   749 PM EDT
SEPTEMBER 14 2016.....SUNRISE   720 AM EDT   SUNSET   747 PM EDT


-  INDICATES NEGATIVE NUMBERS.
R  INDICATES RECORD WAS SET OR TIED.
MM INDICATES DATA IS MISSING.
T  INDICATES TRACE AMOUNT.




$$
