000
CDUS43 KLMK 010631
CLILEX


CLIMATE REPORT
NATIONAL WEATHER SERVICE LOUISVILLE KY
131 AM EST SUN JAN 1 2017


...................................

...THE LEXINGTON KY CLIMATE SUMMARY FOR DECEMBER 31 2016...

CLIMATE NORMAL PERIOD 1981 TO 2010
CLIMATE RECORD PERIOD 1872 TO 2016


WEATHER ITEM   OBSERVED TIME   RECORD YEAR NORMAL DEPARTURE LAST
                VALUE   (LST)  VALUE       VALUE  FROM      YEAR
                                                  NORMAL
..................................................................
TEMPERATURE (F)
 YESTERDAY
  MAXIMUM         42    405 PM  72    1951  41      1       39
  MINIMUM         31    255 AM  -1    1899  25      6       31
  AVERAGE         37                        33      4       35

PRECIPITATION (IN)
  YESTERDAY        0.04          2.26 1918   0.11  -0.07      T
  MONTH TO DATE    6.18                      3.93   2.25     7.21
  SINCE DEC 1      6.18                      3.93   2.25     7.21
  SINCE JAN 1     44.39                     45.17  -0.78    59.89

SNOWFALL (IN)
  YESTERDAY        0.0           7.8  1967   0.1   -0.1       T
  MONTH TO DATE    0.1                       2.5   -2.4       T
  SINCE DEC 1      0.1                       2.5   -2.4       T
  SINCE JUL 1      0.1                       2.8   -2.7       T
  SNOW DEPTH       0

DEGREE DAYS
 HEATING
  YESTERDAY       28                        32     -4       30
  MONTH TO DATE  857                       900    -43      496
  SINCE DEC 1    857                       901    -44      496
  SINCE JUL 1   1443                      1788   -345     1182

 COOLING
  YESTERDAY        0                         0      0        0
  MONTH TO DATE    0                         0      0        0
  SINCE DEC 1      0                         0      0        0
  SINCE JAN 1   1640                      1190    450     1284
..................................................................


WIND (MPH)
  HIGHEST WIND SPEED    29   HIGHEST WIND DIRECTION    SW (210)
  HIGHEST GUST SPEED    39   HIGHEST GUST DIRECTION    SW (220)
  AVERAGE WIND SPEED    13.7


SKY COVER
  POSSIBLE SUNSHINE  MM
  AVERAGE SKY COVER 0.7


WEATHER CONDITIONS
 THE FOLLOWING WEATHER WAS RECORDED YESTERDAY.
  LIGHT RAIN
  FOG


RELATIVE HUMIDITY (PERCENT)
 HIGHEST    86           900 PM
 LOWEST     40           900 AM
 AVERAGE    63

..........................................................


THE LEXINGTON KY CLIMATE NORMALS FOR TODAY
                         NORMAL    RECORD    YEAR
 MAXIMUM TEMPERATURE (F)   41        71      1952
 MINIMUM TEMPERATURE (F)   25        -3      1928


SUNRISE AND SUNSET
JANUARY  1 2017.......SUNRISE   755 AM EST   SUNSET   530 PM EST
JANUARY  2 2017.......SUNRISE   755 AM EST   SUNSET   531 PM EST


-  INDICATES NEGATIVE NUMBERS.
R  INDICATES RECORD WAS SET OR TIED.
MM INDICATES DATA IS MISSING.
T  INDICATES TRACE AMOUNT.




$$
