000
CDUS43 KLMK 122030
CLILEX


CLIMATE REPORT
NATIONAL WEATHER SERVICE LOUISVILLE KY
429 PM EDT FRI SEP 12 2014


...................................

...THE LEXINGTON KY CLIMATE SUMMARY FOR SEPTEMBER 12 2014...
VALID TODAY AS OF 0400 PM LOCAL TIME.

CLIMATE NORMAL PERIOD 1981 TO 2010
CLIMATE RECORD PERIOD 1872 TO 2014


WEATHER ITEM   OBSERVED TIME   RECORD YEAR NORMAL DEPARTURE LAST
                VALUE   (LST)  VALUE       VALUE  FROM      YEAR
                                                  NORMAL
..................................................................
TEMPERATURE (F)
 TODAY
  MAXIMUM         68    237 PM  97    1939  80    -12       84
  MINIMUM         60    725 AM  41    1940  59      1       66
  AVERAGE         64                        70     -6       75

PRECIPITATION (IN)
  TODAY            0.00          2.31 1920   0.11  -0.11     0.14
  MONTH TO DATE    4.21                      1.17   3.04     0.14
  SINCE SEP 1      4.21                      1.17   3.04     0.14
  SINCE JAN 1     43.94                     32.84  11.10    43.78

SNOWFALL (IN)
  TODAY            0.0          MM      MM   0.0    0.0      0.0
  MONTH TO DATE    0.0                       0.0    0.0      0.0
  SINCE SEP 1      0.0                       0.0    0.0      0.0
  SINCE JUL 1      0.0                       0.0    0.0      0.0
  SNOW DEPTH       0

DEGREE DAYS
 HEATING
  TODAY            1                         1      0        0
  MONTH TO DATE    1                         4     -3        0
  SINCE SEP 1      1                         4     -3        0
  SINCE JUL 1      3                         6     -3        3

 COOLING
  TODAY            0                         5     -5       10
  MONTH TO DATE  121                        83     38      121
  SINCE SEP 1    121                        83     38      121
  SINCE JAN 1   1202                      1100    102     1159
..................................................................


WIND (MPH)
  HIGHEST WIND SPEED    18   HIGHEST WIND DIRECTION    NE (60)
  HIGHEST GUST SPEED    23   HIGHEST GUST DIRECTION     E (70)
  AVERAGE WIND SPEED    10.4


SKY COVER
  POSSIBLE SUNSHINE  MM
  AVERAGE SKY COVER 0.8


WEATHER CONDITIONS
 THE FOLLOWING WEATHER WAS RECORDED TODAY.
  NO SIGNIFICANT WEATHER WAS OBSERVED.


RELATIVE HUMIDITY (PERCENT)
 HIGHEST    84          1200 AM
 LOWEST     68          1100 AM
 AVERAGE    76

..........................................................


THE LEXINGTON KY CLIMATE NORMALS FOR TOMORROW
                         NORMAL    RECORD    YEAR
 MAXIMUM TEMPERATURE (F)   80        99      1939
 MINIMUM TEMPERATURE (F)   59        40      1902


SUNRISE AND SUNSET
SEPTEMBER 12 2014.....SUNRISE   718 AM EDT   SUNSET   751 PM EDT
SEPTEMBER 13 2014.....SUNRISE   718 AM EDT   SUNSET   749 PM EDT


-  INDICATES NEGATIVE NUMBERS.
R  INDICATES RECORD WAS SET OR TIED.
MM INDICATES DATA IS MISSING.
T  INDICATES TRACE AMOUNT.




$$
