000
CDUS43 KLMK 142029
CLILEX


CLIMATE REPORT
NATIONAL WEATHER SERVICE LOUISVILLE KY
429 PM EDT SAT OCT 14 2017


...................................

...THE LEXINGTON KY CLIMATE SUMMARY FOR OCTOBER 14 2017...
VALID TODAY AS OF 0400 PM LOCAL TIME.

CLIMATE NORMAL PERIOD 1981 TO 2010
CLIMATE RECORD PERIOD 1872 TO 2017


WEATHER ITEM   OBSERVED TIME   RECORD YEAR NORMAL DEPARTURE LAST
                VALUE   (LST)  VALUE       VALUE  FROM      YEAR
                                                  NORMAL
..................................................................
TEMPERATURE (F)
 TODAY
  MAXIMUM         81    259 PM  86    1897  68     13       68
  MINIMUM         52    525 AM  29    1979  47      5       46
                                      1937
  AVERAGE         67                        58      9       57

PRECIPITATION (IN)
  TODAY            0.00          2.13 1919   0.10  -0.10      T
  MONTH TO DATE    4.07                      1.36   2.71     0.14
  SINCE SEP 1      7.81                      4.27   3.54     1.81
  SINCE JAN 1     42.75                     35.94   6.81    36.18

SNOWFALL (IN)
  TODAY            0.0           0.0    MM   0.0    0.0      0.0
  MONTH TO DATE    0.0                       0.0    0.0      0.0
  SINCE SEP 1      0.0                       0.0    0.0      0.0
  SINCE JUL 1      0.0                       0.0    0.0      0.0
  SNOW DEPTH       0

DEGREE DAYS
 HEATING
  TODAY            0                         8     -8        8
  MONTH TO DATE   10                        91    -81       36
  SINCE SEP 1     45                       143    -98       53
  SINCE JUL 1     45                       145   -100       53

 COOLING
  TODAY            2                         1      1        0
  MONTH TO DATE   56                        18     38       26
  SINCE SEP 1    200                       164     36      297
  SINCE JAN 1   1281                      1181    100     1573
..................................................................


WIND (MPH)
  HIGHEST WIND SPEED    18   HIGHEST WIND DIRECTION     S (190)
  HIGHEST GUST SPEED    24   HIGHEST GUST DIRECTION     S (200)
  AVERAGE WIND SPEED     7.6


SKY COVER
  POSSIBLE SUNSHINE  MM
  AVERAGE SKY COVER 0.0


WEATHER CONDITIONS
 THE FOLLOWING WEATHER WAS RECORDED TODAY.
  FOG


RELATIVE HUMIDITY (PERCENT)
 HIGHEST    93           700 AM
 LOWEST     58           300 PM
 AVERAGE    76

..........................................................


THE LEXINGTON KY CLIMATE NORMALS FOR TOMORROW
                         NORMAL    RECORD    YEAR
 MAXIMUM TEMPERATURE (F)   68        88      1897
 MINIMUM TEMPERATURE (F)   47        27      1937


SUNRISE AND SUNSET
OCTOBER 14 2017.......SUNRISE   746 AM EDT   SUNSET   702 PM EDT
OCTOBER 15 2017.......SUNRISE   747 AM EDT   SUNSET   700 PM EDT


-  INDICATES NEGATIVE NUMBERS.
R  INDICATES RECORD WAS SET OR TIED.
MM INDICATES DATA IS MISSING.
T  INDICATES TRACE AMOUNT.




$$
