000
CDUS43 KLMK 052029
CLILEX


CLIMATE REPORT
NATIONAL WEATHER SERVICE LOUISVILLE KY
429 PM EDT SAT APR 5 2014


...................................

...THE LEXINGTON KY CLIMATE SUMMARY FOR APRIL 5 2014...
VALID TODAY AS OF 0400 PM LOCAL TIME.

CLIMATE NORMAL PERIOD 1981 TO 2010
CLIMATE RECORD PERIOD 1872 TO 2014


WEATHER ITEM   OBSERVED TIME   RECORD YEAR NORMAL DEPARTURE LAST
                VALUE   (LST)  VALUE       VALUE  FROM      YEAR
                                                  NORMAL
..................................................................
TEMPERATURE (F)
 TODAY
  MAXIMUM         52    259 PM  88    1934  63    -11       66
  MINIMUM         39    756 AM  20    1944  41     -2       32
  AVERAGE         46                        52     -6       49

PRECIPITATION (IN)
  TODAY            0.00          2.15 1936   0.11  -0.11     0.00
  MONTH TO DATE    1.38                      0.56   0.82     0.00
  SINCE MAR 1      4.27                      4.63  -0.36     5.35
  SINCE JAN 1     11.31                     11.03   0.28    11.33

SNOWFALL (IN)
  TODAY            0.0           3.0  1898   0.0    0.0      0.0
  MONTH TO DATE    0.0                       0.1   -0.1      0.0
  SINCE MAR 1      7.5                       1.5    6.0      4.0
  SINCE JUL 1     26.8                      12.8   14.0     12.5
  SNOW DEPTH       0

DEGREE DAYS
 HEATING
  TODAY           19                        13      6       16
  MONTH TO DATE   33                        70    -37      109
  SINCE MAR 1    749                       675     74      892
  SINCE JUL 1   4592                      4246    346     4400

 COOLING
  TODAY            0                         0      0        0
  MONTH TO DATE    2                         0      2        0
  SINCE MAR 1      2                         2      0        0
  SINCE JAN 1      2                         2      0        0
..................................................................


WIND (MPH)
  HIGHEST WIND SPEED    18   HIGHEST WIND DIRECTION    NW (310)
  HIGHEST GUST SPEED    24   HIGHEST GUST DIRECTION     W (290)
  AVERAGE WIND SPEED     8.1


SKY COVER
  POSSIBLE SUNSHINE  MM
  AVERAGE SKY COVER 0.8


WEATHER CONDITIONS
 THE FOLLOWING WEATHER WAS RECORDED TODAY.
  NO SIGNIFICANT WEATHER WAS OBSERVED.


RELATIVE HUMIDITY (PERCENT)
 HIGHEST    64           700 AM
 LOWEST     46           200 PM
 AVERAGE    55

..........................................................


THE LEXINGTON KY CLIMATE NORMALS FOR TOMORROW
                         NORMAL    RECORD    YEAR
 MAXIMUM TEMPERATURE (F)   63        85      2010
 MINIMUM TEMPERATURE (F)   42        23      1898


SUNRISE AND SUNSET
APRIL  5 2014.........SUNRISE   718 AM EDT   SUNSET   805 PM EDT
APRIL  6 2014.........SUNRISE   716 AM EDT   SUNSET   806 PM EDT


-  INDICATES NEGATIVE NUMBERS.
R  INDICATES RECORD WAS SET OR TIED.
MM INDICATES DATA IS MISSING.
T  INDICATES TRACE AMOUNT.




$$
