538
CDUS43 KLMK 160626
CLILEX


CLIMATE REPORT
NATIONAL WEATHER SERVICE LOUISVILLE KY
225 AM EDT MON MAY 16 2016


...................................

...THE LEXINGTON KY CLIMATE SUMMARY FOR MAY 15 2016...

CLIMATE NORMAL PERIOD 1981 TO 2010
CLIMATE RECORD PERIOD 1872 TO 2016


WEATHER ITEM   OBSERVED TIME   RECORD YEAR NORMAL DEPARTURE LAST
                VALUE   (LST)  VALUE       VALUE  FROM      YEAR
                                                  NORMAL
..................................................................
TEMPERATURE (F)
 YESTERDAY
  MAXIMUM         62    550 PM  89    1962  74    -12       84
  MINIMUM         41    550 AM  34    1888  54    -13       64
  AVERAGE         52                        64    -12       74

PRECIPITATION (IN)
  YESTERDAY        0.00          1.99 1983   0.17  -0.17      T
  MONTH TO DATE    3.74                      2.52   1.22     0.22
  SINCE MAR 1      9.84                     10.19  -0.35    19.09
  SINCE JAN 1     15.54                     16.59  -1.05    23.94

SNOWFALL (IN)
  YESTERDAY        0.0          MM      MM   0.0    0.0      0.0
  MONTH TO DATE    0.0                       0.0    0.0      0.0
  SINCE MAR 1      0.7                       1.7   -1.0     17.1
  SINCE JUL 1     15.3                      13.0    2.3     40.0
  SNOW DEPTH       0

DEGREE DAYS
 HEATING
  YESTERDAY       13                         4      9        0
  MONTH TO DATE   76                        72      4       30
  SINCE MAR 1    732                       990   -258      939
  SINCE JUL 1   3703                      4561   -858     4917

 COOLING
  YESTERDAY        0                         3     -3        9
  MONTH TO DATE   21                        24     -3       72
  SINCE MAR 1     49                        46      3       84
  SINCE JAN 1     49                        46      3       84
..................................................................


WIND (MPH)
  HIGHEST WIND SPEED    21   HIGHEST WIND DIRECTION     W (280)
  HIGHEST GUST SPEED    27   HIGHEST GUST DIRECTION     W (280)
  AVERAGE WIND SPEED     9.2


SKY COVER
  POSSIBLE SUNSHINE  MM
  AVERAGE SKY COVER 0.4


WEATHER CONDITIONS
 THE FOLLOWING WEATHER WAS RECORDED YESTERDAY.
  NO SIGNIFICANT WEATHER WAS OBSERVED.


RELATIVE HUMIDITY (PERCENT)
 HIGHEST    82           400 AM
 LOWEST     33           200 PM
 AVERAGE    58

..........................................................


THE LEXINGTON KY CLIMATE NORMALS FOR TODAY
                         NORMAL    RECORD    YEAR
 MAXIMUM TEMPERATURE (F)   74        91      1962
                                             1900
 MINIMUM TEMPERATURE (F)   54        33      1997


SUNRISE AND SUNSET
MAY 16 2016...........SUNRISE   627 AM EDT   SUNSET   843 PM EDT
MAY 17 2016...........SUNRISE   626 AM EDT   SUNSET   844 PM EDT


-  INDICATES NEGATIVE NUMBERS.
R  INDICATES RECORD WAS SET OR TIED.
MM INDICATES DATA IS MISSING.
T  INDICATES TRACE AMOUNT.




$$
