000
CDUS43 KLMK 282140
CLILEX


CLIMATE REPORT
NATIONAL WEATHER SERVICE LOUISVILLE KY
430 PM EST SUN DEC 28 2014


...................................

...THE LEXINGTON KY CLIMATE SUMMARY FOR DECEMBER 28 2014...
VALID TODAY AS OF 0400 PM LOCAL TIME.

CLIMATE NORMAL PERIOD 1981 TO 2010
CLIMATE RECORD PERIOD 1872 TO 2014


WEATHER ITEM   OBSERVED TIME   RECORD YEAR NORMAL DEPARTURE LAST
                VALUE   (LST)  VALUE       VALUE  FROM      YEAR
                                                  NORMAL
..................................................................
TEMPERATURE (F)
 TODAY
  MAXIMUM         47    525 AM  67    1984  41      6       50
  MINIMUM         36    359 PM   0    1925  26     10       31
  AVERAGE         42                        34      8       41

PRECIPITATION (IN)
  TODAY            0.04          1.46 1874   0.12  -0.08     0.04
  MONTH TO DATE    3.30                      3.59  -0.29     5.00
  SINCE DEC 1      3.30                      3.59  -0.29     5.00
  SINCE JAN 1     54.21                     44.83   9.38    58.95

SNOWFALL (IN)
  TODAY           MM             3.6  1993   0.2   MM        0.0
  MONTH TO DATE    T                         2.2   -2.2      0.6
  SINCE DEC 1      T                         2.2   -2.2      0.6
  SINCE JUL 1      1.6                       2.5   -0.9      2.0
  SNOW DEPTH       0

DEGREE DAYS
 HEATING
  TODAY           23                        31     -8       24
  MONTH TO DATE  700                       804   -104      735
  SINCE DEC 1    700                       804   -104      735
  SINCE JUL 1   1707                      1691     16     1662

 COOLING
  TODAY            0                         0      0        0
  MONTH TO DATE    0                         0      0        0
  SINCE DEC 1      0                         0      0        0
  SINCE JAN 1   1274                      1190     84     1245
..................................................................


WIND (MPH)
  HIGHEST WIND SPEED    20   HIGHEST WIND DIRECTION    NW (320)
  HIGHEST GUST SPEED    27   HIGHEST GUST DIRECTION    NW (310)
  AVERAGE WIND SPEED     7.3


SKY COVER
  POSSIBLE SUNSHINE  MM
  AVERAGE SKY COVER 1.0


WEATHER CONDITIONS
 THE FOLLOWING WEATHER WAS RECORDED TODAY.
  LIGHT RAIN
  FOG


RELATIVE HUMIDITY (PERCENT)
 HIGHEST   100          1200 AM
 LOWEST     92          1000 AM
 AVERAGE    96

..........................................................


THE LEXINGTON KY CLIMATE NORMALS FOR TOMORROW
                         NORMAL    RECORD    YEAR
 MAXIMUM TEMPERATURE (F)   41        68      1984
 MINIMUM TEMPERATURE (F)   26        -6      1894


SUNRISE AND SUNSET
DECEMBER 28 2014......SUNRISE   754 AM EST   SUNSET   526 PM EST
DECEMBER 29 2014......SUNRISE   754 AM EST   SUNSET   527 PM EST


-  INDICATES NEGATIVE NUMBERS.
R  INDICATES RECORD WAS SET OR TIED.
MM INDICATES DATA IS MISSING.
T  INDICATES TRACE AMOUNT.




$$
