000
CDUS43 KLMK 252031
CLILEX


CLIMATE REPORT
NATIONAL WEATHER SERVICE LOUISVILLE KY
431 PM EDT SUN JUN 25 2017


...................................

...THE LEXINGTON KY CLIMATE SUMMARY FOR JUNE 25 2017...
VALID TODAY AS OF 0400 PM LOCAL TIME.

CLIMATE NORMAL PERIOD 1981 TO 2010
CLIMATE RECORD PERIOD 1872 TO 2017


WEATHER ITEM   OBSERVED TIME   RECORD YEAR NORMAL DEPARTURE LAST
                VALUE   (LST)  VALUE       VALUE  FROM      YEAR
                                                  NORMAL
..................................................................
TEMPERATURE (F)
 TODAY
  MAXIMUM         80    212 PM 101    1988  85     -5       90
  MINIMUM         56    539 AM  45    1979  65     -9       65
  AVERAGE         68                        75     -7       78

PRECIPITATION (IN)
  TODAY            0.00          2.01 1918   0.13  -0.13     0.00
  MONTH TO DATE    5.65                      3.79   1.86     4.56
  SINCE JUN 1      5.65                      3.79   1.86     4.56
  SINCE JAN 1     24.51                     23.12   1.39    22.85

SNOWFALL (IN)
  TODAY            0.0          MM      MM   0.0    0.0      0.0
  MONTH TO DATE    0.0                       0.0    0.0      0.0
  SINCE JUN 1      0.0                       0.0    0.0      0.0
  SINCE JUL 1      3.4                      13.0   -9.6     15.3
  SNOW DEPTH       0

DEGREE DAYS
 HEATING
  TODAY            0                         0      0        0
  MONTH TO DATE    5                         8     -3        1
  SINCE JUN 1      5                         8     -3        1
  SINCE JUL 1   3476                      4608  -1132     3765

 COOLING
  TODAY            3                        10     -7       13
  MONTH TO DATE  214                       190     24      261
  SINCE JUN 1    214                       190     24      261
  SINCE JAN 1    411                       297    114      375
..................................................................


WIND (MPH)
  HIGHEST WIND SPEED    17   HIGHEST WIND DIRECTION     W (270)
  HIGHEST GUST SPEED    23   HIGHEST GUST DIRECTION     W (270)
  AVERAGE WIND SPEED     6.7


SKY COVER
  POSSIBLE SUNSHINE  MM
  AVERAGE SKY COVER 0.1


WEATHER CONDITIONS
 THE FOLLOWING WEATHER WAS RECORDED TODAY.
  NO SIGNIFICANT WEATHER WAS OBSERVED.


RELATIVE HUMIDITY (PERCENT)
 HIGHEST    86           400 AM
 LOWEST     31           100 PM
 AVERAGE    59

..........................................................


THE LEXINGTON KY CLIMATE NORMALS FOR TOMORROW
                         NORMAL    RECORD    YEAR
 MAXIMUM TEMPERATURE (F)   85       101      1954
 MINIMUM TEMPERATURE (F)   65        52      2012
                                             1958


SUNRISE AND SUNSET
JUNE 25 2017..........SUNRISE   617 AM EDT   SUNSET   905 PM EDT
JUNE 26 2017..........SUNRISE   617 AM EDT   SUNSET   905 PM EDT


-  INDICATES NEGATIVE NUMBERS.
R  INDICATES RECORD WAS SET OR TIED.
MM INDICATES DATA IS MISSING.
T  INDICATES TRACE AMOUNT.




$$
