144
CDUS43 KLMK 012029
CLILEX


CLIMATE REPORT
NATIONAL WEATHER SERVICE LOUISVILLE KY
429 PM EDT SAT OCT 1 2016


...................................

...THE LEXINGTON KY CLIMATE SUMMARY FOR OCTOBER 1 2016...
VALID TODAY AS OF 0400 PM LOCAL TIME.

CLIMATE NORMAL PERIOD 1981 TO 2010
CLIMATE RECORD PERIOD 1872 TO 2016


WEATHER ITEM   OBSERVED TIME   RECORD YEAR NORMAL DEPARTURE LAST
                VALUE   (LST)  VALUE       VALUE  FROM      YEAR
                                                  NORMAL
..................................................................
TEMPERATURE (F)
 TODAY
  MAXIMUM         67    259 PM  89    1952  73     -6       60
                                      1919
  MINIMUM         54    455 AM  34    1947  51      3       55
  AVERAGE         61                        62     -1       58

PRECIPITATION (IN)
  TODAY            0.00          1.91 1893   0.10  -0.10     0.55
  MONTH TO DATE    0.00                      0.10  -0.10     0.55
  SINCE SEP 1      1.67                      3.01  -1.34     3.26
  SINCE JAN 1     36.04                     34.68   1.36    46.55

SNOWFALL (IN)
  TODAY            0.0           0.0    MM   0.0    0.0      0.0
  MONTH TO DATE    0.0                       0.0    0.0      0.0
  SINCE SEP 1      0.0                       0.0    0.0      0.0
  SINCE JUL 1      0.0                       0.0    0.0      0.0
  SNOW DEPTH       0

DEGREE DAYS
 HEATING
  TODAY            4                         5     -1        7
  MONTH TO DATE    4                         5     -1        7
  SINCE SEP 1     21                        57    -36       22
  SINCE JUL 1     21                        59    -38       22

 COOLING
  TODAY            0                         2     -2        0
  MONTH TO DATE    0                         2     -2        0
  SINCE SEP 1    271                       148    123      201
  SINCE JAN 1   1547                      1165    382     1262
..................................................................


WIND (MPH)
  HIGHEST WIND SPEED    14   HIGHEST WIND DIRECTION     S (200)
  HIGHEST GUST SPEED    17   HIGHEST GUST DIRECTION     S (200)
  AVERAGE WIND SPEED     6.8


SKY COVER
  POSSIBLE SUNSHINE  MM
  AVERAGE SKY COVER 0.9


WEATHER CONDITIONS
 THE FOLLOWING WEATHER WAS RECORDED TODAY.
  FOG


RELATIVE HUMIDITY (PERCENT)
 HIGHEST    93           100 AM
 LOWEST     68           300 PM
 AVERAGE    81

..........................................................


THE LEXINGTON KY CLIMATE NORMALS FOR TOMORROW
                         NORMAL    RECORD    YEAR
 MAXIMUM TEMPERATURE (F)   72        91      1953
 MINIMUM TEMPERATURE (F)   51        31      1974


SUNRISE AND SUNSET
OCTOBER  1 2016.......SUNRISE   734 AM EDT   SUNSET   721 PM EDT
OCTOBER  2 2016.......SUNRISE   735 AM EDT   SUNSET   719 PM EDT


-  INDICATES NEGATIVE NUMBERS.
R  INDICATES RECORD WAS SET OR TIED.
MM INDICATES DATA IS MISSING.
T  INDICATES TRACE AMOUNT.




$$
