000
CDUS43 KLMK 230627
CLILEX


CLIMATE REPORT
NATIONAL WEATHER SERVICE LOUISVILLE KY
127 AM EST FRI JAN 23 2015


...................................

...THE LEXINGTON KY CLIMATE SUMMARY FOR JANUARY 22 2015...

CLIMATE NORMAL PERIOD 1981 TO 2010
CLIMATE RECORD PERIOD 1872 TO 2015


WEATHER ITEM   OBSERVED TIME   RECORD YEAR NORMAL DEPARTURE LAST
                VALUE   (LST)  VALUE       VALUE  FROM      YEAR
                                                  NORMAL
..................................................................
TEMPERATURE (F)
 YESTERDAY
  MAXIMUM         38    324 PM  73    1999  41     -3       19
  MINIMUM         25    601 AM  -6    2014  25      0       -6
  AVERAGE         32                        33     -1        7

PRECIPITATION (IN)
  YESTERDAY        0.00          2.38 1898   0.10  -0.10      T
  MONTH TO DATE    1.03                      2.26  -1.23     2.20
  SINCE DEC 1      4.33                      6.19  -1.86     7.78
  SINCE JAN 1      1.03                      2.26  -1.23     2.20

SNOWFALL (IN)
  YESTERDAY        0.0           9.4  1966   0.1   -0.1       T
  MONTH TO DATE    T                         2.6   -2.6      4.0
  SINCE DEC 1      T                         5.1   -5.1      4.6
  SINCE JUL 1      1.6                       5.4   -3.8      6.0
  SNOW DEPTH       0

DEGREE DAYS
 HEATING
  YESTERDAY       33                        32      1       58
  MONTH TO DATE  744                       704     40      774
  SINCE DEC 1   1555                      1605    -50     1605
  SINCE JUL 1   2562                      2492     70     2532

 COOLING
  YESTERDAY        0                         0      0        0
  MONTH TO DATE    0                         0      0        0
  SINCE DEC 1      0                         0      0        0
  SINCE JAN 1      0                         0      0        0
..................................................................


WIND (MPH)
  HIGHEST WIND SPEED     9   HIGHEST WIND DIRECTION    NE (40)
  HIGHEST GUST SPEED    12   HIGHEST GUST DIRECTION    NE (60)
  AVERAGE WIND SPEED     4.4


SKY COVER
  POSSIBLE SUNSHINE  MM
  AVERAGE SKY COVER 0.7


WEATHER CONDITIONS
 THE FOLLOWING WEATHER WAS RECORDED YESTERDAY.
  NO SIGNIFICANT WEATHER WAS OBSERVED.


RELATIVE HUMIDITY (PERCENT)
 HIGHEST    92           600 AM
 LOWEST     64           300 PM
 AVERAGE    78

..........................................................


THE LEXINGTON KY CLIMATE NORMALS FOR TODAY
                         NORMAL    RECORD    YEAR
 MAXIMUM TEMPERATURE (F)   41        68      1967
                                             1943
 MINIMUM TEMPERATURE (F)   25       -20      1963


SUNRISE AND SUNSET
JANUARY 23 2015.......SUNRISE   750 AM EST   SUNSET   551 PM EST
JANUARY 24 2015.......SUNRISE   749 AM EST   SUNSET   552 PM EST


-  INDICATES NEGATIVE NUMBERS.
R  INDICATES RECORD WAS SET OR TIED.
MM INDICATES DATA IS MISSING.
T  INDICATES TRACE AMOUNT.




$$
