000
CDUS43 KLMK 220629
CLILEX


CLIMATE REPORT
NATIONAL WEATHER SERVICE LOUISVILLE KY
229 AM EDT SAT APR 22 2017


...................................

...THE LEXINGTON KY CLIMATE SUMMARY FOR APRIL 21 2017...

CLIMATE NORMAL PERIOD 1981 TO 2010
CLIMATE RECORD PERIOD 1872 TO 2017


WEATHER ITEM   OBSERVED TIME   RECORD YEAR NORMAL DEPARTURE LAST
                VALUE   (LST)  VALUE       VALUE  FROM      YEAR
                                                  NORMAL
..................................................................
TEMPERATURE (F)
 YESTERDAY
  MAXIMUM         69    356 PM  86    1963  68      1       76
  MINIMUM         54   1159 PM  26    1875  46      8       58
  AVERAGE         62                        57      5       67

PRECIPITATION (IN)
  YESTERDAY        0.07          2.50 1972   0.12  -0.05     0.19
  MONTH TO DATE    1.35                      2.40  -1.05     1.23
  SINCE MAR 1      4.63                      6.47  -1.84     4.02
  SINCE JAN 1     12.73                     12.87  -0.14     9.72

SNOWFALL (IN)
  YESTERDAY        0.0           1.0  1901   0.0    0.0      0.0
  MONTH TO DATE    0.0                       0.3   -0.3       T
  SINCE MAR 1      T                         1.7   -1.7      0.7
  SINCE JUL 1      3.4                      13.0   -9.6     15.3
  SNOW DEPTH       0

DEGREE DAYS
 HEATING
  YESTERDAY        3                         9     -6        0
  MONTH TO DATE   92                       245   -153      243
  SINCE MAR 1    622                       850   -228      637
  SINCE JUL 1   3332                      4421  -1089     3608

 COOLING
  YESTERDAY        0                         1     -1        2
  MONTH TO DATE   40                        12     28       10
  SINCE MAR 1     45                        14     31       13
  SINCE JAN 1     49                        14     35       13
..................................................................


WIND (MPH)
  HIGHEST WIND SPEED    16   HIGHEST WIND DIRECTION     N (350)
  HIGHEST GUST SPEED    21   HIGHEST GUST DIRECTION    SW (220)
  AVERAGE WIND SPEED     8.9


SKY COVER
  POSSIBLE SUNSHINE  MM
  AVERAGE SKY COVER 0.7


WEATHER CONDITIONS
 THE FOLLOWING WEATHER WAS RECORDED YESTERDAY.
  LIGHT RAIN
  FOG


RELATIVE HUMIDITY (PERCENT)
 HIGHEST    90           500 AM
 LOWEST     47           200 PM
 AVERAGE    69

..........................................................


THE LEXINGTON KY CLIMATE NORMALS FOR TODAY
                         NORMAL    RECORD    YEAR
 MAXIMUM TEMPERATURE (F)   68        85      1987
                                             1985
                                             1944
 MINIMUM TEMPERATURE (F)   47        26      1875


SUNRISE AND SUNSET
APRIL 22 2017.........SUNRISE   653 AM EDT   SUNSET   821 PM EDT
APRIL 23 2017.........SUNRISE   652 AM EDT   SUNSET   822 PM EDT


-  INDICATES NEGATIVE NUMBERS.
R  INDICATES RECORD WAS SET OR TIED.
MM INDICATES DATA IS MISSING.
T  INDICATES TRACE AMOUNT.




$$
