000
CDUS43 KLMK 012131
CLILEX


CLIMATE REPORT
NATIONAL WEATHER SERVICE LOUISVILLE KY
431 PM EST MON JAN 1 2018


...................................

...THE LEXINGTON KY CLIMATE SUMMARY FOR JANUARY 1 2018...
VALID TODAY AS OF 0400 PM LOCAL TIME.

CLIMATE NORMAL PERIOD 1981 TO 2010
CLIMATE RECORD PERIOD 1872 TO 2017


WEATHER ITEM   OBSERVED TIME   RECORD YEAR NORMAL DEPARTURE LAST
                VALUE   (LST)  VALUE       VALUE  FROM      YEAR
                                                  NORMAL
..................................................................
TEMPERATURE (F)
 TODAY
  MAXIMUM         18    335 PM  71    1952  41    -23       47
  MINIMUM          3    814 AM  -3    1928  25    -22       41
  AVERAGE         11                        33    -22       44

PRECIPITATION (IN)
  TODAY            T             1.44 1966   0.11  -0.11     0.05
  MONTH TO DATE    T                         0.11  -0.11     0.05
  SINCE DEC 1      2.37                      4.04  -1.67     6.23
  SINCE JAN 1      T                         0.11  -0.11     0.05

SNOWFALL (IN)
  TODAY            T             5.6  1964   0.1   -0.1      0.0
  MONTH TO DATE    T                         0.1   -0.1      0.0
  SINCE DEC 1      0.2                       2.6   -2.4      0.1
  SINCE JUL 1      0.2                       2.9   -2.7      0.1
  SNOW DEPTH       0

DEGREE DAYS
 HEATING
  TODAY           54                        32     22       21
  MONTH TO DATE   54                        32     22       21
  SINCE DEC 1    978                       933     45      878
  SINCE JUL 1   1758                      1820    -62     1464

 COOLING
  TODAY            0                         0      0        0
  MONTH TO DATE    0                         0      0        0
  SINCE DEC 1      0                         0      0        0
  SINCE JAN 1      0                         0      0        0
..................................................................


WIND (MPH)
  HIGHEST WIND SPEED    15   HIGHEST WIND DIRECTION     W (270)
  HIGHEST GUST SPEED    22   HIGHEST GUST DIRECTION     W (290)
  AVERAGE WIND SPEED     7.6


SKY COVER
  POSSIBLE SUNSHINE  MM
  AVERAGE SKY COVER 0.6


WEATHER CONDITIONS
 THE FOLLOWING WEATHER WAS RECORDED TODAY.
  LIGHT SNOW
  HAZE


RELATIVE HUMIDITY (PERCENT)
 HIGHEST    86           900 AM
 LOWEST     37           400 PM
 AVERAGE    62

..........................................................


THE LEXINGTON KY CLIMATE NORMALS FOR TOMORROW
                         NORMAL    RECORD    YEAR
 MAXIMUM TEMPERATURE (F)   41        67      2006
 MINIMUM TEMPERATURE (F)   25        -4      1928


SUNRISE AND SUNSET
JANUARY  1 2018.......SUNRISE   755 AM EST   SUNSET   530 PM EST
JANUARY  2 2018.......SUNRISE   755 AM EST   SUNSET   530 PM EST


-  INDICATES NEGATIVE NUMBERS.
R  INDICATES RECORD WAS SET OR TIED.
MM INDICATES DATA IS MISSING.
T  INDICATES TRACE AMOUNT.




$$
