723
CDUS43 KLMK 280633
CLILEX


CLIMATE REPORT
NATIONAL WEATHER SERVICE LOUISVILLE KY
132 AM EST THU JAN 28 2016


...................................

...THE LEXINGTON KY CLIMATE SUMMARY FOR JANUARY 27 2016...

CLIMATE NORMAL PERIOD 1981 TO 2010
CLIMATE RECORD PERIOD 1872 TO 2016


WEATHER ITEM   OBSERVED TIME   RECORD YEAR NORMAL DEPARTURE LAST
                VALUE   (LST)  VALUE       VALUE  FROM      YEAR
                                                  NORMAL
..................................................................
TEMPERATURE (F)
 YESTERDAY
  MAXIMUM         35    343 PM  74    1944  41     -6       34
  MINIMUM         21   1153 PM -15    1936  25     -4       18
  AVERAGE         28                        33     -5       26

PRECIPITATION (IN)
  YESTERDAY        0.00          1.72 2009   0.11  -0.11     0.02
  MONTH TO DATE    1.21                      2.77  -1.56     1.80
  SINCE DEC 1      8.42                      6.70   1.72     5.10
  SINCE JAN 1      1.21                      2.77  -1.56     1.80

SNOWFALL (IN)
  YESTERDAY        0.0           4.0  1925   0.2   -0.2      0.8
  MONTH TO DATE    9.6                       3.3    6.3      5.9
  SINCE DEC 1      9.6                       5.8    3.8      5.9
  SINCE JUL 1      9.6                       6.1    3.5      7.5
  SNOW DEPTH       0

DEGREE DAYS
 HEATING
  YESTERDAY       37                        32      5       39
  MONTH TO DATE  938                       864     74      911
  SINCE DEC 1   1434                      1765   -331     1722
  SINCE JUL 1   2120                      2652   -532     2729

 COOLING
  YESTERDAY        0                         0      0        0
  MONTH TO DATE    0                         0      0        0
  SINCE DEC 1      0                         0      0        0
  SINCE JAN 1      0                         0      0        0
..................................................................


WIND (MPH)
  HIGHEST WIND SPEED    13   HIGHEST WIND DIRECTION    NW (300)
  HIGHEST GUST SPEED    17   HIGHEST GUST DIRECTION    NW (310)
  AVERAGE WIND SPEED     4.1


SKY COVER
  POSSIBLE SUNSHINE  MM
  AVERAGE SKY COVER 0.6


WEATHER CONDITIONS
 THE FOLLOWING WEATHER WAS RECORDED YESTERDAY.
  NO SIGNIFICANT WEATHER WAS OBSERVED.


RELATIVE HUMIDITY (PERCENT)
 HIGHEST    84          1000 PM
 LOWEST     61           400 PM
 AVERAGE    73

..........................................................


THE LEXINGTON KY CLIMATE NORMALS FOR TODAY
                         NORMAL    RECORD    YEAR
 MAXIMUM TEMPERATURE (F)   42        68      1876
 MINIMUM TEMPERATURE (F)   25       -13      1963


SUNRISE AND SUNSET
JANUARY 28 2016.......SUNRISE   746 AM EST   SUNSET   556 PM EST
JANUARY 29 2016.......SUNRISE   746 AM EST   SUNSET   558 PM EST


-  INDICATES NEGATIVE NUMBERS.
R  INDICATES RECORD WAS SET OR TIED.
MM INDICATES DATA IS MISSING.
T  INDICATES TRACE AMOUNT.




$$
