000
CDUS43 KLMK 070630
CLILEX


CLIMATE REPORT
NATIONAL WEATHER SERVICE LOUISVILLE KY
230 AM EDT SUN SEP 7 2014


...................................

...THE LEXINGTON KY CLIMATE SUMMARY FOR SEPTEMBER 6 2014...

CLIMATE NORMAL PERIOD 1981 TO 2010
CLIMATE RECORD PERIOD 1872 TO 2014


WEATHER ITEM   OBSERVED TIME   RECORD YEAR NORMAL DEPARTURE LAST
                VALUE   (LST)  VALUE       VALUE  FROM      YEAR
                                                  NORMAL
..................................................................
TEMPERATURE (F)
 YESTERDAY
  MAXIMUM         87    243 PM 102    1954  82      5       83
  MINIMUM         68   1159 PM  45    1988  61      7       61
  AVERAGE         78                        72      6       72

PRECIPITATION (IN)
  YESTERDAY        T             0.59 1948   0.09  -0.09     0.00
  MONTH TO DATE    1.14                      0.55   0.59      T
  SINCE SEP 1      1.14                      0.55   0.59      T
  SINCE JAN 1     40.87                     32.22   8.65    43.64

SNOWFALL (IN)
  YESTERDAY        0.0          MM      MM   0.0    0.0      0.0
  MONTH TO DATE    0.0                       0.0    0.0      0.0
  SINCE SEP 1      0.0                       0.0    0.0      0.0
  SINCE JUL 1      0.0                       0.0    0.0      0.0
  SNOW DEPTH       0

DEGREE DAYS
 HEATING
  YESTERDAY        0                         0      0        0
  MONTH TO DATE    0                         0      0        0
  SINCE SEP 1      0                         0      0        0
  SINCE JUL 1      2                         2      0        3

 COOLING
  YESTERDAY       13                         7      6        7
  MONTH TO DATE   84                        46     38       45
  SINCE SEP 1     84                        46     38       45
  SINCE JAN 1   1165                      1063    102     1083
..................................................................


WIND (MPH)
  HIGHEST WIND SPEED    20   HIGHEST WIND DIRECTION     N (360)
  HIGHEST GUST SPEED    26   HIGHEST GUST DIRECTION     N (340)
  AVERAGE WIND SPEED     7.7


SKY COVER
  POSSIBLE SUNSHINE  MM
  AVERAGE SKY COVER 0.4


WEATHER CONDITIONS
 THE FOLLOWING WEATHER WAS RECORDED YESTERDAY.
  LIGHT RAIN
  FOG
  HAZE


RELATIVE HUMIDITY (PERCENT)
 HIGHEST    87          1200 AM
 LOWEST     55           200 PM
 AVERAGE    71

..........................................................


THE LEXINGTON KY CLIMATE NORMALS FOR TODAY
                         NORMAL    RECORD    YEAR
 MAXIMUM TEMPERATURE (F)   82        97      1939
                                             1899
 MINIMUM TEMPERATURE (F)   61        48      1988
                                             1962


SUNRISE AND SUNSET
SEPTEMBER  7 2014.....SUNRISE   713 AM EDT   SUNSET   759 PM EDT
SEPTEMBER  8 2014.....SUNRISE   714 AM EDT   SUNSET   757 PM EDT


-  INDICATES NEGATIVE NUMBERS.
R  INDICATES RECORD WAS SET OR TIED.
MM INDICATES DATA IS MISSING.
T  INDICATES TRACE AMOUNT.




$$
