000
CDUS43 KLMK 112130
CLILEX


CLIMATE REPORT
NATIONAL WEATHER SERVICE LOUISVILLE KY
429 PM EST THU DEC 11 2014


...................................

...THE LEXINGTON KY CLIMATE SUMMARY FOR DECEMBER 11 2014...
VALID TODAY AS OF 0400 PM LOCAL TIME.

CLIMATE NORMAL PERIOD 1981 TO 2010
CLIMATE RECORD PERIOD 1872 TO 2014


WEATHER ITEM   OBSERVED TIME   RECORD YEAR NORMAL DEPARTURE LAST
                VALUE   (LST)  VALUE       VALUE  FROM      YEAR
                                                  NORMAL
..................................................................
TEMPERATURE (F)
 TODAY
  MAXIMUM         40    239 PM  70    2007  45     -5       41
  MINIMUM         29    852 AM  -2    1917  29      0       19
  AVERAGE         35                        37     -2       30

PRECIPITATION (IN)
  TODAY            0.00          1.58 1964   0.14  -0.14     0.00
  MONTH TO DATE    2.61                      1.46   1.15     2.47
  SINCE DEC 1      2.61                      1.46   1.15     2.47
  SINCE JAN 1     53.52                     42.70  10.82    56.42

SNOWFALL (IN)
  TODAY            0.0           2.8  1944   0.1   -0.1      0.0
  MONTH TO DATE    T                         0.6   -0.6      0.6
  SINCE DEC 1      T                         0.6   -0.6      0.6
  SINCE JUL 1      1.6                       0.9    0.7      2.0
  SNOW DEPTH       0

DEGREE DAYS
 HEATING
  TODAY           30                        28      2       35
  MONTH TO DATE  271                       293    -22      285
  SINCE DEC 1    271                       293    -22      285
  SINCE JUL 1   1278                      1180     98     1212

 COOLING
  TODAY            0                         0      0        0
  MONTH TO DATE    0                         0      0        0
  SINCE DEC 1      0                         0      0        0
  SINCE JAN 1   1274                      1190     84     1245
..................................................................


WIND (MPH)
  HIGHEST WIND SPEED    14   HIGHEST WIND DIRECTION    NW (310)
  HIGHEST GUST SPEED    17   HIGHEST GUST DIRECTION    NW (310)
  AVERAGE WIND SPEED     8.3


SKY COVER
  POSSIBLE SUNSHINE  MM
  AVERAGE SKY COVER 0.6


WEATHER CONDITIONS
 THE FOLLOWING WEATHER WAS RECORDED TODAY.
  NO SIGNIFICANT WEATHER WAS OBSERVED.


RELATIVE HUMIDITY (PERCENT)
 HIGHEST    75           500 AM
 LOWEST     48           300 PM
 AVERAGE    62

..........................................................


THE LEXINGTON KY CLIMATE NORMALS FOR TOMORROW
                         NORMAL    RECORD    YEAR
 MAXIMUM TEMPERATURE (F)   45        68      1873
 MINIMUM TEMPERATURE (F)   29        -5      1962


SUNRISE AND SUNSET
DECEMBER 11 2014......SUNRISE   744 AM EST   SUNSET   519 PM EST
DECEMBER 12 2014......SUNRISE   745 AM EST   SUNSET   519 PM EST


-  INDICATES NEGATIVE NUMBERS.
R  INDICATES RECORD WAS SET OR TIED.
MM INDICATES DATA IS MISSING.
T  INDICATES TRACE AMOUNT.




$$
