000
CDUS43 KLMK 060632
CLILEX


CLIMATE REPORT
NATIONAL WEATHER SERVICE LOUISVILLE KY
232 AM EDT FRI OCT 6 2017


...................................

...THE LEXINGTON KY CLIMATE SUMMARY FOR OCTOBER 5 2017...

CLIMATE NORMAL PERIOD 1981 TO 2010
CLIMATE RECORD PERIOD 1872 TO 2017


WEATHER ITEM   OBSERVED TIME   RECORD YEAR NORMAL DEPARTURE LAST
                VALUE   (LST)  VALUE       VALUE  FROM      YEAR
                                                  NORMAL
..................................................................
TEMPERATURE (F)
 YESTERDAY
  MAXIMUM         81    214 PM  89    1959  71     10       83
                                      1951
                                      1941
  MINIMUM         58    658 AM  33    1935  50      8       61
  AVERAGE         70                        61      9       72

PRECIPITATION (IN)
  YESTERDAY        0.00          1.80 2013   0.10  -0.10     0.00
  MONTH TO DATE    0.00                      0.49  -0.49     0.14
  SINCE SEP 1      3.74                      3.40   0.34     1.81
  SINCE JAN 1     38.68                     35.07   3.61    36.18

SNOWFALL (IN)
  YESTERDAY        0.0           0.0    MM   0.0    0.0      0.0
  MONTH TO DATE    0.0                       0.0    0.0      0.0
  SINCE SEP 1      0.0                       0.0    0.0      0.0
  SINCE JUL 1      0.0                       0.0    0.0      0.0
  SNOW DEPTH       0

DEGREE DAYS
 HEATING
  YESTERDAY        0                         6     -6        0
  MONTH TO DATE    1                        27    -26        3
  SINCE SEP 1     36                        79    -43       20
  SINCE JUL 1     36                        81    -45       20

 COOLING
  YESTERDAY        5                         1      4        7
  MONTH TO DATE   15                         9      6       15
  SINCE SEP 1    159                       155      4      286
  SINCE JAN 1   1240                      1172     68     1562
..................................................................


WIND (MPH)
  HIGHEST WIND SPEED    13   HIGHEST WIND DIRECTION    SW (240)
  HIGHEST GUST SPEED    16   HIGHEST GUST DIRECTION    SW (220)
  AVERAGE WIND SPEED     3.8


SKY COVER
  POSSIBLE SUNSHINE  MM
  AVERAGE SKY COVER 0.1


WEATHER CONDITIONS
 THE FOLLOWING WEATHER WAS RECORDED YESTERDAY.
  NO SIGNIFICANT WEATHER WAS OBSERVED.


RELATIVE HUMIDITY (PERCENT)
 HIGHEST    87           500 AM
 LOWEST     42          1200 PM
 AVERAGE    65

..........................................................


THE LEXINGTON KY CLIMATE NORMALS FOR TODAY
                         NORMAL    RECORD    YEAR
 MAXIMUM TEMPERATURE (F)   71        93      1941
 MINIMUM TEMPERATURE (F)   50        30      1980


SUNRISE AND SUNSET
OCTOBER  6 2017.......SUNRISE   739 AM EDT   SUNSET   713 PM EDT
OCTOBER  7 2017.......SUNRISE   740 AM EDT   SUNSET   712 PM EDT


-  INDICATES NEGATIVE NUMBERS.
R  INDICATES RECORD WAS SET OR TIED.
MM INDICATES DATA IS MISSING.
T  INDICATES TRACE AMOUNT.




$$
