000
CDUS43 KLMK 032127 RRC
CLILEX

CLIMATE REPORT
NATIONAL WEATHER SERVICE LOUISVILLE KY
426 PM EST FRI FEB 3 2017


...................................

...THE LEXINGTON KY CLIMATE SUMMARY FOR FEBRUARY 3 2017...
VALID TODAY AS OF 0400 PM LOCAL TIME.

CLIMATE NORMAL PERIOD 1981 TO 2010
CLIMATE RECORD PERIOD 1872 TO 2017


WEATHER ITEM   OBSERVED TIME   RECORD YEAR NORMAL DEPARTURE LAST
                VALUE   (LST)  VALUE       VALUE  FROM      YEAR
                                                  NORMAL
..................................................................
TEMPERATURE (F)
 TODAY
  MAXIMUM         33    320 PM  70    1890  43    -10       64
  MINIMUM         21    536 AM  -8    1951  26     -5       35
  AVERAGE         27                        34     -7       50

PRECIPITATION (IN)
  TODAY            0.00          0.95 2016   0.12  -0.12     0.95
  MONTH TO DATE    0.00                      0.35  -0.35     1.38
  SINCE DEC 1     10.89                      7.48   3.41     9.83
  SINCE JAN 1      4.71                      3.55   1.16     2.62

SNOWFALL (IN)
  TODAY            0.0           3.8  2014   0.2   -0.2      0.0
  MONTH TO DATE    0.0                       0.6   -0.6      0.0
  SINCE DEC 1      3.4                       7.0   -3.6      9.6
  SINCE JUL 1      3.4                       7.3   -3.9      9.6
  SNOW DEPTH       0

DEGREE DAYS
 HEATING
  TODAY           38                        31      7       15
  MONTH TO DATE   89                        93     -4       41
  SINCE DEC 1   1707                      1989   -282     1559
  SINCE JUL 1   2293                      2876   -583     2245

 COOLING
  TODAY            0                         0      0        0
  MONTH TO DATE    0                         0      0        0
  SINCE DEC 1      0                         0      0        0
  SINCE JAN 1      0                         0      0        0
..................................................................


WIND (MPH)
  HIGHEST WIND SPEED    18   HIGHEST WIND DIRECTION    NW (330)
  HIGHEST GUST SPEED    22   HIGHEST GUST DIRECTION    NW (330)
  AVERAGE WIND SPEED     6.4


SKY COVER
  POSSIBLE SUNSHINE  MM
  AVERAGE SKY COVER 0.3


WEATHER CONDITIONS
 THE FOLLOWING WEATHER WAS RECORDED TODAY.
  NO SIGNIFICANT WEATHER WAS OBSERVED.


RELATIVE HUMIDITY (PERCENT)
 HIGHEST    59           500 AM
 LOWEST     33           100 PM
 AVERAGE    46

..........................................................


THE LEXINGTON KY CLIMATE NORMALS FOR TOMORROW
                         NORMAL    RECORD    YEAR
 MAXIMUM TEMPERATURE (F)   43        70      1962
                                             1890
 MINIMUM TEMPERATURE (F)   26       -10      1996


SUNRISE AND SUNSET
FEBRUARY  3 2017......SUNRISE   741 AM EST   SUNSET   604 PM EST
FEBRUARY  4 2017......SUNRISE   740 AM EST   SUNSET   605 PM EST


-  INDICATES NEGATIVE NUMBERS.
R  INDICATES RECORD WAS SET OR TIED.
MM INDICATES DATA IS MISSING.
T  INDICATES TRACE AMOUNT.




$$
