000
CDUS43 KLMK 302027
CLILEX


CLIMATE REPORT
NATIONAL WEATHER SERVICE LOUISVILLE KY
427 PM EDT MON OCT 30 2017


...................................

...THE LEXINGTON KY CLIMATE SUMMARY FOR OCTOBER 30 2017...
VALID TODAY AS OF 0400 PM LOCAL TIME.

CLIMATE NORMAL PERIOD 1981 TO 2010
CLIMATE RECORD PERIOD 1872 TO 2017


WEATHER ITEM   OBSERVED TIME   RECORD YEAR NORMAL DEPARTURE LAST
                VALUE   (LST)  VALUE       VALUE  FROM      YEAR
                                                  NORMAL
..................................................................
TEMPERATURE (F)
 TODAY
  MAXIMUM         60    245 PM  83    1971  63     -3       82
  MINIMUM         30    413 AM  23    1895  43    -13       58
  AVERAGE         45                        53     -8       70

PRECIPITATION (IN)
  TODAY            0.00          0.97 1929   0.10  -0.10     0.00
  MONTH TO DATE    5.77                      3.02   2.75     0.83
  SINCE SEP 1      9.51                      5.93   3.58     2.50
  SINCE JAN 1     44.45                     37.60   6.85    36.87

SNOWFALL (IN)
  TODAY            0.0           2.3  1925   0.0    0.0      0.0
  MONTH TO DATE    T                         0.0    0.0      0.0
  SINCE SEP 1      T                         0.0    0.0      0.0
  SINCE JUL 1      T                         0.0    0.0      0.0
  SNOW DEPTH       0

DEGREE DAYS
 HEATING
  TODAY           20                        13      7        0
  MONTH TO DATE  195                       258    -63      115
  SINCE SEP 1    230                       310    -80      132
  SINCE JUL 1    230                       312    -82      132

 COOLING
  TODAY            0                         0      0        5
  MONTH TO DATE   59                        23     36       78
  SINCE SEP 1    203                       169     34      349
  SINCE JAN 1   1284                      1186     98     1625
..................................................................


WIND (MPH)
  HIGHEST WIND SPEED    22   HIGHEST WIND DIRECTION     S (200)
  HIGHEST GUST SPEED    31   HIGHEST GUST DIRECTION     S (200)
  AVERAGE WIND SPEED    11.1


SKY COVER
  POSSIBLE SUNSHINE  MM
  AVERAGE SKY COVER 0.5


WEATHER CONDITIONS
 THE FOLLOWING WEATHER WAS RECORDED TODAY.
  NO SIGNIFICANT WEATHER WAS OBSERVED.


RELATIVE HUMIDITY (PERCENT)
 HIGHEST    85           200 AM
 LOWEST     40           300 PM
 AVERAGE    63

..........................................................


THE LEXINGTON KY CLIMATE NORMALS FOR TOMORROW
                         NORMAL    RECORD    YEAR
 MAXIMUM TEMPERATURE (F)   62        82      1950
                                             1935
 MINIMUM TEMPERATURE (F)   42        22      1887


SUNRISE AND SUNSET
OCTOBER 30 2017.......SUNRISE   802 AM EDT   SUNSET   641 PM EDT
OCTOBER 31 2017.......SUNRISE   803 AM EDT   SUNSET   640 PM EDT


-  INDICATES NEGATIVE NUMBERS.
R  INDICATES RECORD WAS SET OR TIED.
MM INDICATES DATA IS MISSING.
T  INDICATES TRACE AMOUNT.




$$
