000
CDUS43 KLMK 102128
CLILEX


CLIMATE REPORT
NATIONAL WEATHER SERVICE LOUISVILLE KY
427 PM EST WED JAN 10 2018


...................................

...THE LEXINGTON KY CLIMATE SUMMARY FOR JANUARY 10 2018...
VALID TODAY AS OF 0400 PM LOCAL TIME.

CLIMATE NORMAL PERIOD 1981 TO 2010
CLIMATE RECORD PERIOD 1872 TO 2018


WEATHER ITEM   OBSERVED TIME   RECORD YEAR NORMAL DEPARTURE LAST
                VALUE   (LST)  VALUE       VALUE  FROM      YEAR
                                                  NORMAL
..................................................................
TEMPERATURE (F)
 TODAY
  MAXIMUM         65R   234 PM  64    1975  41     24       53
  MINIMUM         40    201 AM -11    1982  25     15       36
  AVERAGE         53                        33     20       45

PRECIPITATION (IN)
  TODAY            T             2.67 1974   0.10  -0.10     0.12
  MONTH TO DATE    0.28                      1.04  -0.76     0.92
  SINCE DEC 1      2.65                      4.97  -2.32     7.10
  SINCE JAN 1      0.28                      1.04  -0.76     0.92

SNOWFALL (IN)
  TODAY            0.0           4.4  1954   0.2   -0.2      0.0
  MONTH TO DATE    0.1                       1.2   -1.1      2.5
  SINCE DEC 1      0.3                       3.7   -3.4      2.6
  SINCE JUL 1      0.3                       4.0   -3.7      2.6
  SNOW DEPTH       0

DEGREE DAYS
 HEATING
  TODAY           12                        32    -20       20
  MONTH TO DATE  417                       320     97      334
  SINCE DEC 1   1341                      1221    120     1191
  SINCE JUL 1   2121                      2108     13     1777

 COOLING
  TODAY            0                         0      0        0
  MONTH TO DATE    0                         0      0        0
  SINCE DEC 1      0                         0      0        0
  SINCE JAN 1      0                         0      0        0
..................................................................


WIND (MPH)
  HIGHEST WIND SPEED    24   HIGHEST WIND DIRECTION     S (190)
  HIGHEST GUST SPEED    34   HIGHEST GUST DIRECTION     S (180)
  AVERAGE WIND SPEED     9.8


SKY COVER
  POSSIBLE SUNSHINE  MM
  AVERAGE SKY COVER 0.7


WEATHER CONDITIONS
 THE FOLLOWING WEATHER WAS RECORDED TODAY.
  LIGHT RAIN
  FOG


RELATIVE HUMIDITY (PERCENT)
 HIGHEST    92           100 AM
 LOWEST     63           100 PM
 AVERAGE    78

..........................................................


THE LEXINGTON KY CLIMATE NORMALS FOR TOMORROW
                         NORMAL    RECORD    YEAR
 MAXIMUM TEMPERATURE (F)   41        66      2013
                                             1890
 MINIMUM TEMPERATURE (F)   25        -9      1962


SUNRISE AND SUNSET
JANUARY 10 2018.......SUNRISE   754 AM EST   SUNSET   538 PM EST
JANUARY 11 2018.......SUNRISE   754 AM EST   SUNSET   539 PM EST


-  INDICATES NEGATIVE NUMBERS.
R  INDICATES RECORD WAS SET OR TIED.
MM INDICATES DATA IS MISSING.
T  INDICATES TRACE AMOUNT.




$$
