483
CDUS43 KLMK 132027 RRC
CLILEX

CLIMATE REPORT
NATIONAL WEATHER SERVICE LOUISVILLE KY
426 PM EDT SAT MAY 13 2017


...................................

...THE LEXINGTON KY CLIMATE SUMMARY FOR MAY 13 2017...
VALID TODAY AS OF 0400 PM LOCAL TIME.

CLIMATE NORMAL PERIOD 1981 TO 2010
CLIMATE RECORD PERIOD 1872 TO 2017


WEATHER ITEM   OBSERVED TIME   RECORD YEAR NORMAL DEPARTURE LAST
                VALUE   (LST)  VALUE       VALUE  FROM      YEAR
                                                  NORMAL
..................................................................
TEMPERATURE (F)
 TODAY
  MAXIMUM         74    233 PM  89    1957  74      0       70
                                      1956
  MINIMUM         46    546 AM  37    1996  53     -7       52
                                      1941
                                      1938
  AVERAGE         60                        63     -3       61

PRECIPITATION (IN)
  TODAY            0.00          2.33 1955   0.18  -0.18     0.00
  MONTH TO DATE    3.18                      2.17   1.01     3.70
  SINCE MAR 1      8.30                      9.84  -1.54     9.80
  SINCE JAN 1     16.40                     16.24   0.16    15.50

SNOWFALL (IN)
  TODAY            0.0          MM      MM   0.0    0.0      0.0
  MONTH TO DATE    0.0                       0.0    0.0      0.0
  SINCE MAR 1      T                         1.7   -1.7      0.7
  SINCE JUL 1      3.4                      13.0   -9.6     15.3
  SNOW DEPTH       0

DEGREE DAYS
 HEATING
  TODAY            5                         4      1        4
  MONTH TO DATE   89                        64     25       50
  SINCE MAR 1    751                       982   -231      706
  SINCE JUL 1   3461                      4553  -1092     3677

 COOLING
  TODAY            0                         2     -2        0
  MONTH TO DATE   17                        19     -2       21
  SINCE MAR 1     88                        41     47       49
  SINCE JAN 1     92                        41     51       49
..................................................................


WIND (MPH)
  HIGHEST WIND SPEED    14   HIGHEST WIND DIRECTION    NE (40)
  HIGHEST GUST SPEED    24   HIGHEST GUST DIRECTION    NE (30)
  AVERAGE WIND SPEED     5.0


SKY COVER
  POSSIBLE SUNSHINE  MM
  AVERAGE SKY COVER 0.1


WEATHER CONDITIONS
 THE FOLLOWING WEATHER WAS RECORDED TODAY.
  FOG
  FOG W/VISIBILITY <= 1/4 MILE


RELATIVE HUMIDITY (PERCENT)
 HIGHEST    93          1200 AM
 LOWEST     44           200 PM
 AVERAGE    69

..........................................................


THE LEXINGTON KY CLIMATE NORMALS FOR TOMORROW
                         NORMAL    RECORD    YEAR
 MAXIMUM TEMPERATURE (F)   74        88      1962
 MINIMUM TEMPERATURE (F)   53        33      1895


SUNRISE AND SUNSET
MAY 13 2017...........SUNRISE   629 AM EDT   SUNSET   840 PM EDT
MAY 14 2017...........SUNRISE   629 AM EDT   SUNSET   841 PM EDT


-  INDICATES NEGATIVE NUMBERS.
R  INDICATES RECORD WAS SET OR TIED.
MM INDICATES DATA IS MISSING.
T  INDICATES TRACE AMOUNT.




$$
