000
CDUS43 KLMK 050630
CLILEX


CLIMATE REPORT
NATIONAL WEATHER SERVICE LOUISVILLE KY
229 AM EDT MON JUN 5 2017


...................................

...THE LEXINGTON KY CLIMATE SUMMARY FOR JUNE 4 2017...

CLIMATE NORMAL PERIOD 1981 TO 2010
CLIMATE RECORD PERIOD 1872 TO 2017


WEATHER ITEM   OBSERVED TIME   RECORD YEAR NORMAL DEPARTURE LAST
                VALUE   (LST)  VALUE       VALUE  FROM      YEAR
                                                  NORMAL
..................................................................
TEMPERATURE (F)
 YESTERDAY
  MAXIMUM         87    504 PM  97    1925  80      7       83
  MINIMUM         56    356 AM  43    1945  60     -4       67
  AVERAGE         72                        70      2       75

PRECIPITATION (IN)
  YESTERDAY        0.00          2.60 1993   0.17  -0.17     1.40
  MONTH TO DATE    0.00                      0.67  -0.67     2.32
  SINCE JUN 1      0.00                      0.67  -0.67     2.32
  SINCE JAN 1     18.86                     20.00  -1.14    20.61

SNOWFALL (IN)
  YESTERDAY        0.0          MM      MM   0.0    0.0      0.0
  MONTH TO DATE    0.0                       0.0    0.0      0.0
  SINCE JUN 1      0.0                       0.0    0.0      0.0
  SINCE JUL 1      3.4                      13.0   -9.6     15.3
  SNOW DEPTH       0

DEGREE DAYS
 HEATING
  YESTERDAY        0                         1     -1        0
  MONTH TO DATE    0                         4     -4        0
  SINCE JUN 1      0                         4     -4        0
  SINCE JUL 1   3471                      4604  -1133     3764

 COOLING
  YESTERDAY        7                         6      1       10
  MONTH TO DATE   22                        21      1       38
  SINCE JUN 1     22                        21      1       38
  SINCE JAN 1    219                       128     91      152
..................................................................


WIND (MPH)
  HIGHEST WIND SPEED    10   HIGHEST WIND DIRECTION    SW (220)
  HIGHEST GUST SPEED    14   HIGHEST GUST DIRECTION    SW (230)
  AVERAGE WIND SPEED     2.7


SKY COVER
  POSSIBLE SUNSHINE  MM
  AVERAGE SKY COVER 0.0


WEATHER CONDITIONS
 THE FOLLOWING WEATHER WAS RECORDED YESTERDAY.
  NO SIGNIFICANT WEATHER WAS OBSERVED.


RELATIVE HUMIDITY (PERCENT)
 HIGHEST    86           400 AM
 LOWEST     23           300 PM
 AVERAGE    55

..........................................................


THE LEXINGTON KY CLIMATE NORMALS FOR TODAY
                         NORMAL    RECORD    YEAR
 MAXIMUM TEMPERATURE (F)   80        94      1942
 MINIMUM TEMPERATURE (F)   60        42      1990
                                             1945


SUNRISE AND SUNSET
JUNE  5 2017..........SUNRISE   616 AM EDT   SUNSET   858 PM EDT
JUNE  6 2017..........SUNRISE   616 AM EDT   SUNSET   859 PM EDT


-  INDICATES NEGATIVE NUMBERS.
R  INDICATES RECORD WAS SET OR TIED.
MM INDICATES DATA IS MISSING.
T  INDICATES TRACE AMOUNT.




$$
