000
CDUS43 KLMK 230631
CLILEX


CLIMATE REPORT
NATIONAL WEATHER SERVICE LOUISVILLE KY
231 AM EDT SAT APR 23 2016


...................................

...THE LEXINGTON KY CLIMATE SUMMARY FOR APRIL 22 2016...

CLIMATE NORMAL PERIOD 1981 TO 2010
CLIMATE RECORD PERIOD 1872 TO 2016


WEATHER ITEM   OBSERVED TIME   RECORD YEAR NORMAL DEPARTURE LAST
                VALUE   (LST)  VALUE       VALUE  FROM      YEAR
                                                  NORMAL
..................................................................
TEMPERATURE (F)
 YESTERDAY
  MAXIMUM         71    157 PM  85    1987  68      3       60
                                      1985
                                      1944
  MINIMUM         54    447 AM  26    1875  47      7       41
  AVERAGE         63                        57      6       51

PRECIPITATION (IN)
  YESTERDAY        0.07          2.45 1957   0.13  -0.06     0.04
  MONTH TO DATE    1.30                      2.53  -1.23    10.61
  SINCE MAR 1      4.09                      6.60  -2.51    18.07
  SINCE JAN 1      9.79                     13.00  -3.21    22.92

SNOWFALL (IN)
  YESTERDAY        0.0           1.0  1901   0.0    0.0      0.0
  MONTH TO DATE    T                         0.3   -0.3      0.0
  SINCE MAR 1      0.7                       1.7   -1.0     17.1
  SINCE JUL 1     15.3                      13.0    2.3     40.0
  SNOW DEPTH       0

DEGREE DAYS
 HEATING
  YESTERDAY        2                         9     -7       14
  MONTH TO DATE  245                       254     -9      145
  SINCE MAR 1    639                       859   -220      794
  SINCE JUL 1   3610                      4430   -820     4772

 COOLING
  YESTERDAY        0                         1     -1        0
  MONTH TO DATE   10                        13     -3       12
  SINCE MAR 1     13                        15     -2       12
  SINCE JAN 1     13                        15     -2       12
..................................................................


WIND (MPH)
  HIGHEST WIND SPEED    22   HIGHEST WIND DIRECTION    NW (320)
  HIGHEST GUST SPEED    30   HIGHEST GUST DIRECTION    NW (320)
  AVERAGE WIND SPEED     8.1


SKY COVER
  POSSIBLE SUNSHINE  MM
  AVERAGE SKY COVER 0.6


WEATHER CONDITIONS
 THE FOLLOWING WEATHER WAS RECORDED YESTERDAY.
  THUNDERSTORM
  RAIN
  LIGHT RAIN
  FOG


RELATIVE HUMIDITY (PERCENT)
 HIGHEST    93           500 AM
 LOWEST     60           500 PM
 AVERAGE    77

..........................................................


THE LEXINGTON KY CLIMATE NORMALS FOR TODAY
                         NORMAL    RECORD    YEAR
 MAXIMUM TEMPERATURE (F)   68        86      1946
                                             1937
                                             1925
 MINIMUM TEMPERATURE (F)   47        24      1986


SUNRISE AND SUNSET
APRIL 23 2016.........SUNRISE   651 AM EDT   SUNSET   822 PM EDT
APRIL 24 2016.........SUNRISE   650 AM EDT   SUNSET   823 PM EDT


-  INDICATES NEGATIVE NUMBERS.
R  INDICATES RECORD WAS SET OR TIED.
MM INDICATES DATA IS MISSING.
T  INDICATES TRACE AMOUNT.




$$
