000
CDUS43 KLMK 060631
CLILEX


CLIMATE REPORT
NATIONAL WEATHER SERVICE LOUISVILLE KY
131 AM EST SAT FEB 6 2016


...................................

...THE LEXINGTON KY CLIMATE SUMMARY FOR FEBRUARY 5 2016...

CLIMATE NORMAL PERIOD 1981 TO 2010
CLIMATE RECORD PERIOD 1872 TO 2016


WEATHER ITEM   OBSERVED TIME   RECORD YEAR NORMAL DEPARTURE LAST
                VALUE   (LST)  VALUE       VALUE  FROM      YEAR
                                                  NORMAL
..................................................................
TEMPERATURE (F)
 YESTERDAY
  MAXIMUM         43    240 PM  68    1927  43      0       30
  MINIMUM         18    730 AM  -7    1917  26     -8       15
  AVERAGE         31                        35     -4       23

PRECIPITATION (IN)
  YESTERDAY        0.00          1.59 1955   0.11  -0.11     0.02
  MONTH TO DATE    1.38                      0.58   0.80     0.60
  SINCE DEC 1      9.83                      7.71   2.12     5.75
  SINCE JAN 1      2.62                      3.78  -1.16     2.45

SNOWFALL (IN)
  YESTERDAY        0.0           3.5  1948   0.2   -0.2      0.3
  MONTH TO DATE    0.0                       1.0   -1.0      0.3
  SINCE DEC 1      9.6                       7.4    2.2      6.2
  SINCE JUL 1      9.6                       7.7    1.9      7.8
  SNOW DEPTH       0

DEGREE DAYS
 HEATING
  YESTERDAY       34                        30      4       42
  MONTH TO DATE  108                       154    -46      159
  SINCE DEC 1   1626                      2050   -424     2014
  SINCE JUL 1   2312                      2937   -625     3021

 COOLING
  YESTERDAY        0                         0      0        0
  MONTH TO DATE    0                         0      0        0
  SINCE DEC 1      0                         0      0        0
  SINCE JAN 1      0                         0      0        0
..................................................................


WIND (MPH)
  HIGHEST WIND SPEED    13   HIGHEST WIND DIRECTION    SW (220)
  HIGHEST GUST SPEED    15   HIGHEST GUST DIRECTION    SW (210)
  AVERAGE WIND SPEED     5.1


SKY COVER
  POSSIBLE SUNSHINE  MM
  AVERAGE SKY COVER 0.0


WEATHER CONDITIONS
 THE FOLLOWING WEATHER WAS RECORDED YESTERDAY.
  NO SIGNIFICANT WEATHER WAS OBSERVED.


RELATIVE HUMIDITY (PERCENT)
 HIGHEST    84           500 AM
 LOWEST     34           200 PM
 AVERAGE    59

..........................................................


THE LEXINGTON KY CLIMATE NORMALS FOR TODAY
                         NORMAL    RECORD    YEAR
 MAXIMUM TEMPERATURE (F)   43        67      1925
 MINIMUM TEMPERATURE (F)   26         0      1988


SUNRISE AND SUNSET
FEBRUARY  6 2016......SUNRISE   739 AM EST   SUNSET   607 PM EST
FEBRUARY  7 2016......SUNRISE   738 AM EST   SUNSET   608 PM EST


-  INDICATES NEGATIVE NUMBERS.
R  INDICATES RECORD WAS SET OR TIED.
MM INDICATES DATA IS MISSING.
T  INDICATES TRACE AMOUNT.




$$
