000
CDUS43 KLMK 170637
CLILEX


CLIMATE REPORT
NATIONAL WEATHER SERVICE LOUISVILLE KY
137 AM EST TUE FEB 17 2015


...................................

...THE LEXINGTON KY CLIMATE SUMMARY FOR FEBRUARY 16 2015...

CLIMATE NORMAL PERIOD 1981 TO 2010
CLIMATE RECORD PERIOD 1872 TO 2015


WEATHER ITEM   OBSERVED TIME   RECORD YEAR NORMAL DEPARTURE LAST
                VALUE   (LST)  VALUE       VALUE  FROM      YEAR
                                                  NORMAL
..................................................................
TEMPERATURE (F)
 YESTERDAY
  MAXIMUM         18   1213 AM  69    1889  46    -28       37
  MINIMUM          8   1159 PM   0    1905  28    -20       26
  AVERAGE         13                        37    -24       32

PRECIPITATION (IN)
  YESTERDAY        1.05R         0.89 1932   0.11   0.94     0.03
  MONTH TO DATE    1.71                      1.81  -0.10     3.42
  SINCE DEC 1      6.86                      8.94  -2.08    11.31
  SINCE JAN 1      3.56                      5.01  -1.45     5.73

SNOWFALL (IN)
  YESTERDAY       10.2 R         6.0  1967   0.2   10.0      0.4
  MONTH TO DATE   10.9                       3.0    7.9      8.3
  SINCE DEC 1     16.8                       9.4    7.4     17.5
  SINCE JUL 1     18.4                       9.7    8.7     18.9
  SNOW DEPTH       2

DEGREE DAYS
 HEATING
  YESTERDAY       52                        28     24       33
  MONTH TO DATE  552                       474     78      598
  SINCE DEC 1   2407                      2370     37     2605
  SINCE JUL 1   3414                      3257    157     3532

 COOLING
  YESTERDAY        0                         0      0        0
  MONTH TO DATE    0                         0      0        0
  SINCE DEC 1      0                         0      0        0
  SINCE JAN 1      0                         0      0        0
..................................................................


WIND (MPH)
  HIGHEST WIND SPEED    17   HIGHEST WIND DIRECTION    NE (50)
  HIGHEST GUST SPEED    21   HIGHEST GUST DIRECTION     E (80)
  AVERAGE WIND SPEED    11.8


SKY COVER
  POSSIBLE SUNSHINE  MM
  AVERAGE SKY COVER 1.0


WEATHER CONDITIONS
 THE FOLLOWING WEATHER WAS RECORDED YESTERDAY.
  SNOW
  LIGHT SNOW
  FOG
  FOG W/VISIBILITY <= 1/4 MILE


RELATIVE HUMIDITY (PERCENT)
 HIGHEST    92           800 AM
 LOWEST     47          1200 AM
 AVERAGE    70

..........................................................


THE LEXINGTON KY CLIMATE NORMALS FOR TODAY
                         NORMAL    RECORD    YEAR
 MAXIMUM TEMPERATURE (F)   46        72      1927
 MINIMUM TEMPERATURE (F)   29        -6      1958


SUNRISE AND SUNSET
FEBRUARY 17 2015......SUNRISE   726 AM EST   SUNSET   619 PM EST
FEBRUARY 18 2015......SUNRISE   725 AM EST   SUNSET   620 PM EST


-  INDICATES NEGATIVE NUMBERS.
R  INDICATES RECORD WAS SET OR TIED.
MM INDICATES DATA IS MISSING.
T  INDICATES TRACE AMOUNT.




$$
