152
CDUS43 KLMK 180631
CLILEX


CLIMATE REPORT
NATIONAL WEATHER SERVICE LOUISVILLE KY
230 AM EDT SAT MAR 18 2017


...................................

...THE LEXINGTON KY CLIMATE SUMMARY FOR MARCH 17 2017...

CLIMATE NORMAL PERIOD 1981 TO 2010
CLIMATE RECORD PERIOD 1872 TO 2017


WEATHER ITEM   OBSERVED TIME   RECORD YEAR NORMAL DEPARTURE LAST
                VALUE   (LST)  VALUE       VALUE  FROM      YEAR
                                                  NORMAL
..................................................................
TEMPERATURE (F)
 YESTERDAY
  MAXIMUM         51   1159 PM  76    1989  56     -5       66
                                      1934
  MINIMUM         28   1224 AM   4    1900  36     -8       44
  AVERAGE         40                        46     -6       55

PRECIPITATION (IN)
  YESTERDAY        0.09          1.16 1932   0.13  -0.04     0.00
  MONTH TO DATE    1.36                      2.18  -0.82     2.07
  SINCE MAR 1      1.36                      2.18  -0.82     2.07
  SINCE JAN 1      9.46                      8.58   0.88     7.77

SNOWFALL (IN)
  YESTERDAY        0.0           7.0  1892   0.0    0.0      0.0
  MONTH TO DATE    T                         0.9   -0.9      0.7
  SINCE MAR 1      T                         0.9   -0.9      0.7
  SINCE JUL 1      3.4                      12.2   -8.8     15.3
  SNOW DEPTH       0

DEGREE DAYS
 HEATING
  YESTERDAY       25                        19      6       10
  MONTH TO DATE  387                       369     18      202
  SINCE MAR 1    387                       369     18      202
  SINCE JUL 1   3097                      3940   -843     3173

 COOLING
  YESTERDAY        0                         0      0        0
  MONTH TO DATE    0                         0      0        1
  SINCE MAR 1      0                         0      0        1
  SINCE JAN 1      4                         0      4        1
..................................................................


WIND (MPH)
  HIGHEST WIND SPEED    24   HIGHEST WIND DIRECTION     S (180)
  HIGHEST GUST SPEED    30   HIGHEST GUST DIRECTION     S (180)
  AVERAGE WIND SPEED    10.9


SKY COVER
  POSSIBLE SUNSHINE  MM
  AVERAGE SKY COVER 0.9


WEATHER CONDITIONS
 THE FOLLOWING WEATHER WAS RECORDED YESTERDAY.
  LIGHT RAIN
  FOG


RELATIVE HUMIDITY (PERCENT)
 HIGHEST    93           400 PM
 LOWEST     38           200 AM
 AVERAGE    66

..........................................................


THE LEXINGTON KY CLIMATE NORMALS FOR TODAY
                         NORMAL    RECORD    YEAR
 MAXIMUM TEMPERATURE (F)   56        79      1982
 MINIMUM TEMPERATURE (F)   36        10      1941
                                             1902


SUNRISE AND SUNSET
MARCH 18 2017.........SUNRISE   745 AM EDT   SUNSET   749 PM EDT
MARCH 19 2017.........SUNRISE   743 AM EDT   SUNSET   750 PM EDT


-  INDICATES NEGATIVE NUMBERS.
R  INDICATES RECORD WAS SET OR TIED.
MM INDICATES DATA IS MISSING.
T  INDICATES TRACE AMOUNT.




$$
