000
CDUS43 KLMK 260627
CLILEX


CLIMATE REPORT
NATIONAL WEATHER SERVICE LOUISVILLE KY
126 AM EST SAT NOV 26 2016


...................................

...THE LEXINGTON KY CLIMATE SUMMARY FOR NOVEMBER 25 2016...

CLIMATE NORMAL PERIOD 1981 TO 2010
CLIMATE RECORD PERIOD 1872 TO 2016


WEATHER ITEM   OBSERVED TIME   RECORD YEAR NORMAL DEPARTURE LAST
                VALUE   (LST)  VALUE       VALUE  FROM      YEAR
                                                  NORMAL
..................................................................
TEMPERATURE (F)
 YESTERDAY
  MAXIMUM         47    113 AM  72    1896  51     -4       60
  MINIMUM         39   1159 PM  -3    1950  34      5       39
  AVERAGE         43                        42      1       50

PRECIPITATION (IN)
  YESTERDAY        0.00          2.03 1919   0.13  -0.13     0.00
  MONTH TO DATE    0.54                      2.90  -2.36     1.87
  SINCE SEP 1      3.04                      8.94  -5.90     8.03
  SINCE JAN 1     37.41                     40.61  -3.20    51.32

SNOWFALL (IN)
  YESTERDAY        0.0           1.0  1950   0.0    0.0      0.0
  MONTH TO DATE    0.0                       0.2   -0.2       T
  SINCE SEP 1      0.0                       0.2   -0.2       T
  SINCE JUL 1      0.0                       0.2   -0.2       T
  SNOW DEPTH       0

DEGREE DAYS
 HEATING
  YESTERDAY       22                        23     -1       15
  MONTH TO DATE  364                       443    -79      374
  SINCE SEP 1    497                       767   -270      626
  SINCE JUL 1    497                       769   -272      626

 COOLING
  YESTERDAY        0                         0      0        0
  MONTH TO DATE   15                         0     15        4
  SINCE SEP 1    364                       171    193      223
  SINCE JAN 1   1640                      1188    452     1284
..................................................................


WIND (MPH)
  HIGHEST WIND SPEED    13   HIGHEST WIND DIRECTION     N (350)
  HIGHEST GUST SPEED    15   HIGHEST GUST DIRECTION    NW (310)
  AVERAGE WIND SPEED     6.5


SKY COVER
  POSSIBLE SUNSHINE  MM
  AVERAGE SKY COVER 1.0


WEATHER CONDITIONS
 THE FOLLOWING WEATHER WAS RECORDED YESTERDAY.
  FOG
  HAZE


RELATIVE HUMIDITY (PERCENT)
 HIGHEST    92           300 AM
 LOWEST     70           900 PM
 AVERAGE    81

..........................................................


THE LEXINGTON KY CLIMATE NORMALS FOR TODAY
                         NORMAL    RECORD    YEAR
 MAXIMUM TEMPERATURE (F)   51        72      1887
 MINIMUM TEMPERATURE (F)   34         9      1930


SUNRISE AND SUNSET
NOVEMBER 26 2016......SUNRISE   731 AM EST   SUNSET   520 PM EST
NOVEMBER 27 2016......SUNRISE   732 AM EST   SUNSET   520 PM EST


-  INDICATES NEGATIVE NUMBERS.
R  INDICATES RECORD WAS SET OR TIED.
MM INDICATES DATA IS MISSING.
T  INDICATES TRACE AMOUNT.




$$
