539
CDUS43 KLMK 070627
CLILEX


CLIMATE REPORT
NATIONAL WEATHER SERVICE LOUISVILLE KY
127 AM EST SUN FEB 7 2016


...................................

...THE LEXINGTON KY CLIMATE SUMMARY FOR FEBRUARY 6 2016...

CLIMATE NORMAL PERIOD 1981 TO 2010
CLIMATE RECORD PERIOD 1872 TO 2016


WEATHER ITEM   OBSERVED TIME   RECORD YEAR NORMAL DEPARTURE LAST
                VALUE   (LST)  VALUE       VALUE  FROM      YEAR
                                                  NORMAL
..................................................................
TEMPERATURE (F)
 YESTERDAY
  MAXIMUM         50    345 PM  67    1925  43      7       40
  MINIMUM         27    814 AM   0    1988  26      1       12
  AVERAGE         39                        35      4       26

PRECIPITATION (IN)
  YESTERDAY        0.00          1.39 2008   0.12  -0.12     0.00
  MONTH TO DATE    1.38                      0.70   0.68     0.60
  SINCE DEC 1      9.83                      7.83   2.00     5.75
  SINCE JAN 1      2.62                      3.90  -1.28     2.45

SNOWFALL (IN)
  YESTERDAY        0.0           3.6  1998   0.2   -0.2      0.0
  MONTH TO DATE    0.0                       1.2   -1.2      0.3
  SINCE DEC 1      9.6                       7.6    2.0      6.2
  SINCE JUL 1      9.6                       7.9    1.7      7.8
  SNOW DEPTH       0

DEGREE DAYS
 HEATING
  YESTERDAY       26                        30     -4       39
  MONTH TO DATE  134                       184    -50      198
  SINCE DEC 1   1652                      2080   -428     2053
  SINCE JUL 1   2338                      2967   -629     3060

 COOLING
  YESTERDAY        0                         0      0        0
  MONTH TO DATE    0                         0      0        0
  SINCE DEC 1      0                         0      0        0
  SINCE JAN 1      0                         0      0        0
..................................................................


WIND (MPH)
  HIGHEST WIND SPEED    15   HIGHEST WIND DIRECTION     W (250)
  HIGHEST GUST SPEED    18   HIGHEST GUST DIRECTION     W (250)
  AVERAGE WIND SPEED     6.3


SKY COVER
  POSSIBLE SUNSHINE  MM
  AVERAGE SKY COVER 0.0


WEATHER CONDITIONS
 THE FOLLOWING WEATHER WAS RECORDED YESTERDAY.
  NO SIGNIFICANT WEATHER WAS OBSERVED.


RELATIVE HUMIDITY (PERCENT)
 HIGHEST    68           800 AM
 LOWEST     36           200 PM
 AVERAGE    52

..........................................................


THE LEXINGTON KY CLIMATE NORMALS FOR TODAY
                         NORMAL    RECORD    YEAR
 MAXIMUM TEMPERATURE (F)   43        67      1925
 MINIMUM TEMPERATURE (F)   26        -9      1978


SUNRISE AND SUNSET
FEBRUARY  7 2016......SUNRISE   738 AM EST   SUNSET   608 PM EST
FEBRUARY  8 2016......SUNRISE   737 AM EST   SUNSET   609 PM EST


-  INDICATES NEGATIVE NUMBERS.
R  INDICATES RECORD WAS SET OR TIED.
MM INDICATES DATA IS MISSING.
T  INDICATES TRACE AMOUNT.




$$
