000
CDUS43 KLMK 310645
CLILEX


CLIMATE REPORT
NATIONAL WEATHER SERVICE LOUISVILLE KY
245 AM EDT MON MAR 31 2014


...................................

...THE LEXINGTON KY CLIMATE SUMMARY FOR MARCH 30 2014...

CLIMATE NORMAL PERIOD 1981 TO 2010
CLIMATE RECORD PERIOD 1872 TO 2014


WEATHER ITEM   OBSERVED TIME   RECORD YEAR NORMAL DEPARTURE LAST
                VALUE   (LST)  VALUE       VALUE  FROM      YEAR
                                                  NORMAL
..................................................................
TEMPERATURE (F)
 YESTERDAY
  MAXIMUM         57    439 PM  83    1895  60     -3       61
  MINIMUM         32    717 AM  17    1964  40     -8       29
                                      1923
  AVERAGE         45                        50     -5       45

PRECIPITATION (IN)
  YESTERDAY        0.00          2.02 1940   0.14  -0.14     0.00
  MONTH TO DATE    2.89                      3.94  -1.05     5.18
  SINCE MAR 1      2.89                      3.94  -1.05     5.18
  SINCE JAN 1      9.93                     10.34  -0.41    11.16

SNOWFALL (IN)
  YESTERDAY        0.0           0.5  1987   0.1   -0.1      0.0
  MONTH TO DATE    7.5                       1.4    6.1      4.0
  SINCE MAR 1      7.5                       1.4    6.1      4.0
  SINCE JUL 1     26.8                      12.7   14.1     12.5
  SNOW DEPTH       0

DEGREE DAYS
 HEATING
  YESTERDAY       20                        15      5       20
  MONTH TO DATE  701                       591    110      771
  SINCE MAR 1    701                       591    110      771
  SINCE JUL 1   4544                      4162    382     4279

 COOLING
  YESTERDAY        0                         0      0        0
  MONTH TO DATE    0                         0      0        0
  SINCE MAR 1      0                         0      0        0
  SINCE JAN 1      0                         0      0        0
..................................................................


WIND (MPH)
  HIGHEST WIND SPEED    15   HIGHEST WIND DIRECTION    NW (320)
  HIGHEST GUST SPEED    23   HIGHEST GUST DIRECTION    NW (320)
  AVERAGE WIND SPEED     6.7


SKY COVER
  POSSIBLE SUNSHINE  MM
  AVERAGE SKY COVER 0.3


WEATHER CONDITIONS
 THE FOLLOWING WEATHER WAS RECORDED YESTERDAY.
  NO SIGNIFICANT WEATHER WAS OBSERVED.


RELATIVE HUMIDITY (PERCENT)
 HIGHEST    92           300 AM
 LOWEST     32           500 PM
 AVERAGE    62

..........................................................


THE LEXINGTON KY CLIMATE NORMALS FOR TODAY
                         NORMAL    RECORD    YEAR
 MAXIMUM TEMPERATURE (F)   61        82      1986
                                             1981
 MINIMUM TEMPERATURE (F)   40        14      1923


SUNRISE AND SUNSET
MARCH 31 2014.........SUNRISE   725 AM EDT   SUNSET   801 PM EDT
APRIL  1 2014.........SUNRISE   724 AM EDT   SUNSET   801 PM EDT


-  INDICATES NEGATIVE NUMBERS.
R  INDICATES RECORD WAS SET OR TIED.
MM INDICATES DATA IS MISSING.
T  INDICATES TRACE AMOUNT.




$$
