000
CDUS43 KLMK 180700
CLILEX


CLIMATE REPORT
NATIONAL WEATHER SERVICE LOUISVILLE KY
259 AM EDT SAT JUL 18 2015


...................................

...THE LEXINGTON KY CLIMATE SUMMARY FOR JULY 17 2015...

CLIMATE NORMAL PERIOD 1981 TO 2010
CLIMATE RECORD PERIOD 1872 TO 2015


WEATHER ITEM   OBSERVED TIME   RECORD YEAR NORMAL DEPARTURE LAST
                VALUE   (LST)  VALUE       VALUE  FROM      YEAR
                                                  NORMAL
..................................................................
TEMPERATURE (F)
 YESTERDAY
  MAXIMUM         90    422 PM  99    1935  86      4       80
  MINIMUM         68    534 AM  53    1976  67      1       54
  AVERAGE         79                        76      3       67

PRECIPITATION (IN)
  YESTERDAY        1.17          1.63 1912   0.16   1.01     0.00
  MONTH TO DATE    8.28                      2.53   5.75     0.86
  SINCE JUN 1     13.92                      6.97   6.95     6.45
  SINCE JAN 1     39.71                     26.30  13.41    27.80

SNOWFALL (IN)
  YESTERDAY        0.0          MM      MM   0.0    0.0      0.0
  MONTH TO DATE    0.0                       0.0    0.0      0.0
  SINCE JUN 1      0.0                       0.0    0.0      0.0
  SINCE JUL 1      0.0                       0.0    0.0      0.0
  SNOW DEPTH       0

DEGREE DAYS
 HEATING
  YESTERDAY        0                         0      0        0
  MONTH TO DATE    0                         0      0        0
  SINCE JUN 1     18                        11      7        0
  SINCE JUL 1      0                         0      0        0

 COOLING
  YESTERDAY       14                        11      3        2
  MONTH TO DATE  171                       187    -16      161
  SINCE JUN 1    460                       429     31      466
  SINCE JAN 1    628                       536     92      627
..................................................................


WIND (MPH)
  HIGHEST WIND SPEED    23   HIGHEST WIND DIRECTION     N (20)
  HIGHEST GUST SPEED    28   HIGHEST GUST DIRECTION     N (20)
  AVERAGE WIND SPEED     9.1


SKY COVER
  POSSIBLE SUNSHINE  MM
  AVERAGE SKY COVER 0.4


WEATHER CONDITIONS
 THE FOLLOWING WEATHER WAS RECORDED YESTERDAY.
  THUNDERSTORM
  HEAVY RAIN
  RAIN
  LIGHT RAIN
  FOG


RELATIVE HUMIDITY (PERCENT)
 HIGHEST    93          1100 PM
 LOWEST     59           300 PM
 AVERAGE    76

..........................................................


THE LEXINGTON KY CLIMATE NORMALS FOR TODAY
                         NORMAL    RECORD    YEAR
 MAXIMUM TEMPERATURE (F)   86       100      1954
 MINIMUM TEMPERATURE (F)   67        54      1976


SUNRISE AND SUNSET
JULY 18 2015..........SUNRISE   630 AM EDT   SUNSET   859 PM EDT
JULY 19 2015..........SUNRISE   631 AM EDT   SUNSET   858 PM EDT


-  INDICATES NEGATIVE NUMBERS.
R  INDICATES RECORD WAS SET OR TIED.
MM INDICATES DATA IS MISSING.
T  INDICATES TRACE AMOUNT.




$$
