000
CDUS43 KLMK 182126
CLILEX


CLIMATE REPORT
NATIONAL WEATHER SERVICE LOUISVILLE KY
426 PM EST TUE NOV 18 2014


...................................

...THE LEXINGTON KY CLIMATE SUMMARY FOR NOVEMBER 18 2014...
VALID TODAY AS OF 0400 PM LOCAL TIME.

CLIMATE NORMAL PERIOD 1981 TO 2010
CLIMATE RECORD PERIOD 1872 TO 2014


WEATHER ITEM   OBSERVED TIME   RECORD YEAR NORMAL DEPARTURE LAST
                VALUE   (LST)  VALUE       VALUE  FROM      YEAR
                                                  NORMAL
..................................................................
TEMPERATURE (F)
 TODAY
  MAXIMUM         22    359 PM  75    1985  54    -32       57
                                      1930
  MINIMUM         12R   758 AM  12    1959  37    -25       37
  AVERAGE         17                        45    -28       47

PRECIPITATION (IN)
  TODAY            T             2.57 1957   0.13  -0.13     0.00
  MONTH TO DATE    1.37                      2.02  -0.65     1.74
  SINCE SEP 1     10.19                      8.06   2.13     9.60
  SINCE JAN 1     49.92                     39.73  10.19    53.24

SNOWFALL (IN)
  TODAY            T             1.0  1889   0.0    0.0      0.0
  MONTH TO DATE    1.6                       0.1    1.5      0.4
  SINCE SEP 1      1.6                       0.1    1.5      0.4
  SINCE JUL 1      1.6                       0.1    1.5      0.4
  SNOW DEPTH       1

DEGREE DAYS
 HEATING
  TODAY           48                        20     28       18
  MONTH TO DATE  457                       294    163      299
  SINCE SEP 1    703                       618     85      581
  SINCE JUL 1    705                       620     85      584

 COOLING
  TODAY            0                         0      0        0
  MONTH TO DATE    0                         0      0        0
  SINCE SEP 1    193                       171     22      207
  SINCE JAN 1   1274                      1188     86     1245
..................................................................


WIND (MPH)
  HIGHEST WIND SPEED    20   HIGHEST WIND DIRECTION     W (270)
  HIGHEST GUST SPEED    24   HIGHEST GUST DIRECTION     W (270)
  AVERAGE WIND SPEED    11.2


SKY COVER
  POSSIBLE SUNSHINE  MM
  AVERAGE SKY COVER 0.4


WEATHER CONDITIONS
 THE FOLLOWING WEATHER WAS RECORDED TODAY.
  LIGHT SNOW
  FOG


RELATIVE HUMIDITY (PERCENT)
 HIGHEST    84          1200 AM
 LOWEST     57           400 PM
 AVERAGE    71

..........................................................


THE LEXINGTON KY CLIMATE NORMALS FOR TOMORROW
                         NORMAL    RECORD    YEAR
 MAXIMUM TEMPERATURE (F)   54        77      1942
                                             1930
 MINIMUM TEMPERATURE (F)   36        14      1951


SUNRISE AND SUNSET
NOVEMBER 18 2014......SUNRISE   722 AM EST   SUNSET   524 PM EST
NOVEMBER 19 2014......SUNRISE   723 AM EST   SUNSET   524 PM EST


-  INDICATES NEGATIVE NUMBERS.
R  INDICATES RECORD WAS SET OR TIED.
MM INDICATES DATA IS MISSING.
T  INDICATES TRACE AMOUNT.




$$
