000
CDUS43 KLMK 130628
CLILEX


CLIMATE REPORT
NATIONAL WEATHER SERVICE LOUISVILLE KY
128 AM EST THU NOV 13 2014


...................................

...THE LEXINGTON KY CLIMATE SUMMARY FOR NOVEMBER 12 2014...

CLIMATE NORMAL PERIOD 1981 TO 2010
CLIMATE RECORD PERIOD 1872 TO 2014


WEATHER ITEM   OBSERVED TIME   RECORD YEAR NORMAL DEPARTURE LAST
                VALUE   (LST)  VALUE       VALUE  FROM      YEAR
                                                  NORMAL
..................................................................
TEMPERATURE (F)
 YESTERDAY
  MAXIMUM         37    101 PM  75    1945  57    -20       50
                                      1938
  MINIMUM         34   1159 PM  14    1911  39     -5       24
  AVERAGE         36                        48    -12       37

PRECIPITATION (IN)
  YESTERDAY        0.00          2.06 2003   0.11  -0.11     0.08
  MONTH TO DATE    0.54                      1.31  -0.77     0.84
  SINCE SEP 1      9.36                      7.35   2.01     8.70
  SINCE JAN 1     49.09                     39.02  10.07    52.34

SNOWFALL (IN)
  YESTERDAY        0.0           0.4  2013   0.0    0.0      0.4
  MONTH TO DATE    T                         0.0    0.0      0.4
  SINCE SEP 1      T                         0.0    0.0      0.4
  SINCE JUL 1      T                         0.0    0.0      0.4
  SNOW DEPTH       0

DEGREE DAYS
 HEATING
  YESTERDAY       29                        17     12       28
  MONTH TO DATE  230                       182     48      190
  SINCE SEP 1    476                       506    -30      472
  SINCE JUL 1    478                       508    -30      475

 COOLING
  YESTERDAY        0                         0      0        0
  MONTH TO DATE    0                         0      0        0
  SINCE SEP 1    193                       171     22      207
  SINCE JAN 1   1274                      1188     86     1245
..................................................................


WIND (MPH)
  HIGHEST WIND SPEED    18   HIGHEST WIND DIRECTION    NW (310)
  HIGHEST GUST SPEED    26   HIGHEST GUST DIRECTION    NW (310)
  AVERAGE WIND SPEED     6.9


SKY COVER
  POSSIBLE SUNSHINE  MM
  AVERAGE SKY COVER 1.0


WEATHER CONDITIONS
 THE FOLLOWING WEATHER WAS RECORDED YESTERDAY.
  FOG


RELATIVE HUMIDITY (PERCENT)
 HIGHEST    92          1200 AM
 LOWEST     70           600 PM
 AVERAGE    81

..........................................................


THE LEXINGTON KY CLIMATE NORMALS FOR TODAY
                         NORMAL    RECORD    YEAR
 MAXIMUM TEMPERATURE (F)   57        78      1955
 MINIMUM TEMPERATURE (F)   38        13      1911


SUNRISE AND SUNSET
NOVEMBER 13 2014......SUNRISE   717 AM EST   SUNSET   528 PM EST
NOVEMBER 14 2014......SUNRISE   718 AM EST   SUNSET   527 PM EST


-  INDICATES NEGATIVE NUMBERS.
R  INDICATES RECORD WAS SET OR TIED.
MM INDICATES DATA IS MISSING.
T  INDICATES TRACE AMOUNT.




$$
