994
CDUS43 KLMK 160626
CLILEX


CLIMATE REPORT
NATIONAL WEATHER SERVICE LOUISVILLE KY
226 AM EDT FRI SEP 16 2016


...................................

...THE LEXINGTON KY CLIMATE SUMMARY FOR SEPTEMBER 15 2016...

CLIMATE NORMAL PERIOD 1981 TO 2010
CLIMATE RECORD PERIOD 1872 TO 2016


WEATHER ITEM   OBSERVED TIME   RECORD YEAR NORMAL DEPARTURE LAST
                VALUE   (LST)  VALUE       VALUE  FROM      YEAR
                                                  NORMAL
..................................................................
TEMPERATURE (F)
 YESTERDAY
  MAXIMUM         88    242 PM  97    1936  79      9       81
  MINIMUM         68    430 AM  43    1985  58     10       51
                                      1904
                                      1873
  AVERAGE         78                        68     10       66

PRECIPITATION (IN)
  YESTERDAY        0.00          1.35 1909   0.09  -0.09     0.00
  MONTH TO DATE    0.22                      1.46  -1.24     0.98
  SINCE SEP 1      0.22                      1.46  -1.24     0.98
  SINCE JAN 1     34.59                     33.13   1.46    44.27

SNOWFALL (IN)
  YESTERDAY        0.0          MM      MM   0.0    0.0      0.0
  MONTH TO DATE    0.0                       0.0    0.0      0.0
  SINCE SEP 1      0.0                       0.0    0.0      0.0
  SINCE JUL 1      0.0                       0.0    0.0      0.0
  SNOW DEPTH       0

DEGREE DAYS
 HEATING
  YESTERDAY        0                         1     -1        0
  MONTH TO DATE    0                         7     -7       14
  SINCE SEP 1      0                         7     -7       14
  SINCE JUL 1      0                         9     -9       14

 COOLING
  YESTERDAY       13                         5      8        1
  MONTH TO DATE  152                        98     54      143
  SINCE SEP 1    152                        98     54      143
  SINCE JAN 1   1428                      1115    313     1204
..................................................................


WIND (MPH)
  HIGHEST WIND SPEED    13   HIGHEST WIND DIRECTION    NE (40)
  HIGHEST GUST SPEED    14   HIGHEST GUST DIRECTION     N (10)
  AVERAGE WIND SPEED     8.1


SKY COVER
  POSSIBLE SUNSHINE  MM
  AVERAGE SKY COVER 0.3


WEATHER CONDITIONS
 THE FOLLOWING WEATHER WAS RECORDED YESTERDAY.
  FOG
  HAZE


RELATIVE HUMIDITY (PERCENT)
 HIGHEST    90           200 AM
 LOWEST     43           300 PM
 AVERAGE    67

..........................................................


THE LEXINGTON KY CLIMATE NORMALS FOR TODAY
                         NORMAL    RECORD    YEAR
 MAXIMUM TEMPERATURE (F)   79        96      1897
 MINIMUM TEMPERATURE (F)   58        42      1984
                                             1923


SUNRISE AND SUNSET
SEPTEMBER 16 2016.....SUNRISE   721 AM EDT   SUNSET   744 PM EDT
SEPTEMBER 17 2016.....SUNRISE   722 AM EDT   SUNSET   742 PM EDT


-  INDICATES NEGATIVE NUMBERS.
R  INDICATES RECORD WAS SET OR TIED.
MM INDICATES DATA IS MISSING.
T  INDICATES TRACE AMOUNT.




$$
