000
CDUS43 KLMK 310628
CLILEX


CLIMATE REPORT
NATIONAL WEATHER SERVICE LOUISVILLE KY
128 AM EST SUN DEC 31 2017


...................................

...THE LEXINGTON KY CLIMATE SUMMARY FOR DECEMBER 30 2017...

CLIMATE NORMAL PERIOD 1981 TO 2010
CLIMATE RECORD PERIOD 1872 TO 2017


WEATHER ITEM   OBSERVED TIME   RECORD YEAR NORMAL DEPARTURE LAST
                VALUE   (LST)  VALUE       VALUE  FROM      YEAR
                                                  NORMAL
..................................................................
TEMPERATURE (F)
 YESTERDAY
  MAXIMUM         28    915 AM  67    1875  41    -13       40
  MINIMUM         11   1159 PM  -4    1909  26    -15       30
  AVERAGE         20                        33    -13       35

PRECIPITATION (IN)
  YESTERDAY        T             2.22 1990   0.12  -0.12     0.00
  MONTH TO DATE    2.36                      3.82  -1.46     6.14
  SINCE DEC 1      2.36                      3.82  -1.46     6.14
  SINCE JAN 1     49.16                     45.06   4.10    44.35

SNOWFALL (IN)
  YESTERDAY        T             2.5  2000   0.1   -0.1      0.0
  MONTH TO DATE    0.2                       2.4   -2.2      0.1
  SINCE DEC 1      0.2                       2.4   -2.2      0.1
  SINCE JUL 1      0.2                       2.7   -2.5      0.1
  SNOW DEPTH       0

DEGREE DAYS
 HEATING
  YESTERDAY       45                        32     13       30
  MONTH TO DATE  873                       868      5      829
  SINCE DEC 1    873                       868      5      829
  SINCE JUL 1   1653                      1755   -102     1415

 COOLING
  YESTERDAY        0                         0      0        0
  MONTH TO DATE    0                         0      0        0
  SINCE DEC 1      0                         0      0        0
  SINCE JAN 1   1290                      1190    100     1640
..................................................................


WIND (MPH)
  HIGHEST WIND SPEED    17   HIGHEST WIND DIRECTION     N (350)
  HIGHEST GUST SPEED    24   HIGHEST GUST DIRECTION     N (350)
  AVERAGE WIND SPEED     8.5


SKY COVER
  POSSIBLE SUNSHINE  MM
  AVERAGE SKY COVER 0.8


WEATHER CONDITIONS
 THE FOLLOWING WEATHER WAS RECORDED YESTERDAY.
  LIGHT SNOW
  HAZE


RELATIVE HUMIDITY (PERCENT)
 HIGHEST    75           700 AM
 LOWEST     53           900 PM
 AVERAGE    64

..........................................................


THE LEXINGTON KY CLIMATE NORMALS FOR TODAY
                         NORMAL    RECORD    YEAR
 MAXIMUM TEMPERATURE (F)   41        72      1951
 MINIMUM TEMPERATURE (F)   25        -1      1899


SUNRISE AND SUNSET
DECEMBER 31 2017......SUNRISE   754 AM EST   SUNSET   529 PM EST
JANUARY  1 2018.......SUNRISE   755 AM EST   SUNSET   530 PM EST


-  INDICATES NEGATIVE NUMBERS.
R  INDICATES RECORD WAS SET OR TIED.
MM INDICATES DATA IS MISSING.
T  INDICATES TRACE AMOUNT.




$$
