000
CDUS43 KLMK 050628
CLILEX


CLIMATE REPORT
NATIONAL WEATHER SERVICE LOUISVILLE KY
128 AM EST SUN FEB 5 2017


...................................

...THE LEXINGTON KY CLIMATE SUMMARY FOR FEBRUARY 4 2017...

CLIMATE NORMAL PERIOD 1981 TO 2010
CLIMATE RECORD PERIOD 1872 TO 2017


WEATHER ITEM   OBSERVED TIME   RECORD YEAR NORMAL DEPARTURE LAST
                VALUE   (LST)  VALUE       VALUE  FROM      YEAR
                                                  NORMAL
..................................................................
TEMPERATURE (F)
 YESTERDAY
  MAXIMUM         40    459 PM  70    1962  43     -3       37
                                      1890
  MINIMUM         10    631 AM -10    1996  26    -16       26
  AVERAGE         25                        34     -9       32

PRECIPITATION (IN)
  YESTERDAY        0.00          1.85 1997   0.12  -0.12     0.00
  MONTH TO DATE    0.00                      0.47  -0.47     1.38
  SINCE DEC 1     10.89                      7.60   3.29     9.83
  SINCE JAN 1      4.71                      3.67   1.04     2.62

SNOWFALL (IN)
  YESTERDAY        0.0          11.0  1998   0.2   -0.2      0.0
  MONTH TO DATE    0.0                       0.8   -0.8      0.0
  SINCE DEC 1      3.4                       7.2   -3.8      9.6
  SINCE JUL 1      3.4                       7.5   -4.1      9.6
  SNOW DEPTH       0

DEGREE DAYS
 HEATING
  YESTERDAY       40                        31      9       33
  MONTH TO DATE  130                       124      6       74
  SINCE DEC 1   1748                      2020   -272     1592
  SINCE JUL 1   2334                      2907   -573     2278

 COOLING
  YESTERDAY        0                         0      0        0
  MONTH TO DATE    0                         0      0        0
  SINCE DEC 1      0                         0      0        0
  SINCE JAN 1      0                         0      0        0
..................................................................


WIND (MPH)
  HIGHEST WIND SPEED    14   HIGHEST WIND DIRECTION    SE (140)
  HIGHEST GUST SPEED    17   HIGHEST GUST DIRECTION     E (100)
  AVERAGE WIND SPEED     5.2


SKY COVER
  POSSIBLE SUNSHINE  MM
  AVERAGE SKY COVER 0.2


WEATHER CONDITIONS
 THE FOLLOWING WEATHER WAS RECORDED YESTERDAY.
  NO SIGNIFICANT WEATHER WAS OBSERVED.


RELATIVE HUMIDITY (PERCENT)
 HIGHEST    76           600 AM
 LOWEST     21           300 PM
 AVERAGE    49

..........................................................


THE LEXINGTON KY CLIMATE NORMALS FOR TODAY
                         NORMAL    RECORD    YEAR
 MAXIMUM TEMPERATURE (F)   43        68      1927
 MINIMUM TEMPERATURE (F)   26        -7      1917


SUNRISE AND SUNSET
FEBRUARY  5 2017......SUNRISE   739 AM EST   SUNSET   606 PM EST
FEBRUARY  6 2017......SUNRISE   738 AM EST   SUNSET   607 PM EST


-  INDICATES NEGATIVE NUMBERS.
R  INDICATES RECORD WAS SET OR TIED.
MM INDICATES DATA IS MISSING.
T  INDICATES TRACE AMOUNT.




$$
