000
CDUS43 KLMK 252032
CLILEX


CLIMATE REPORT
NATIONAL WEATHER SERVICE LOUISVILLE KY
431 PM EDT TUE AUG 25 2015


...................................

...THE LEXINGTON KY CLIMATE SUMMARY FOR AUGUST 25 2015...
VALID TODAY AS OF 0400 PM LOCAL TIME.

CLIMATE NORMAL PERIOD 1981 TO 2010
CLIMATE RECORD PERIOD 1872 TO 2015


WEATHER ITEM   OBSERVED TIME   RECORD YEAR NORMAL DEPARTURE LAST
                VALUE   (LST)  VALUE       VALUE  FROM      YEAR
                                                  NORMAL
..................................................................
TEMPERATURE (F)
 TODAY
  MAXIMUM         76    207 PM 102    1943  85     -9       91
  MINIMUM         53    642 AM  48    1942  64    -11       71
  AVERAGE         65                        75    -10       81

PRECIPITATION (IN)
  TODAY            0.00          1.75 1978   0.09  -0.09     0.00
  MONTH TO DATE    1.73                      2.69  -0.96     9.13
  SINCE JUN 1     17.03                     11.78   5.25    17.95
  SINCE JAN 1     42.82                     31.11  11.71    39.30

SNOWFALL (IN)
  TODAY            0.0          MM      MM   0.0    0.0      0.0
  MONTH TO DATE    0.0                       0.0    0.0      0.0
  SINCE JUN 1      0.0                       0.0    0.0      0.0
  SINCE JUL 1      0.0                       0.0    0.0      0.0
  SNOW DEPTH       0

DEGREE DAYS
 HEATING
  TODAY            0                         0      0        0
  MONTH TO DATE    0                         0      0        0
  SINCE JUN 1     18                        11      7        2
  SINCE JUL 1      0                         0      0        2

 COOLING
  TODAY            0                        10    -10       16
  MONTH TO DATE  215                       267    -52      260
  SINCE JUN 1    853                       856     -3      835
  SINCE JAN 1   1021                       963     58      996
..................................................................


WIND (MPH)
  HIGHEST WIND SPEED    13   HIGHEST WIND DIRECTION     W (280)
  HIGHEST GUST SPEED    17   HIGHEST GUST DIRECTION    NW (300)
  AVERAGE WIND SPEED     5.3


SKY COVER
  POSSIBLE SUNSHINE  MM
  AVERAGE SKY COVER 0.2


WEATHER CONDITIONS
 THE FOLLOWING WEATHER WAS RECORDED TODAY.
  NO SIGNIFICANT WEATHER WAS OBSERVED.


RELATIVE HUMIDITY (PERCENT)
 HIGHEST    93           600 AM
 LOWEST     41           100 PM
 AVERAGE    67

..........................................................


THE LEXINGTON KY CLIMATE NORMALS FOR TOMORROW
                         NORMAL    RECORD    YEAR
 MAXIMUM TEMPERATURE (F)   85        99      1948
                                             1936
 MINIMUM TEMPERATURE (F)   64        48      1945


SUNRISE AND SUNSET
AUGUST 25 2015........SUNRISE   702 AM EDT   SUNSET   818 PM EDT
AUGUST 26 2015........SUNRISE   703 AM EDT   SUNSET   817 PM EDT


-  INDICATES NEGATIVE NUMBERS.
R  INDICATES RECORD WAS SET OR TIED.
MM INDICATES DATA IS MISSING.
T  INDICATES TRACE AMOUNT.




$$
