000
CDUS43 KLMK 202031
CLILEX


CLIMATE REPORT
NATIONAL WEATHER SERVICE LOUISVILLE KY
430 PM EDT SAT JUN 20 2015


...................................

...THE LEXINGTON KY CLIMATE SUMMARY FOR JUNE 20 2015...
VALID TODAY AS OF 0400 PM LOCAL TIME.

CLIMATE NORMAL PERIOD 1981 TO 2010
CLIMATE RECORD PERIOD 1872 TO 2015


WEATHER ITEM   OBSERVED TIME   RECORD YEAR NORMAL DEPARTURE LAST
                VALUE   (LST)  VALUE       VALUE  FROM      YEAR
                                                  NORMAL
..................................................................
TEMPERATURE (F)
 TODAY
  MAXIMUM         75    259 PM 100    1953  84     -9       88
  MINIMUM         69   1249 AM  49    1980  64      5       67
  AVERAGE         72                        74     -2       78

PRECIPITATION (IN)
  TODAY            1.80R         1.44 1919   0.14   1.66     0.22
  MONTH TO DATE    4.22                      3.11   1.11     4.35
  SINCE JUN 1      4.22                      3.11   1.11     4.35
  SINCE JAN 1     30.01                     22.44   7.57    25.70

SNOWFALL (IN)
  TODAY            0.0          MM      MM   0.0    0.0      0.0
  MONTH TO DATE    0.0                       0.0    0.0      0.0
  SINCE JUN 1      0.0                       0.0    0.0      0.0
  SINCE JUL 1     40.0                      13.0   27.0     27.1
  SNOW DEPTH       0

DEGREE DAYS
 HEATING
  TODAY            0                         0      0        0
  MONTH TO DATE   18                         8     10        0
  SINCE JUN 1     18                         8     10        0
  SINCE JUL 1   4964                      4608    356     4855

 COOLING
  TODAY            7                         9     -2       13
  MONTH TO DATE  191                       141     50      171
  SINCE JUN 1    191                       141     50      171
  SINCE JAN 1    359                       248    111      332
..................................................................


WIND (MPH)
  HIGHEST WIND SPEED    29   HIGHEST WIND DIRECTION     W (250)
  HIGHEST GUST SPEED    40   HIGHEST GUST DIRECTION     W (250)
  AVERAGE WIND SPEED    14.6


SKY COVER
  POSSIBLE SUNSHINE  MM
  AVERAGE SKY COVER 0.9


WEATHER CONDITIONS
 THE FOLLOWING WEATHER WAS RECORDED TODAY.
  THUNDERSTORM
  HEAVY RAIN
  RAIN
  LIGHT RAIN
  FOG


RELATIVE HUMIDITY (PERCENT)
 HIGHEST    97          1200 AM
 LOWEST     87           900 AM
 AVERAGE    92

..........................................................


THE LEXINGTON KY CLIMATE NORMALS FOR TOMORROW
                         NORMAL    RECORD    YEAR
 MAXIMUM TEMPERATURE (F)   84        97      1988
                                             1953
 MINIMUM TEMPERATURE (F)   64        50      2003
                                             1944
                                             1940


SUNRISE AND SUNSET
JUNE 20 2015..........SUNRISE   616 AM EDT   SUNSET   904 PM EDT
JUNE 21 2015..........SUNRISE   616 AM EDT   SUNSET   904 PM EDT


-  INDICATES NEGATIVE NUMBERS.
R  INDICATES RECORD WAS SET OR TIED.
MM INDICATES DATA IS MISSING.
T  INDICATES TRACE AMOUNT.




$$
