000
CDUS43 KLMK 052036
CLILEX


CLIMATE REPORT
NATIONAL WEATHER SERVICE LOUISVILLE KY
436 PM EDT WED JUL 5 2017


...................................

...THE LEXINGTON KY CLIMATE SUMMARY FOR JULY 5 2017...
VALID TODAY AS OF 0400 PM LOCAL TIME.

CLIMATE NORMAL PERIOD 1981 TO 2010
CLIMATE RECORD PERIOD 1872 TO 2017


WEATHER ITEM   OBSERVED TIME   RECORD YEAR NORMAL DEPARTURE LAST
                VALUE   (LST)  VALUE       VALUE  FROM      YEAR
                                                  NORMAL
..................................................................
TEMPERATURE (F)
 TODAY
  MAXIMUM         82   1249 PM  99    2012  86     -4       88
  MINIMUM         69    150 AM  52    1979  66      3       71
                                      1964
  AVERAGE         76                        76      0       80

PRECIPITATION (IN)
  TODAY            0.04          2.05 2006   0.15  -0.11      T
  MONTH TO DATE    0.99                      0.69   0.30     1.58
  SINCE JUN 1      6.77                      5.13   1.64     6.14
  SINCE JAN 1     25.63                     24.46   1.17    24.43

SNOWFALL (IN)
  TODAY            0.0          MM      MM   0.0    0.0      0.0
  MONTH TO DATE    0.0                       0.0    0.0      0.0
  SINCE JUN 1      0.0                       0.0    0.0      0.0
  SINCE JUL 1      0.0                       0.0    0.0      0.0
  SNOW DEPTH       0

DEGREE DAYS
 HEATING
  TODAY            0                         0      0        0
  MONTH TO DATE    0                         0      0        0
  SINCE JUN 1      5                        11     -6        1
  SINCE JUL 1      0                         0      0        0

 COOLING
  TODAY           11                        11      0       15
  MONTH TO DATE   56                        55      1       48
  SINCE JUN 1    300                       297      3      361
  SINCE JAN 1    497                       404     93      475
..................................................................


WIND (MPH)
  HIGHEST WIND SPEED     9   HIGHEST WIND DIRECTION     N (340)
  HIGHEST GUST SPEED    11   HIGHEST GUST DIRECTION     N (350)
  AVERAGE WIND SPEED     2.0


SKY COVER
  POSSIBLE SUNSHINE  MM
  AVERAGE SKY COVER 0.8


WEATHER CONDITIONS
 THE FOLLOWING WEATHER WAS RECORDED TODAY.
  LIGHT RAIN
  FOG
  HAZE


RELATIVE HUMIDITY (PERCENT)
 HIGHEST    97           500 AM
 LOWEST     67          1100 AM
 AVERAGE    82

..........................................................


THE LEXINGTON KY CLIMATE NORMALS FOR TOMORROW
                         NORMAL    RECORD    YEAR
 MAXIMUM TEMPERATURE (F)   86       103      2012
 MINIMUM TEMPERATURE (F)   66        49      1972


SUNRISE AND SUNSET
JULY  5 2017..........SUNRISE   622 AM EDT   SUNSET   904 PM EDT
JULY  6 2017..........SUNRISE   622 AM EDT   SUNSET   904 PM EDT


-  INDICATES NEGATIVE NUMBERS.
R  INDICATES RECORD WAS SET OR TIED.
MM INDICATES DATA IS MISSING.
T  INDICATES TRACE AMOUNT.




$$
