000
CDUS43 KLMK 112136
CLILEX


CLIMATE REPORT
NATIONAL WEATHER SERVICE LOUISVILLE KY
436 PM EST SAT MAR 11 2017


...................................

...THE LEXINGTON KY CLIMATE SUMMARY FOR MARCH 11 2017...
VALID TODAY AS OF 0400 PM LOCAL TIME.

CLIMATE NORMAL PERIOD 1981 TO 2010
CLIMATE RECORD PERIOD 1872 TO 2017


WEATHER ITEM   OBSERVED TIME   RECORD YEAR NORMAL DEPARTURE LAST
                VALUE   (LST)  VALUE       VALUE  FROM      YEAR
                                                  NORMAL
..................................................................
TEMPERATURE (F)
 TODAY
  MAXIMUM         39    202 PM  78    1990  54    -15       62
  MINIMUM         26    839 AM  11    1934  34     -8       50
  AVERAGE         33                        44    -11       56

PRECIPITATION (IN)
  TODAY            0.00          2.52 1935   0.13  -0.13     0.01
  MONTH TO DATE    1.22                      1.37  -0.15     1.00
  SINCE MAR 1      1.22                      1.37  -0.15     1.00
  SINCE JAN 1      9.32                      7.77   1.55     6.70

SNOWFALL (IN)
  TODAY            0.0           2.3  1914   0.0    0.0      0.0
  MONTH TO DATE    0.0                       0.6   -0.6      0.7
  SINCE MAR 1      0.0                       0.6   -0.6      0.7
  SINCE JUL 1      3.4                      11.9   -8.5     15.3
  SNOW DEPTH       0

DEGREE DAYS
 HEATING
  TODAY           32                        21     11        9
  MONTH TO DATE  195                       249    -54      184
  SINCE MAR 1    195                       249    -54      184
  SINCE JUL 1   2905                      3820   -915     3155

 COOLING
  TODAY            0                         0      0        0
  MONTH TO DATE    0                         0      0        1
  SINCE MAR 1      0                         0      0        1
  SINCE JAN 1      4                         0      4        1
..................................................................


WIND (MPH)
  HIGHEST WIND SPEED    15   HIGHEST WIND DIRECTION     N (20)
  HIGHEST GUST SPEED    21   HIGHEST GUST DIRECTION     N (20)
  AVERAGE WIND SPEED     8.7


SKY COVER
  POSSIBLE SUNSHINE  MM
  AVERAGE SKY COVER 0.2


WEATHER CONDITIONS
 THE FOLLOWING WEATHER WAS RECORDED TODAY.
  NO SIGNIFICANT WEATHER WAS OBSERVED.


RELATIVE HUMIDITY (PERCENT)
 HIGHEST    47          1200 AM
 LOWEST     27           200 PM
 AVERAGE    37

..........................................................


THE LEXINGTON KY CLIMATE NORMALS FOR TOMORROW
                         NORMAL    RECORD    YEAR
 MAXIMUM TEMPERATURE (F)   54        77      1911
 MINIMUM TEMPERATURE (F)   35         9      1998


SUNRISE AND SUNSET
MARCH 11 2017.........SUNRISE   655 AM EST   SUNSET   642 PM EST
MARCH 12 2017.........SUNRISE   754 AM EDT   SUNSET   743 PM EDT


-  INDICATES NEGATIVE NUMBERS.
R  INDICATES RECORD WAS SET OR TIED.
MM INDICATES DATA IS MISSING.
T  INDICATES TRACE AMOUNT.




$$
