000
CDUS43 KLMK 240628
CLILEX


CLIMATE REPORT
NATIONAL WEATHER SERVICE LOUISVILLE KY
228 AM EDT SUN MAY 24 2015


...................................

...THE LEXINGTON KY CLIMATE SUMMARY FOR MAY 23 2015...

CLIMATE NORMAL PERIOD 1981 TO 2010
CLIMATE RECORD PERIOD 1872 TO 2015


WEATHER ITEM   OBSERVED TIME   RECORD YEAR NORMAL DEPARTURE LAST
                VALUE   (LST)  VALUE       VALUE  FROM      YEAR
                                                  NORMAL
..................................................................
TEMPERATURE (F)
 YESTERDAY
  MAXIMUM         79    343 PM  91    1939  76      3       77
                                      1936
  MINIMUM         49    409 AM  39    1963  56     -7       56
                                      1917
  AVERAGE         64                        66     -2       67

PRECIPITATION (IN)
  YESTERDAY        0.00          1.41 2011   0.17  -0.17      T
  MONTH TO DATE    0.91                      3.87  -2.96     5.10
  SINCE MAR 1     19.78                     11.54   8.24    13.98
  SINCE JAN 1     24.63                     17.94   6.69    21.02

SNOWFALL (IN)
  YESTERDAY        0.0          MM      MM   0.0    0.0      0.0
  MONTH TO DATE    0.0                       0.0    0.0      0.0
  SINCE MAR 1     17.1                       1.7   15.4      7.8
  SINCE JUL 1     40.0                      13.0   27.0     27.1
  SNOW DEPTH       0

DEGREE DAYS
 HEATING
  YESTERDAY        1                         3     -2        0
  MONTH TO DATE   59                        97    -38       90
  SINCE MAR 1    968                      1015    -47     1012
  SINCE JUL 1   4946                      4586    360     4855

 COOLING
  YESTERDAY        0                         4     -4        2
  MONTH TO DATE   94                        49     45       86
  SINCE MAR 1    106                        71     35      101
  SINCE JAN 1    106                        71     35      101
..................................................................


WIND (MPH)
  HIGHEST WIND SPEED    14   HIGHEST WIND DIRECTION     S (160)
  HIGHEST GUST SPEED    19   HIGHEST GUST DIRECTION     S (170)
  AVERAGE WIND SPEED     5.7


SKY COVER
  POSSIBLE SUNSHINE  MM
  AVERAGE SKY COVER 0.0


WEATHER CONDITIONS
 THE FOLLOWING WEATHER WAS RECORDED YESTERDAY.
  NO SIGNIFICANT WEATHER WAS OBSERVED.


RELATIVE HUMIDITY (PERCENT)
 HIGHEST    86           600 AM
 LOWEST     30           300 PM
 AVERAGE    58

..........................................................


THE LEXINGTON KY CLIMATE NORMALS FOR TODAY
                         NORMAL    RECORD    YEAR
 MAXIMUM TEMPERATURE (F)   77        93      1939
 MINIMUM TEMPERATURE (F)   56        37      1925


SUNRISE AND SUNSET
MAY 24 2015...........SUNRISE   622 AM EDT   SUNSET   849 PM EDT
MAY 25 2015...........SUNRISE   621 AM EDT   SUNSET   850 PM EDT


-  INDICATES NEGATIVE NUMBERS.
R  INDICATES RECORD WAS SET OR TIED.
MM INDICATES DATA IS MISSING.
T  INDICATES TRACE AMOUNT.




$$
