000
CDUS43 KLMK 110626
CLILEX


CLIMATE REPORT
NATIONAL WEATHER SERVICE LOUISVILLE KY
226 AM EDT SAT OCT 11 2014


...................................

...THE LEXINGTON KY CLIMATE SUMMARY FOR OCTOBER 10 2014...

CLIMATE NORMAL PERIOD 1981 TO 2010
CLIMATE RECORD PERIOD 1872 TO 2014


WEATHER ITEM   OBSERVED TIME   RECORD YEAR NORMAL DEPARTURE LAST
                VALUE   (LST)  VALUE       VALUE  FROM      YEAR
                                                  NORMAL
..................................................................
TEMPERATURE (F)
 YESTERDAY
  MAXIMUM         63   1131 AM  87    1939  70     -7       74
                                      1913
  MINIMUM         56   1159 PM  29    1964  48      8       45
  AVERAGE         60                        59      1       60

PRECIPITATION (IN)
  YESTERDAY        0.40          2.05 2002   0.09   0.31     0.00
  MONTH TO DATE    1.27                      0.97   0.30     3.99
  SINCE SEP 1      5.62                      3.88   1.74     5.62
  SINCE JAN 1     45.35                     35.55   9.80    49.26

SNOWFALL (IN)
  YESTERDAY        0.0           0.0    MM   0.0    0.0      0.0
  MONTH TO DATE    0.0                       0.0    0.0      0.0
  SINCE SEP 1      0.0                       0.0    0.0      0.0
  SINCE JUL 1      0.0                       0.0    0.0      0.0
  SNOW DEPTH       0

DEGREE DAYS
 HEATING
  YESTERDAY        5                         7     -2        5
  MONTH TO DATE   52                        60     -8       28
  SINCE SEP 1     80                       112    -32       45
  SINCE JUL 1     82                       114    -32       48

 COOLING
  YESTERDAY        0                         1     -1        0
  MONTH TO DATE   16                        14      2       41
  SINCE SEP 1    182                       160     22      204
  SINCE JAN 1   1263                      1177     86     1242
..................................................................


WIND (MPH)
  HIGHEST WIND SPEED    17   HIGHEST WIND DIRECTION    NE (50)
  HIGHEST GUST SPEED    22   HIGHEST GUST DIRECTION    NE (50)
  AVERAGE WIND SPEED     9.1


SKY COVER
  POSSIBLE SUNSHINE  MM
  AVERAGE SKY COVER 1.0


WEATHER CONDITIONS
 THE FOLLOWING WEATHER WAS RECORDED YESTERDAY.
  RAIN
  LIGHT RAIN
  FOG
  HAZE


RELATIVE HUMIDITY (PERCENT)
 HIGHEST    90           100 PM
 LOWEST     80          1200 AM
 AVERAGE    85

..........................................................


THE LEXINGTON KY CLIMATE NORMALS FOR TODAY
                         NORMAL    RECORD    YEAR
 MAXIMUM TEMPERATURE (F)   69        87      1943
                                             1940
 MINIMUM TEMPERATURE (F)   48        26      1906


SUNRISE AND SUNSET
OCTOBER 11 2014.......SUNRISE   743 AM EDT   SUNSET   706 PM EDT
OCTOBER 12 2014.......SUNRISE   744 AM EDT   SUNSET   705 PM EDT


-  INDICATES NEGATIVE NUMBERS.
R  INDICATES RECORD WAS SET OR TIED.
MM INDICATES DATA IS MISSING.
T  INDICATES TRACE AMOUNT.




$$
