000
CDUS43 KLMK 150638
CLILEX


CLIMATE REPORT
NATIONAL WEATHER SERVICE LOUISVILLE KY
237 AM EDT FRI APR 15 2016


...................................

...THE LEXINGTON KY CLIMATE SUMMARY FOR APRIL 14 2016...

CLIMATE NORMAL PERIOD 1981 TO 2010
CLIMATE RECORD PERIOD 1872 TO 2016


WEATHER ITEM   OBSERVED TIME   RECORD YEAR NORMAL DEPARTURE LAST
                VALUE   (LST)  VALUE       VALUE  FROM      YEAR
                                                  NORMAL
..................................................................
TEMPERATURE (F)
 YESTERDAY
  MAXIMUM         70    502 PM  84    1977  65      5       64
  MINIMUM         41    417 AM  24    1907  44     -3       52
  AVERAGE         56                        55      1       58

PRECIPITATION (IN)
  YESTERDAY        0.00          2.49 1922   0.11  -0.11     1.05
  MONTH TO DATE    1.04                      1.57  -0.53    10.05
  SINCE MAR 1      3.83                      5.64  -1.81    17.51
  SINCE JAN 1      9.53                     12.04  -2.51    22.36

SNOWFALL (IN)
  YESTERDAY        0.0           1.5  1904   0.1   -0.1      0.0
  MONTH TO DATE    T                         0.3   -0.3      0.0
  SINCE MAR 1      0.7                       1.7   -1.0     17.1
  SINCE JUL 1     15.3                      13.0    2.3     40.0
  SNOW DEPTH       0

DEGREE DAYS
 HEATING
  YESTERDAY        9                        11     -2        7
  MONTH TO DATE  237                       178     59      100
  SINCE MAR 1    631                       783   -152      749
  SINCE JUL 1   3602                      4354   -752     4727

 COOLING
  YESTERDAY        0                         1     -1        0
  MONTH TO DATE    0                         5     -5       12
  SINCE MAR 1      3                         7     -4       12
  SINCE JAN 1      3                         7     -4       12
..................................................................


WIND (MPH)
  HIGHEST WIND SPEED    14   HIGHEST WIND DIRECTION     N (20)
  HIGHEST GUST SPEED    22   HIGHEST GUST DIRECTION    NE (50)
  AVERAGE WIND SPEED     8.8


SKY COVER
  POSSIBLE SUNSHINE  MM
  AVERAGE SKY COVER 0.1


WEATHER CONDITIONS
 THE FOLLOWING WEATHER WAS RECORDED YESTERDAY.
  NO SIGNIFICANT WEATHER WAS OBSERVED.


RELATIVE HUMIDITY (PERCENT)
 HIGHEST    67           300 AM
 LOWEST     32           100 PM
 AVERAGE    50

..........................................................


THE LEXINGTON KY CLIMATE NORMALS FOR TODAY
                         NORMAL    RECORD    YEAR
 MAXIMUM TEMPERATURE (F)   66        84      2010
 MINIMUM TEMPERATURE (F)   45        25      1943


SUNRISE AND SUNSET
APRIL 15 2016.........SUNRISE   702 AM EDT   SUNSET   815 PM EDT
APRIL 16 2016.........SUNRISE   701 AM EDT   SUNSET   816 PM EDT


-  INDICATES NEGATIVE NUMBERS.
R  INDICATES RECORD WAS SET OR TIED.
MM INDICATES DATA IS MISSING.
T  INDICATES TRACE AMOUNT.




$$
