719
CDUS43 KLMK 072140
CLILEX


CLIMATE REPORT
NATIONAL WEATHER SERVICE LOUISVILLE KY
440 PM EST SAT JAN 7 2017


...................................

...THE LEXINGTON KY CLIMATE SUMMARY FOR JANUARY 7 2017...
VALID TODAY AS OF 0400 PM LOCAL TIME.

CLIMATE NORMAL PERIOD 1981 TO 2010
CLIMATE RECORD PERIOD 1872 TO 2017


WEATHER ITEM   OBSERVED TIME   RECORD YEAR NORMAL DEPARTURE LAST
                VALUE   (LST)  VALUE       VALUE  FROM      YEAR
                                                  NORMAL
..................................................................
TEMPERATURE (F)
 TODAY
  MAXIMUM         16    359 PM  70    2008  41    -25       53
  MINIMUM          4    833 AM  -7    1912  25    -21       26
  AVERAGE         10                        33    -23       40

PRECIPITATION (IN)
  TODAY            0.00          2.39 1913   0.10  -0.10     0.00
  MONTH TO DATE    0.80                      0.74   0.06      T
  SINCE DEC 1      6.98                      4.67   2.31     7.21
  SINCE JAN 1      0.80                      0.74   0.06      T

SNOWFALL (IN)
  TODAY            0.0           6.8  1916   0.1   -0.1      0.0
  MONTH TO DATE    2.5                       0.8    1.7       T
  SINCE DEC 1      2.6                       3.3   -0.7       T
  SINCE JUL 1      2.6                       3.6   -1.0       T
  SNOW DEPTH       1

DEGREE DAYS
 HEATING
  TODAY           55                        32     23       25
  MONTH TO DATE  225                       224      1      221
  SINCE DEC 1   1082                      1125    -43      717
  SINCE JUL 1   1668                      2012   -344     1403

 COOLING
  TODAY            0                         0      0        0
  MONTH TO DATE    0                         0      0        0
  SINCE DEC 1      0                         0      0        0
  SINCE JAN 1      0                         0      0        0
..................................................................


WIND (MPH)
  HIGHEST WIND SPEED    14   HIGHEST WIND DIRECTION     W (270)
  HIGHEST GUST SPEED    19   HIGHEST GUST DIRECTION     W (280)
  AVERAGE WIND SPEED     9.0


SKY COVER
  POSSIBLE SUNSHINE  MM
  AVERAGE SKY COVER 0.2


WEATHER CONDITIONS
 THE FOLLOWING WEATHER WAS RECORDED TODAY.
  NO SIGNIFICANT WEATHER WAS OBSERVED.


RELATIVE HUMIDITY (PERCENT)
 HIGHEST    76           600 AM
 LOWEST     53           300 PM
 AVERAGE    65

..........................................................


THE LEXINGTON KY CLIMATE NORMALS FOR TOMORROW
                         NORMAL    RECORD    YEAR
 MAXIMUM TEMPERATURE (F)   41        71      1937
 MINIMUM TEMPERATURE (F)   25       -11      1942


SUNRISE AND SUNSET
JANUARY  7 2017.......SUNRISE   755 AM EST   SUNSET   535 PM EST
JANUARY  8 2017.......SUNRISE   755 AM EST   SUNSET   536 PM EST


-  INDICATES NEGATIVE NUMBERS.
R  INDICATES RECORD WAS SET OR TIED.
MM INDICATES DATA IS MISSING.
T  INDICATES TRACE AMOUNT.




$$
