000
CDUS43 KLMK 120628
CLILEX


CLIMATE REPORT
NATIONAL WEATHER SERVICE LOUISVILLE KY
227 AM EDT FRI SEP 12 2014


...................................

...THE LEXINGTON KY CLIMATE SUMMARY FOR SEPTEMBER 11 2014...

CLIMATE NORMAL PERIOD 1981 TO 2010
CLIMATE RECORD PERIOD 1872 TO 2014


WEATHER ITEM   OBSERVED TIME   RECORD YEAR NORMAL DEPARTURE LAST
                VALUE   (LST)  VALUE       VALUE  FROM      YEAR
                                                  NORMAL
..................................................................
TEMPERATURE (F)
 YESTERDAY
  MAXIMUM         78   1221 AM  95    1983  81     -3       90
                                      1897
  MINIMUM         63   1159 PM  42    1917  59      4       71
  AVERAGE         71                        70      1       81

PRECIPITATION (IN)
  YESTERDAY        3.07R         1.53 1975   0.10   2.97     0.00
  MONTH TO DATE    4.21                      1.06   3.15      T
  SINCE SEP 1      4.21                      1.06   3.15      T
  SINCE JAN 1     43.94                     32.73  11.21    43.64

SNOWFALL (IN)
  YESTERDAY        0.0          MM      MM   0.0    0.0      0.0
  MONTH TO DATE    0.0                       0.0    0.0      0.0
  SINCE SEP 1      0.0                       0.0    0.0      0.0
  SINCE JUL 1      0.0                       0.0    0.0      0.0
  SNOW DEPTH       0

DEGREE DAYS
 HEATING
  YESTERDAY        0                         1     -1        0
  MONTH TO DATE    0                         3     -3        0
  SINCE SEP 1      0                         3     -3        0
  SINCE JUL 1      2                         5     -3        3

 COOLING
  YESTERDAY        6                         6      0       16
  MONTH TO DATE  121                        78     43      111
  SINCE SEP 1    121                        78     43      111
  SINCE JAN 1   1202                      1095    107     1149
..................................................................


WIND (MPH)
  HIGHEST WIND SPEED    17   HIGHEST WIND DIRECTION     W (290)
  HIGHEST GUST SPEED    25   HIGHEST GUST DIRECTION     W (280)
  AVERAGE WIND SPEED     7.1


SKY COVER
  POSSIBLE SUNSHINE  MM
  AVERAGE SKY COVER 0.9


WEATHER CONDITIONS
 THE FOLLOWING WEATHER WAS RECORDED YESTERDAY.
  THUNDERSTORM
  HEAVY RAIN
  RAIN
  LIGHT RAIN
  FOG
  HAZE


RELATIVE HUMIDITY (PERCENT)
 HIGHEST    93           900 AM
 LOWEST     74          1200 AM
 AVERAGE    84

..........................................................


THE LEXINGTON KY CLIMATE NORMALS FOR TODAY
                         NORMAL    RECORD    YEAR
 MAXIMUM TEMPERATURE (F)   80        97      1939
 MINIMUM TEMPERATURE (F)   59        41      1940


SUNRISE AND SUNSET
SEPTEMBER 12 2014.....SUNRISE   718 AM EDT   SUNSET   751 PM EDT
SEPTEMBER 13 2014.....SUNRISE   718 AM EDT   SUNSET   749 PM EDT


-  INDICATES NEGATIVE NUMBERS.
R  INDICATES RECORD WAS SET OR TIED.
MM INDICATES DATA IS MISSING.
T  INDICATES TRACE AMOUNT.




$$
