000
CDUS43 KLMK 102027
CLILEX


CLIMATE REPORT
NATIONAL WEATHER SERVICE LOUISVILLE KY
426 PM EDT MON APR 10 2017


...................................

...THE LEXINGTON KY CLIMATE SUMMARY FOR APRIL 10 2017...
VALID TODAY AS OF 0400 PM LOCAL TIME.

CLIMATE NORMAL PERIOD 1981 TO 2010
CLIMATE RECORD PERIOD 1872 TO 2017


WEATHER ITEM   OBSERVED TIME   RECORD YEAR NORMAL DEPARTURE LAST
                VALUE   (LST)  VALUE       VALUE  FROM      YEAR
                                                  NORMAL
..................................................................
TEMPERATURE (F)
 TODAY
  MAXIMUM         80    259 PM  84    2013  64     16       64
  MINIMUM         59    647 AM  24    1960  43     16       31
  AVERAGE         70                        54     16       48

PRECIPITATION (IN)
  TODAY            0.00          1.39 1919   0.12  -0.12     0.05
  MONTH TO DATE    0.53                      1.13  -0.60     0.42
  SINCE MAR 1      3.81                      5.20  -1.39     3.21
  SINCE JAN 1     11.91                     11.60   0.31     8.91

SNOWFALL (IN)
  TODAY            0.0           0.3  1918   0.0    0.0      0.0
  MONTH TO DATE    0.0                       0.2   -0.2       T
  SINCE MAR 1      T                         1.6   -1.6      0.7
  SINCE JUL 1      3.4                      12.9   -9.5     15.3
  SNOW DEPTH       0

DEGREE DAYS
 HEATING
  TODAY            0                        12    -12       17
  MONTH TO DATE   83                       133    -50      186
  SINCE MAR 1    613                       738   -125      580
  SINCE JUL 1   3323                      4309   -986     3551

 COOLING
  TODAY            5                         1      4        0
  MONTH TO DATE    6                         1      5        0
  SINCE MAR 1     11                         3      8        3
  SINCE JAN 1     15                         3     12        3
..................................................................


WIND (MPH)
  HIGHEST WIND SPEED    29   HIGHEST WIND DIRECTION    SW (210)
  HIGHEST GUST SPEED    39   HIGHEST GUST DIRECTION    SW (220)
  AVERAGE WIND SPEED    14.1


SKY COVER
  POSSIBLE SUNSHINE  MM
  AVERAGE SKY COVER 0.0


WEATHER CONDITIONS
 THE FOLLOWING WEATHER WAS RECORDED TODAY.
  NO SIGNIFICANT WEATHER WAS OBSERVED.


RELATIVE HUMIDITY (PERCENT)
 HIGHEST    42           700 AM
 LOWEST     21           300 PM
 AVERAGE    32

..........................................................


THE LEXINGTON KY CLIMATE NORMALS FOR TOMORROW
                         NORMAL    RECORD    YEAR
 MAXIMUM TEMPERATURE (F)   65        85      1930
 MINIMUM TEMPERATURE (F)   43        24      1989


SUNRISE AND SUNSET
APRIL 10 2017.........SUNRISE   710 AM EDT   SUNSET   810 PM EDT
APRIL 11 2017.........SUNRISE   708 AM EDT   SUNSET   811 PM EDT


-  INDICATES NEGATIVE NUMBERS.
R  INDICATES RECORD WAS SET OR TIED.
MM INDICATES DATA IS MISSING.
T  INDICATES TRACE AMOUNT.




$$
