053
CDUS43 KLMK 290649
CLILEX


CLIMATE REPORT
NATIONAL WEATHER SERVICE LOUISVILLE KY
148 AM EST FRI JAN 29 2016


...................................

...THE LEXINGTON KY CLIMATE SUMMARY FOR JANUARY 28 2016...

CLIMATE NORMAL PERIOD 1981 TO 2010
CLIMATE RECORD PERIOD 1872 TO 2016


WEATHER ITEM   OBSERVED TIME   RECORD YEAR NORMAL DEPARTURE LAST
                VALUE   (LST)  VALUE       VALUE  FROM      YEAR
                                                  NORMAL
..................................................................
TEMPERATURE (F)
 YESTERDAY
  MAXIMUM         46    422 PM  68    1876  42      4       37
  MINIMUM         20    339 AM -13    1963  25     -5       13
  AVERAGE         33                        33      0       25

PRECIPITATION (IN)
  YESTERDAY        0.00          1.66 1995   0.10  -0.10     0.00
  MONTH TO DATE    1.21                      2.87  -1.66     1.80
  SINCE DEC 1      8.42                      6.80   1.62     5.10
  SINCE JAN 1      1.21                      2.87  -1.66     1.80

SNOWFALL (IN)
  YESTERDAY        0.0           3.9  1895   0.1   -0.1      0.0
  MONTH TO DATE    9.6                       3.4    6.2      5.9
  SINCE DEC 1      9.6                       5.9    3.7      5.9
  SINCE JUL 1      9.6                       6.2    3.4      7.5
  SNOW DEPTH       0

DEGREE DAYS
 HEATING
  YESTERDAY       32                        32      0       40
  MONTH TO DATE  970                       896     74      951
  SINCE DEC 1   1466                      1797   -331     1762
  SINCE JUL 1   2152                      2684   -532     2769

 COOLING
  YESTERDAY        0                         0      0        0
  MONTH TO DATE    0                         0      0        0
  SINCE DEC 1      0                         0      0        0
  SINCE JAN 1      0                         0      0        0
..................................................................


WIND (MPH)
  HIGHEST WIND SPEED    20   HIGHEST WIND DIRECTION    SW (220)
  HIGHEST GUST SPEED    25   HIGHEST GUST DIRECTION    SW (240)
  AVERAGE WIND SPEED    10.1


SKY COVER
  POSSIBLE SUNSHINE  MM
  AVERAGE SKY COVER 0.3


WEATHER CONDITIONS
 THE FOLLOWING WEATHER WAS RECORDED YESTERDAY.
  NO SIGNIFICANT WEATHER WAS OBSERVED.


RELATIVE HUMIDITY (PERCENT)
 HIGHEST    84          1200 AM
 LOWEST     49           200 PM
 AVERAGE    67

..........................................................


THE LEXINGTON KY CLIMATE NORMALS FOR TODAY
                         NORMAL    RECORD    YEAR
 MAXIMUM TEMPERATURE (F)   42        69      1975
 MINIMUM TEMPERATURE (F)   25        -7      1977


SUNRISE AND SUNSET
JANUARY 29 2016.......SUNRISE   746 AM EST   SUNSET   558 PM EST
JANUARY 30 2016.......SUNRISE   745 AM EST   SUNSET   559 PM EST


-  INDICATES NEGATIVE NUMBERS.
R  INDICATES RECORD WAS SET OR TIED.
MM INDICATES DATA IS MISSING.
T  INDICATES TRACE AMOUNT.




$$
