000
CDUS43 KLMK 120626
CLILEX


CLIMATE REPORT
NATIONAL WEATHER SERVICE LOUISVILLE KY
226 AM EDT SUN OCT 12 2014


...................................

...THE LEXINGTON KY CLIMATE SUMMARY FOR OCTOBER 11 2014...

CLIMATE NORMAL PERIOD 1981 TO 2010
CLIMATE RECORD PERIOD 1872 TO 2014


WEATHER ITEM   OBSERVED TIME   RECORD YEAR NORMAL DEPARTURE LAST
                VALUE   (LST)  VALUE       VALUE  FROM      YEAR
                                                  NORMAL
..................................................................
TEMPERATURE (F)
 YESTERDAY
  MAXIMUM         58    438 PM  87    1943  69    -11       77
                                      1940
  MINIMUM         53    716 AM  26    1906  48      5       48
  AVERAGE         56                        58     -2       63

PRECIPITATION (IN)
  YESTERDAY        0.01          1.24 1902   0.10  -0.09     0.00
  MONTH TO DATE    1.28                      1.07   0.21     3.99
  SINCE SEP 1      5.63                      3.98   1.65     5.62
  SINCE JAN 1     45.36                     35.65   9.71    49.26

SNOWFALL (IN)
  YESTERDAY        0.0           0.0    MM   0.0    0.0      0.0
  MONTH TO DATE    0.0                       0.0    0.0      0.0
  SINCE SEP 1      0.0                       0.0    0.0      0.0
  SINCE JUL 1      0.0                       0.0    0.0      0.0
  SNOW DEPTH       0

DEGREE DAYS
 HEATING
  YESTERDAY        9                         7      2        2
  MONTH TO DATE   61                        67     -6       30
  SINCE SEP 1     89                       119    -30       47
  SINCE JUL 1     91                       121    -30       50

 COOLING
  YESTERDAY        0                         1     -1        0
  MONTH TO DATE   16                        15      1       41
  SINCE SEP 1    182                       161     21      204
  SINCE JAN 1   1263                      1178     85     1242
..................................................................


WIND (MPH)
  HIGHEST WIND SPEED    16   HIGHEST WIND DIRECTION    NE (60)
  HIGHEST GUST SPEED    21   HIGHEST GUST DIRECTION    NE (60)
  AVERAGE WIND SPEED     9.1


SKY COVER
  POSSIBLE SUNSHINE  MM
  AVERAGE SKY COVER 1.0


WEATHER CONDITIONS
 THE FOLLOWING WEATHER WAS RECORDED YESTERDAY.
  LIGHT RAIN
  FOG
  HAZE


RELATIVE HUMIDITY (PERCENT)
 HIGHEST    93           200 AM
 LOWEST     72           100 PM
 AVERAGE    83

..........................................................


THE LEXINGTON KY CLIMATE NORMALS FOR TODAY
                         NORMAL    RECORD    YEAR
 MAXIMUM TEMPERATURE (F)   69        86      1938
 MINIMUM TEMPERATURE (F)   48        29      1988
                                             1875


SUNRISE AND SUNSET
OCTOBER 12 2014.......SUNRISE   744 AM EDT   SUNSET   705 PM EDT
OCTOBER 13 2014.......SUNRISE   745 AM EDT   SUNSET   704 PM EDT


-  INDICATES NEGATIVE NUMBERS.
R  INDICATES RECORD WAS SET OR TIED.
MM INDICATES DATA IS MISSING.
T  INDICATES TRACE AMOUNT.




$$
