759
CDUS43 KLMK 292127
CLILEX


CLIMATE REPORT
NATIONAL WEATHER SERVICE LOUISVILLE KY
427 PM EST TUE NOV 29 2016


...................................

...THE LEXINGTON KY CLIMATE SUMMARY FOR NOVEMBER 29 2016...
VALID TODAY AS OF 0400 PM LOCAL TIME.

CLIMATE NORMAL PERIOD 1981 TO 2010
CLIMATE RECORD PERIOD 1872 TO 2016


WEATHER ITEM   OBSERVED TIME   RECORD YEAR NORMAL DEPARTURE LAST
                VALUE   (LST)  VALUE       VALUE  FROM      YEAR
                                                  NORMAL
..................................................................
TEMPERATURE (F)
 TODAY
  MAXIMUM         65    320 PM  71    1933  49     16       49
                                      1927
  MINIMUM         47    724 AM   0    1929  33     14       44
  AVERAGE         56                        41     15       47

PRECIPITATION (IN)
  TODAY            T             1.36 1905   0.13  -0.13     0.19
  MONTH TO DATE    1.14                      3.40  -2.26     2.56
  SINCE SEP 1      3.64                      9.44  -5.80     8.72
  SINCE JAN 1     38.01                     41.11  -3.10    52.01

SNOWFALL (IN)
  TODAY            0.0           1.5  1903   0.0    0.0      0.0
  MONTH TO DATE    0.0                       0.3   -0.3       T
  SINCE SEP 1      0.0                       0.3   -0.3       T
  SINCE JUL 1      0.0                       0.3   -0.3       T
  SNOW DEPTH       0

DEGREE DAYS
 HEATING
  TODAY            9                        24    -15       18
  MONTH TO DATE  439                       537    -98      417
  SINCE SEP 1    572                       861   -289      669
  SINCE JUL 1    572                       863   -291      669

 COOLING
  TODAY            0                         0      0        0
  MONTH TO DATE   15                         0     15        4
  SINCE SEP 1    364                       171    193      223
  SINCE JAN 1   1640                      1188    452     1284
..................................................................


WIND (MPH)
  HIGHEST WIND SPEED    22   HIGHEST WIND DIRECTION     S (170)
  HIGHEST GUST SPEED    30   HIGHEST GUST DIRECTION     S (160)
  AVERAGE WIND SPEED    11.7


SKY COVER
  POSSIBLE SUNSHINE  MM
  AVERAGE SKY COVER 0.1


WEATHER CONDITIONS
 THE FOLLOWING WEATHER WAS RECORDED TODAY.
  NO SIGNIFICANT WEATHER WAS OBSERVED.


RELATIVE HUMIDITY (PERCENT)
 HIGHEST    89           900 AM
 LOWEST     43           300 PM
 AVERAGE    66

..........................................................


THE LEXINGTON KY CLIMATE NORMALS FOR TOMORROW
                         NORMAL    RECORD    YEAR
 MAXIMUM TEMPERATURE (F)   49        72      1934
 MINIMUM TEMPERATURE (F)   32        -3      1929


SUNRISE AND SUNSET
NOVEMBER 29 2016......SUNRISE   734 AM EST   SUNSET   519 PM EST
NOVEMBER 30 2016......SUNRISE   735 AM EST   SUNSET   519 PM EST


-  INDICATES NEGATIVE NUMBERS.
R  INDICATES RECORD WAS SET OR TIED.
MM INDICATES DATA IS MISSING.
T  INDICATES TRACE AMOUNT.




$$
