000
CDUS43 KLMK 112027
CLILEX


CLIMATE REPORT
NATIONAL WEATHER SERVICE LOUISVILLE KY
427 PM EDT SUN SEP 11 2016


...................................

...THE LEXINGTON KY CLIMATE SUMMARY FOR SEPTEMBER 11 2016...
VALID TODAY AS OF 0400 PM LOCAL TIME.

CLIMATE NORMAL PERIOD 1981 TO 2010
CLIMATE RECORD PERIOD 1872 TO 2016


WEATHER ITEM   OBSERVED TIME   RECORD YEAR NORMAL DEPARTURE LAST
                VALUE   (LST)  VALUE       VALUE  FROM      YEAR
                                                  NORMAL
..................................................................
TEMPERATURE (F)
 TODAY
  MAXIMUM         80    241 PM  95    1983  81     -1       84
                                      1897
  MINIMUM         57    652 AM  42    1917  59     -2       60
  AVERAGE         69                        70     -1       72

PRECIPITATION (IN)
  TODAY            0.00          3.07 2014   0.10  -0.10     0.07
  MONTH TO DATE    0.22                      1.06  -0.84     0.97
  SINCE SEP 1      0.22                      1.06  -0.84     0.97
  SINCE JAN 1     34.59                     32.73   1.86    44.26

SNOWFALL (IN)
  TODAY            0.0          MM      MM   0.0    0.0      0.0
  MONTH TO DATE    0.0                       0.0    0.0      0.0
  SINCE SEP 1      0.0                       0.0    0.0      0.0
  SINCE JUL 1      0.0                       0.0    0.0      0.0
  SNOW DEPTH       0

DEGREE DAYS
 HEATING
  TODAY            0                         1     -1        0
  MONTH TO DATE    0                         3     -3        0
  SINCE SEP 1      0                         3     -3        0
  SINCE JUL 1      0                         5     -5        0

 COOLING
  TODAY            4                         6     -2        7
  MONTH TO DATE  115                        78     37      142
  SINCE SEP 1    115                        78     37      142
  SINCE JAN 1   1391                      1095    296     1203
..................................................................


WIND (MPH)
  HIGHEST WIND SPEED     9   HIGHEST WIND DIRECTION    NE (50)
  HIGHEST GUST SPEED    13   HIGHEST GUST DIRECTION    NE (40)
  AVERAGE WIND SPEED     3.2


SKY COVER
  POSSIBLE SUNSHINE  MM
  AVERAGE SKY COVER 0.1


WEATHER CONDITIONS
 THE FOLLOWING WEATHER WAS RECORDED TODAY.
  FOG
  FOG W/VISIBILITY <= 1/4 MILE


RELATIVE HUMIDITY (PERCENT)
 HIGHEST    97           400 AM
 LOWEST     35           300 PM
 AVERAGE    66

..........................................................


THE LEXINGTON KY CLIMATE NORMALS FOR TOMORROW
                         NORMAL    RECORD    YEAR
 MAXIMUM TEMPERATURE (F)   80        97      1939
 MINIMUM TEMPERATURE (F)   59        41      1940


SUNRISE AND SUNSET
SEPTEMBER 11 2016.....SUNRISE   717 AM EDT   SUNSET   752 PM EDT
SEPTEMBER 12 2016.....SUNRISE   718 AM EDT   SUNSET   750 PM EDT


-  INDICATES NEGATIVE NUMBERS.
R  INDICATES RECORD WAS SET OR TIED.
MM INDICATES DATA IS MISSING.
T  INDICATES TRACE AMOUNT.




$$
