000
CDUS43 KLMK 282128
CLILEX


CLIMATE REPORT
NATIONAL WEATHER SERVICE LOUISVILLE KY
427 PM EST SUN JAN 28 2018


...................................

...THE LEXINGTON KY CLIMATE SUMMARY FOR JANUARY 28 2018...
VALID TODAY AS OF 0400 PM LOCAL TIME.

CLIMATE NORMAL PERIOD 1981 TO 2010
CLIMATE RECORD PERIOD 1872 TO 2018


WEATHER ITEM   OBSERVED TIME   RECORD YEAR NORMAL DEPARTURE LAST
                VALUE   (LST)  VALUE       VALUE  FROM      YEAR
                                                  NORMAL
..................................................................
TEMPERATURE (F)
 TODAY
  MAXIMUM         53    359 PM  68    1876  42     11       45
  MINIMUM         38    917 AM -13    1963  25     13       24
  AVERAGE         46                        33     13       35

PRECIPITATION (IN)
  TODAY            0.02          1.66 1995   0.10  -0.08      T
  MONTH TO DATE    2.09                      2.87  -0.78     4.67
  SINCE DEC 1      4.46                      6.80  -2.34    10.85
  SINCE JAN 1      2.09                      2.87  -0.78     4.67

SNOWFALL (IN)
  TODAY            0.0           3.9  1895   0.1   -0.1       T
  MONTH TO DATE    6.1                       3.4    2.7      2.6
  SINCE DEC 1      6.3                       5.9    0.4      2.7
  SINCE JUL 1      6.3                       6.2    0.1      2.7
  SNOW DEPTH       0

DEGREE DAYS
 HEATING
  TODAY           19                        32    -13       30
  MONTH TO DATE  952                       896     56      673
  SINCE DEC 1   1876                      1797     79     1530
  SINCE JUL 1   2656                      2684    -28     2116

 COOLING
  TODAY            0                         0      0        0
  MONTH TO DATE    0                         0      0        0
  SINCE DEC 1      0                         0      0        0
  SINCE JAN 1      0                         0      0        0
..................................................................


WIND (MPH)
  HIGHEST WIND SPEED    13   HIGHEST WIND DIRECTION     N (20)
  HIGHEST GUST SPEED    20   HIGHEST GUST DIRECTION    NE (50)
  AVERAGE WIND SPEED     8.0


SKY COVER
  POSSIBLE SUNSHINE  MM
  AVERAGE SKY COVER 0.5


WEATHER CONDITIONS
 THE FOLLOWING WEATHER WAS RECORDED TODAY.
  LIGHT RAIN
  FOG
  HAZE


RELATIVE HUMIDITY (PERCENT)
 HIGHEST    93           100 AM
 LOWEST     46           300 PM
 AVERAGE    70

..........................................................


THE LEXINGTON KY CLIMATE NORMALS FOR TOMORROW
                         NORMAL    RECORD    YEAR
 MAXIMUM TEMPERATURE (F)   42        69      1975
 MINIMUM TEMPERATURE (F)   25        -7      1977


SUNRISE AND SUNSET
JANUARY 28 2018.......SUNRISE   746 AM EST   SUNSET   557 PM EST
JANUARY 29 2018.......SUNRISE   745 AM EST   SUNSET   558 PM EST


-  INDICATES NEGATIVE NUMBERS.
R  INDICATES RECORD WAS SET OR TIED.
MM INDICATES DATA IS MISSING.
T  INDICATES TRACE AMOUNT.




$$
