000
CDUS43 KLMK 160627
CLILEX


CLIMATE REPORT
NATIONAL WEATHER SERVICE LOUISVILLE KY
226 AM EDT SAT MAY 16 2015


...................................

...THE LEXINGTON KY CLIMATE SUMMARY FOR MAY 15 2015...

CLIMATE NORMAL PERIOD 1981 TO 2010
CLIMATE RECORD PERIOD 1872 TO 2015


WEATHER ITEM   OBSERVED TIME   RECORD YEAR NORMAL DEPARTURE LAST
                VALUE   (LST)  VALUE       VALUE  FROM      YEAR
                                                  NORMAL
..................................................................
TEMPERATURE (F)
 YESTERDAY
  MAXIMUM         84    309 PM  89    1962  74     10       66
  MINIMUM         64    345 AM  34    1888  54     10       46
  AVERAGE         74                        64     10       56

PRECIPITATION (IN)
  YESTERDAY        T             1.99 1983   0.17  -0.17     0.25
  MONTH TO DATE    0.22                      2.52  -2.30     3.32
  SINCE MAR 1     19.09                     10.19   8.90    12.20
  SINCE JAN 1     23.94                     16.59   7.35    19.24

SNOWFALL (IN)
  YESTERDAY        0.0          MM      MM   0.0    0.0      0.0
  MONTH TO DATE    0.0                       0.0    0.0      0.0
  SINCE MAR 1     17.1                       1.7   15.4      7.8
  SINCE JUL 1     40.0                      13.0   27.0     27.1
  SNOW DEPTH       0

DEGREE DAYS
 HEATING
  YESTERDAY        0                         4     -4        9
  MONTH TO DATE   30                        72    -42       41
  SINCE MAR 1    939                       990    -51      963
  SINCE JUL 1   4917                      4561    356     4806

 COOLING
  YESTERDAY        9                         3      6        0
  MONTH TO DATE   72                        24     48       61
  SINCE MAR 1     84                        46     38       76
  SINCE JAN 1     84                        46     38       76
..................................................................


WIND (MPH)
  HIGHEST WIND SPEED    22   HIGHEST WIND DIRECTION    SW (210)
  HIGHEST GUST SPEED    28   HIGHEST GUST DIRECTION    SW (210)
  AVERAGE WIND SPEED     9.8


SKY COVER
  POSSIBLE SUNSHINE  MM
  AVERAGE SKY COVER 0.4


WEATHER CONDITIONS
 THE FOLLOWING WEATHER WAS RECORDED YESTERDAY.
  NO SIGNIFICANT WEATHER WAS OBSERVED.


RELATIVE HUMIDITY (PERCENT)
 HIGHEST    79          1100 PM
 LOWEST     47           500 PM
 AVERAGE    63

..........................................................


THE LEXINGTON KY CLIMATE NORMALS FOR TODAY
                         NORMAL    RECORD    YEAR
 MAXIMUM TEMPERATURE (F)   74        91      1962
                                             1900
 MINIMUM TEMPERATURE (F)   54        33      1997


SUNRISE AND SUNSET
MAY 16 2015...........SUNRISE   627 AM EDT   SUNSET   843 PM EDT
MAY 17 2015...........SUNRISE   627 AM EDT   SUNSET   844 PM EDT


-  INDICATES NEGATIVE NUMBERS.
R  INDICATES RECORD WAS SET OR TIED.
MM INDICATES DATA IS MISSING.
T  INDICATES TRACE AMOUNT.




$$
