000
CDUS43 KLMK 160627
CLILEX


CLIMATE REPORT
NATIONAL WEATHER SERVICE LOUISVILLE KY
127 AM EST THU FEB 16 2017


...................................

...THE LEXINGTON KY CLIMATE SUMMARY FOR FEBRUARY 15 2017...

CLIMATE NORMAL PERIOD 1981 TO 2010
CLIMATE RECORD PERIOD 1872 TO 2017


WEATHER ITEM   OBSERVED TIME   RECORD YEAR NORMAL DEPARTURE LAST
                VALUE   (LST)  VALUE       VALUE  FROM      YEAR
                                                  NORMAL
..................................................................
TEMPERATURE (F)
 YESTERDAY
  MAXIMUM         47    315 PM  76    1945  46      1       37
  MINIMUM         32   1159 PM   2    1943  28      4       25
                                      1905
  AVERAGE         40                        37      3       31

PRECIPITATION (IN)
  YESTERDAY        0.00          2.80 1989   0.12  -0.12     0.72
  MONTH TO DATE    1.36                      1.70  -0.34     2.62
  SINCE DEC 1     12.25                      8.83   3.42    11.07
  SINCE JAN 1      6.07                      4.90   1.17     3.86

SNOWFALL (IN)
  YESTERDAY        0.0           5.0  2010   0.1   -0.1       T
  MONTH TO DATE    T                         2.8   -2.8      4.5
  SINCE DEC 1      3.4                       9.2   -5.8     14.1
  SINCE JUL 1      3.4                       9.5   -6.1     14.1
  SNOW DEPTH       0

DEGREE DAYS
 HEATING
  YESTERDAY       25                        28     -3       34
  MONTH TO DATE  349                       446    -97      485
  SINCE DEC 1   1967                      2342   -375     2003
  SINCE JUL 1   2553                      3229   -676     2689

 COOLING
  YESTERDAY        0                         0      0        0
  MONTH TO DATE    0                         0      0        0
  SINCE DEC 1      0                         0      0        0
  SINCE JAN 1      0                         0      0        0
..................................................................


WIND (MPH)
  HIGHEST WIND SPEED    20   HIGHEST WIND DIRECTION    NW (310)
  HIGHEST GUST SPEED    27   HIGHEST GUST DIRECTION    NW (310)
  AVERAGE WIND SPEED    10.7


SKY COVER
  POSSIBLE SUNSHINE  MM
  AVERAGE SKY COVER 0.1


WEATHER CONDITIONS
 THE FOLLOWING WEATHER WAS RECORDED YESTERDAY.
  NO SIGNIFICANT WEATHER WAS OBSERVED.


RELATIVE HUMIDITY (PERCENT)
 HIGHEST    82           500 AM
 LOWEST     28           300 PM
 AVERAGE    55

..........................................................


THE LEXINGTON KY CLIMATE NORMALS FOR TODAY
                         NORMAL    RECORD    YEAR
 MAXIMUM TEMPERATURE (F)   46        69      1889
 MINIMUM TEMPERATURE (F)   28         0      1905


SUNRISE AND SUNSET
FEBRUARY 16 2017......SUNRISE   727 AM EST   SUNSET   618 PM EST
FEBRUARY 17 2017......SUNRISE   726 AM EST   SUNSET   620 PM EST


-  INDICATES NEGATIVE NUMBERS.
R  INDICATES RECORD WAS SET OR TIED.
MM INDICATES DATA IS MISSING.
T  INDICATES TRACE AMOUNT.




$$
