000
CDUS43 KLMK 170626
CLILEX


CLIMATE REPORT
NATIONAL WEATHER SERVICE LOUISVILLE KY
226 AM EDT SAT SEP 17 2016


...................................

...THE LEXINGTON KY CLIMATE SUMMARY FOR SEPTEMBER 16 2016...

CLIMATE NORMAL PERIOD 1981 TO 2010
CLIMATE RECORD PERIOD 1872 TO 2016


WEATHER ITEM   OBSERVED TIME   RECORD YEAR NORMAL DEPARTURE LAST
                VALUE   (LST)  VALUE       VALUE  FROM      YEAR
                                                  NORMAL
..................................................................
TEMPERATURE (F)
 YESTERDAY
  MAXIMUM         93    318 PM  96    1897  79     14       83
  MINIMUM         69    635 AM  42    1984  58     11       52
                                      1923
  AVERAGE         81                        68     13       68

PRECIPITATION (IN)
  YESTERDAY        T             2.33 1894   0.10  -0.10     0.00
  MONTH TO DATE    0.22                      1.56  -1.34     0.98
  SINCE SEP 1      0.22                      1.56  -1.34     0.98
  SINCE JAN 1     34.59                     33.23   1.36    44.27

SNOWFALL (IN)
  YESTERDAY        0.0          MM      MM   0.0    0.0      0.0
  MONTH TO DATE    0.0                       0.0    0.0      0.0
  SINCE SEP 1      0.0                       0.0    0.0      0.0
  SINCE JUL 1      0.0                       0.0    0.0      0.0
  SNOW DEPTH       0

DEGREE DAYS
 HEATING
  YESTERDAY        0                         1     -1        0
  MONTH TO DATE    0                         8     -8       14
  SINCE SEP 1      0                         8     -8       14
  SINCE JUL 1      0                        10    -10       14

 COOLING
  YESTERDAY       16                         4     12        3
  MONTH TO DATE  168                       102     66      146
  SINCE SEP 1    168                       102     66      146
  SINCE JAN 1   1444                      1119    325     1207
..................................................................


WIND (MPH)
  HIGHEST WIND SPEED    16   HIGHEST WIND DIRECTION     S (160)
  HIGHEST GUST SPEED    23   HIGHEST GUST DIRECTION     S (190)
  AVERAGE WIND SPEED     7.3


SKY COVER
  POSSIBLE SUNSHINE  MM
  AVERAGE SKY COVER 0.1


WEATHER CONDITIONS
 THE FOLLOWING WEATHER WAS RECORDED YESTERDAY.
  THUNDERSTORM
  LIGHT RAIN


RELATIVE HUMIDITY (PERCENT)
 HIGHEST    84           400 AM
 LOWEST     36           400 PM
 AVERAGE    60

..........................................................


THE LEXINGTON KY CLIMATE NORMALS FOR TODAY
                         NORMAL    RECORD    YEAR
 MAXIMUM TEMPERATURE (F)   78        94      1954
 MINIMUM TEMPERATURE (F)   57        41      2000


SUNRISE AND SUNSET
SEPTEMBER 17 2016.....SUNRISE   722 AM EDT   SUNSET   742 PM EDT
SEPTEMBER 18 2016.....SUNRISE   723 AM EDT   SUNSET   741 PM EDT


-  INDICATES NEGATIVE NUMBERS.
R  INDICATES RECORD WAS SET OR TIED.
MM INDICATES DATA IS MISSING.
T  INDICATES TRACE AMOUNT.




$$
