000
CDUS43 KLMK 172031
CLILEX


CLIMATE REPORT
NATIONAL WEATHER SERVICE LOUISVILLE KY
430 PM EDT THU JUL 17 2014


...................................

...THE LEXINGTON KY CLIMATE SUMMARY FOR JULY 17 2014...
VALID TODAY AS OF 0400 PM LOCAL TIME.

CLIMATE NORMAL PERIOD 1981 TO 2010
CLIMATE RECORD PERIOD 1872 TO 2014


WEATHER ITEM   OBSERVED TIME   RECORD YEAR NORMAL DEPARTURE LAST
                VALUE   (LST)  VALUE       VALUE  FROM      YEAR
                                                  NORMAL
..................................................................
TEMPERATURE (F)
 TODAY
  MAXIMUM         79    259 PM  99    1935  86     -7       95
  MINIMUM         54    610 AM  53    1976  67    -13       72
  AVERAGE         67                        76     -9       84

PRECIPITATION (IN)
  TODAY            0.00          1.63 1912   0.16  -0.16     0.00
  MONTH TO DATE    0.86                      2.53  -1.67     5.85
  SINCE JUN 1      6.45                      6.97  -0.52    13.39
  SINCE JAN 1     27.80                     26.30   1.50    35.25

SNOWFALL (IN)
  TODAY            0.0          MM      MM   0.0    0.0      0.0
  MONTH TO DATE    0.0                       0.0    0.0      0.0
  SINCE JUN 1      0.0                       0.0    0.0      0.0
  SINCE JUL 1      0.0                       0.0    0.0      0.0
  SNOW DEPTH       0

DEGREE DAYS
 HEATING
  TODAY            0                         0      0        0
  MONTH TO DATE    0                         0      0        0
  SINCE JUN 1      0                        11    -11        0
  SINCE JUL 1      0                         0      0        0

 COOLING
  TODAY            2                        11     -9       19
  MONTH TO DATE  161                       187    -26      179
  SINCE JUN 1    466                       429     37      448
  SINCE JAN 1    627                       536     91      601
..................................................................


WIND (MPH)
  HIGHEST WIND SPEED    10   HIGHEST WIND DIRECTION     N (340)
  HIGHEST GUST SPEED    13   HIGHEST GUST DIRECTION     N (350)
  AVERAGE WIND SPEED     3.0


SKY COVER
  POSSIBLE SUNSHINE  MM
  AVERAGE SKY COVER 0.3


WEATHER CONDITIONS
 THE FOLLOWING WEATHER WAS RECORDED TODAY.
  NO SIGNIFICANT WEATHER WAS OBSERVED.


RELATIVE HUMIDITY (PERCENT)
 HIGHEST    86           200 AM
 LOWEST     38           100 PM
 AVERAGE    62

..........................................................


THE LEXINGTON KY CLIMATE NORMALS FOR TOMORROW
                         NORMAL    RECORD    YEAR
 MAXIMUM TEMPERATURE (F)   86       100      1954
 MINIMUM TEMPERATURE (F)   67        54      1976


SUNRISE AND SUNSET
JULY 17 2014..........SUNRISE   629 AM EDT   SUNSET   859 PM EDT
JULY 18 2014..........SUNRISE   630 AM EDT   SUNSET   859 PM EDT


-  INDICATES NEGATIVE NUMBERS.
R  INDICATES RECORD WAS SET OR TIED.
MM INDICATES DATA IS MISSING.
T  INDICATES TRACE AMOUNT.




$$
