000
CDUS43 KLMK 060627
CLILEX


CLIMATE REPORT
NATIONAL WEATHER SERVICE LOUISVILLE KY
227 AM EDT SAT SEP 6 2014


...................................

...THE LEXINGTON KY CLIMATE SUMMARY FOR SEPTEMBER 5 2014...

CLIMATE NORMAL PERIOD 1981 TO 2010
CLIMATE RECORD PERIOD 1872 TO 2014


WEATHER ITEM   OBSERVED TIME   RECORD YEAR NORMAL DEPARTURE LAST
                VALUE   (LST)  VALUE       VALUE  FROM      YEAR
                                                  NORMAL
..................................................................
TEMPERATURE (F)
 YESTERDAY
  MAXIMUM         91    354 PM 103    1954  83      8       83
  MINIMUM         71    639 AM  45    1997  62      9       58
  AVERAGE         81                        72      9       71

PRECIPITATION (IN)
  YESTERDAY        0.00          1.31 2011   0.09  -0.09     0.00
  MONTH TO DATE    1.14                      0.46   0.68      T
  SINCE SEP 1      1.14                      0.46   0.68      T
  SINCE JAN 1     40.87                     32.13   8.74    43.64

SNOWFALL (IN)
  YESTERDAY        0.0          MM      MM   0.0    0.0      0.0
  MONTH TO DATE    0.0                       0.0    0.0      0.0
  SINCE SEP 1      0.0                       0.0    0.0      0.0
  SINCE JUL 1      0.0                       0.0    0.0      0.0
  SNOW DEPTH       0

DEGREE DAYS
 HEATING
  YESTERDAY        0                         0      0        0
  MONTH TO DATE    0                         0      0        0
  SINCE SEP 1      0                         0      0        0
  SINCE JUL 1      2                         2      0        3

 COOLING
  YESTERDAY       16                         7      9        6
  MONTH TO DATE   71                        39     32       38
  SINCE SEP 1     71                        39     32       38
  SINCE JAN 1   1152                      1056     96     1076
..................................................................


WIND (MPH)
  HIGHEST WIND SPEED    10   HIGHEST WIND DIRECTION     S (190)
  HIGHEST GUST SPEED    13   HIGHEST GUST DIRECTION     S (200)
  AVERAGE WIND SPEED     5.9


SKY COVER
  POSSIBLE SUNSHINE  MM
  AVERAGE SKY COVER 0.1


WEATHER CONDITIONS
 THE FOLLOWING WEATHER WAS RECORDED YESTERDAY.
  NO SIGNIFICANT WEATHER WAS OBSERVED.


RELATIVE HUMIDITY (PERCENT)
 HIGHEST    93           100 AM
 LOWEST     49           400 PM
 AVERAGE    71

..........................................................


THE LEXINGTON KY CLIMATE NORMALS FOR TODAY
                         NORMAL    RECORD    YEAR
 MAXIMUM TEMPERATURE (F)   82       102      1954
 MINIMUM TEMPERATURE (F)   61        45      1988


SUNRISE AND SUNSET
SEPTEMBER  6 2014.....SUNRISE   712 AM EDT   SUNSET   800 PM EDT
SEPTEMBER  7 2014.....SUNRISE   713 AM EDT   SUNSET   759 PM EDT


-  INDICATES NEGATIVE NUMBERS.
R  INDICATES RECORD WAS SET OR TIED.
MM INDICATES DATA IS MISSING.
T  INDICATES TRACE AMOUNT.




$$
