000
CDUS43 KLMK 092139
CLILEX


CLIMATE REPORT
NATIONAL WEATHER SERVICE LOUISVILLE KY
439 PM EST TUE DEC 9 2014


...................................

...THE LEXINGTON KY CLIMATE SUMMARY FOR DECEMBER 9 2014...
VALID TODAY AS OF 0400 PM LOCAL TIME.

CLIMATE NORMAL PERIOD 1981 TO 2010
CLIMATE RECORD PERIOD 1872 TO 2014


WEATHER ITEM   OBSERVED TIME   RECORD YEAR NORMAL DEPARTURE LAST
                VALUE   (LST)  VALUE       VALUE  FROM      YEAR
                                                  NORMAL
..................................................................
TEMPERATURE (F)
 TODAY
  MAXIMUM         44    129 AM  68    1952  45     -1       36
  MINIMUM         36   1233 PM  -9    1917  29      7       28
  AVERAGE         40                        37      3       32

PRECIPITATION (IN)
  TODAY            0.02          1.53 1966   0.14  -0.12     0.02
  MONTH TO DATE    2.61                      1.18   1.43     2.46
  SINCE DEC 1      2.61                      1.18   1.43     2.46
  SINCE JAN 1     53.52                     42.42  11.10    56.41

SNOWFALL (IN)
  TODAY            0.0           1.3  1961   0.1   -0.1       T
  MONTH TO DATE    0.0                       0.5   -0.5      0.2
  SINCE DEC 1      0.0                       0.5   -0.5      0.2
  SINCE JUL 1      1.6                       0.8    0.8      1.6
  SNOW DEPTH       0

DEGREE DAYS
 HEATING
  TODAY           25                        28     -3       33
  MONTH TO DATE  210                       237    -27      213
  SINCE DEC 1    210                       237    -27      213
  SINCE JUL 1   1217                      1124     93     1140

 COOLING
  TODAY            0                         0      0        0
  MONTH TO DATE    0                         0      0        0
  SINCE DEC 1      0                         0      0        0
  SINCE JAN 1   1274                      1190     84     1245
..................................................................


WIND (MPH)
  HIGHEST WIND SPEED    16   HIGHEST WIND DIRECTION     W (290)
  HIGHEST GUST SPEED    21   HIGHEST GUST DIRECTION    NW (300)
  AVERAGE WIND SPEED     9.1


SKY COVER
  POSSIBLE SUNSHINE  MM
  AVERAGE SKY COVER 1.0


WEATHER CONDITIONS
 THE FOLLOWING WEATHER WAS RECORDED TODAY.
  LIGHT RAIN
  FOG


RELATIVE HUMIDITY (PERCENT)
 HIGHEST    92          1000 AM
 LOWEST     76          1200 AM
 AVERAGE    84

..........................................................


THE LEXINGTON KY CLIMATE NORMALS FOR TOMORROW
                         NORMAL    RECORD    YEAR
 MAXIMUM TEMPERATURE (F)   45        72      1971
 MINIMUM TEMPERATURE (F)   29        -9      1917


SUNRISE AND SUNSET
DECEMBER  9 2014......SUNRISE   743 AM EST   SUNSET   519 PM EST
DECEMBER 10 2014......SUNRISE   744 AM EST   SUNSET   519 PM EST


-  INDICATES NEGATIVE NUMBERS.
R  INDICATES RECORD WAS SET OR TIED.
MM INDICATES DATA IS MISSING.
T  INDICATES TRACE AMOUNT.




$$
