000
CDUS43 KLMK 210632
CLILEX


CLIMATE REPORT
NATIONAL WEATHER SERVICE LOUISVILLE KY
130 AM EST SAT FEB 21 2015


...................................

...THE LEXINGTON KY CLIMATE SUMMARY FOR FEBRUARY 20 2015...

CLIMATE NORMAL PERIOD 1981 TO 2010
CLIMATE RECORD PERIOD 1872 TO 2015


WEATHER ITEM   OBSERVED TIME   RECORD YEAR NORMAL DEPARTURE LAST
                VALUE   (LST)  VALUE       VALUE  FROM      YEAR
                                                  NORMAL
..................................................................
TEMPERATURE (F)
 YESTERDAY
  MAXIMUM         25   1159 PM  72    1997  47    -22       70
                                      1891
  MINIMUM        -18R   434 AM   0    1896  29    -47       45
  AVERAGE          4                        38    -34       58

PRECIPITATION (IN)
  YESTERDAY        T             1.22 1897   0.11  -0.11     0.43
  MONTH TO DATE    1.82                      2.26  -0.44     4.32
  SINCE DEC 1      6.97                      9.39  -2.42    12.21
  SINCE JAN 1      3.67                      5.46  -1.79     6.63

SNOWFALL (IN)
  YESTERDAY        0.0           5.0  1927   0.1   -0.1      0.0
  MONTH TO DATE   14.9                       3.6   11.3      8.3
  SINCE DEC 1     20.8                      10.0   10.8     17.5
  SINCE JUL 1     22.4                      10.3   12.1     18.9
  SNOW DEPTH       7

DEGREE DAYS
 HEATING
  YESTERDAY       61                        27     34        7
  MONTH TO DATE  787                       583    204      666
  SINCE DEC 1   2642                      2479    163     2673
  SINCE JUL 1   3649                      3366    283     3600

 COOLING
  YESTERDAY        0                         0      0        0
  MONTH TO DATE    0                         0      0        0
  SINCE DEC 1      0                         0      0        0
  SINCE JAN 1      0                         0      0        0
..................................................................


WIND (MPH)
  HIGHEST WIND SPEED    18   HIGHEST WIND DIRECTION     S (160)
  HIGHEST GUST SPEED    22   HIGHEST GUST DIRECTION     S (160)
  AVERAGE WIND SPEED     7.6


SKY COVER
  POSSIBLE SUNSHINE  MM
  AVERAGE SKY COVER 0.5


WEATHER CONDITIONS
 THE FOLLOWING WEATHER WAS RECORDED YESTERDAY.
  LT FREEZING RAIN


RELATIVE HUMIDITY (PERCENT)
 HIGHEST    87           500 AM
 LOWEST     41           800 PM
 AVERAGE    64

..........................................................


THE LEXINGTON KY CLIMATE NORMALS FOR TODAY
                         NORMAL    RECORD    YEAR
 MAXIMUM TEMPERATURE (F)   47        71      1874
 MINIMUM TEMPERATURE (F)   30        -2      1896


SUNRISE AND SUNSET
FEBRUARY 21 2015......SUNRISE   721 AM EST   SUNSET   623 PM EST
FEBRUARY 22 2015......SUNRISE   720 AM EST   SUNSET   624 PM EST


-  INDICATES NEGATIVE NUMBERS.
R  INDICATES RECORD WAS SET OR TIED.
MM INDICATES DATA IS MISSING.
T  INDICATES TRACE AMOUNT.




$$
