000
CDUS43 KLMK 270626
CLILEX


CLIMATE REPORT
NATIONAL WEATHER SERVICE LOUISVILLE KY
126 AM EST MON NOV 27 2017


...................................

...THE LEXINGTON KY CLIMATE SUMMARY FOR NOVEMBER 26 2017...

CLIMATE NORMAL PERIOD 1981 TO 2010
CLIMATE RECORD PERIOD 1872 TO 2017


WEATHER ITEM   OBSERVED TIME   RECORD YEAR NORMAL DEPARTURE LAST
                VALUE   (LST)  VALUE       VALUE  FROM      YEAR
                                                  NORMAL
..................................................................
TEMPERATURE (F)
 YESTERDAY
  MAXIMUM         53    309 PM  72    1887  51      2       45
  MINIMUM         28    716 AM   9    1930  34     -6       29
  AVERAGE         41                        42     -1       37

PRECIPITATION (IN)
  YESTERDAY        0.00          2.15 1919   0.12  -0.12     0.00
  MONTH TO DATE    2.29                      3.02  -0.73     0.54
  SINCE SEP 1     11.80                      9.06   2.74     3.04
  SINCE JAN 1     46.74                     40.73   6.01    37.41

SNOWFALL (IN)
  YESTERDAY        0.0           4.6  1950   0.0    0.0      0.0
  MONTH TO DATE    0.0                       0.2   -0.2      0.0
  SINCE SEP 1      T                         0.2   -0.2      0.0
  SINCE JUL 1      T                         0.2   -0.2      0.0
  SNOW DEPTH       0

DEGREE DAYS
 HEATING
  YESTERDAY       24                        23      1       28
  MONTH TO DATE  467                       466      1      392
  SINCE SEP 1    719                       790    -71      525
  SINCE JUL 1    719                       792    -73      525

 COOLING
  YESTERDAY        0                         0      0        0
  MONTH TO DATE    6                         0      6       15
  SINCE SEP 1    209                       171     38      364
  SINCE JAN 1   1290                      1188    102     1640
..................................................................


WIND (MPH)
  HIGHEST WIND SPEED    10   HIGHEST WIND DIRECTION     W (280)
  HIGHEST GUST SPEED    18   HIGHEST GUST DIRECTION     W (290)
  AVERAGE WIND SPEED     3.4


SKY COVER
  POSSIBLE SUNSHINE  MM
  AVERAGE SKY COVER 0.0


WEATHER CONDITIONS
 THE FOLLOWING WEATHER WAS RECORDED YESTERDAY.
  NO SIGNIFICANT WEATHER WAS OBSERVED.


RELATIVE HUMIDITY (PERCENT)
 HIGHEST    82           900 AM
 LOWEST     36           500 PM
 AVERAGE    59

..........................................................


THE LEXINGTON KY CLIMATE NORMALS FOR TODAY
                         NORMAL    RECORD    YEAR
 MAXIMUM TEMPERATURE (F)   50        76      1990
 MINIMUM TEMPERATURE (F)   33         3      1930


SUNRISE AND SUNSET
NOVEMBER 27 2017......SUNRISE   732 AM EST   SUNSET   520 PM EST
NOVEMBER 28 2017......SUNRISE   733 AM EST   SUNSET   520 PM EST


-  INDICATES NEGATIVE NUMBERS.
R  INDICATES RECORD WAS SET OR TIED.
MM INDICATES DATA IS MISSING.
T  INDICATES TRACE AMOUNT.




$$
