000
CDUS43 KLMK 130627
CLILEX


CLIMATE REPORT
NATIONAL WEATHER SERVICE LOUISVILLE KY
126 AM EST MON FEB 13 2017


...................................

...THE LEXINGTON KY CLIMATE SUMMARY FOR FEBRUARY 12 2017...

CLIMATE NORMAL PERIOD 1981 TO 2010
CLIMATE RECORD PERIOD 1872 TO 2017


WEATHER ITEM   OBSERVED TIME   RECORD YEAR NORMAL DEPARTURE LAST
                VALUE   (LST)  VALUE       VALUE  FROM      YEAR
                                                  NORMAL
..................................................................
TEMPERATURE (F)
 YESTERDAY
  MAXIMUM         68   1107 AM  73    1938  45     23       32
  MINIMUM         38   1154 PM -12    1899  27     11       22
  AVERAGE         53                        36     17       27

PRECIPITATION (IN)
  YESTERDAY        0.00          1.49 1923   0.11  -0.11      T
  MONTH TO DATE    1.36                      1.37  -0.01     1.65
  SINCE DEC 1     12.25                      8.50   3.75    10.10
  SINCE JAN 1      6.07                      4.57   1.50     2.89

SNOWFALL (IN)
  YESTERDAY        0.0           3.4  1982   0.2   -0.2       T
  MONTH TO DATE    T                         2.3   -2.3      1.7
  SINCE DEC 1      3.4                       8.7   -5.3     11.3
  SINCE JUL 1      3.4                       9.0   -5.6     11.3
  SNOW DEPTH       0

DEGREE DAYS
 HEATING
  YESTERDAY       12                        29    -17       38
  MONTH TO DATE  278                       361    -83      361
  SINCE DEC 1   1896                      2257   -361     1879
  SINCE JUL 1   2482                      3144   -662     2565

 COOLING
  YESTERDAY        0                         0      0        0
  MONTH TO DATE    0                         0      0        0
  SINCE DEC 1      0                         0      0        0
  SINCE JAN 1      0                         0      0        0
..................................................................


WIND (MPH)
  HIGHEST WIND SPEED    25   HIGHEST WIND DIRECTION    NW (320)
  HIGHEST GUST SPEED    33   HIGHEST GUST DIRECTION    NW (310)
  AVERAGE WIND SPEED    14.3


SKY COVER
  POSSIBLE SUNSHINE  MM
  AVERAGE SKY COVER 0.5


WEATHER CONDITIONS
 THE FOLLOWING WEATHER WAS RECORDED YESTERDAY.
  NO SIGNIFICANT WEATHER WAS OBSERVED.


RELATIVE HUMIDITY (PERCENT)
 HIGHEST    78           100 AM
 LOWEST     38           600 PM
 AVERAGE    58

..........................................................


THE LEXINGTON KY CLIMATE NORMALS FOR TODAY
                         NORMAL    RECORD    YEAR
 MAXIMUM TEMPERATURE (F)   45        71      1962
                                             1938
 MINIMUM TEMPERATURE (F)   28       -20      1899


SUNRISE AND SUNSET
FEBRUARY 13 2017......SUNRISE   730 AM EST   SUNSET   615 PM EST
FEBRUARY 14 2017......SUNRISE   729 AM EST   SUNSET   616 PM EST


-  INDICATES NEGATIVE NUMBERS.
R  INDICATES RECORD WAS SET OR TIED.
MM INDICATES DATA IS MISSING.
T  INDICATES TRACE AMOUNT.




$$
