000
CDUS43 KLMK 140634
CLILEX


CLIMATE REPORT
NATIONAL WEATHER SERVICE LOUISVILLE KY
233 AM EDT THU APR 14 2016


...................................

...THE LEXINGTON KY CLIMATE SUMMARY FOR APRIL 13 2016...

CLIMATE NORMAL PERIOD 1981 TO 2010
CLIMATE RECORD PERIOD 1872 TO 2016


WEATHER ITEM   OBSERVED TIME   RECORD YEAR NORMAL DEPARTURE LAST
                VALUE   (LST)  VALUE       VALUE  FROM      YEAR
                                                  NORMAL
..................................................................
TEMPERATURE (F)
 YESTERDAY
  MAXIMUM         64    447 PM  84    1941  65     -1       77
                                      1906
  MINIMUM         34    525 AM  23    1939  44    -10       58
  AVERAGE         49                        54     -5       68

PRECIPITATION (IN)
  YESTERDAY        0.00          2.39 1923   0.11  -0.11     0.27
  MONTH TO DATE    1.04                      1.46  -0.42     9.00
  SINCE MAR 1      3.83                      5.53  -1.70    16.46
  SINCE JAN 1      9.53                     11.93  -2.40    21.31

SNOWFALL (IN)
  YESTERDAY        0.0           0.3  1950   0.0    0.0      0.0
  MONTH TO DATE    T                         0.2   -0.2      0.0
  SINCE MAR 1      0.7                       1.6   -0.9     17.1
  SINCE JUL 1     15.3                      12.9    2.4     40.0
  SNOW DEPTH       0

DEGREE DAYS
 HEATING
  YESTERDAY       16                        11      5        0
  MONTH TO DATE  228                       167     61       93
  SINCE MAR 1    622                       772   -150      742
  SINCE JUL 1   3593                      4343   -750     4720

 COOLING
  YESTERDAY        0                         1     -1        3
  MONTH TO DATE    0                         4     -4       12
  SINCE MAR 1      3                         6     -3       12
  SINCE JAN 1      3                         6     -3       12
..................................................................


WIND (MPH)
  HIGHEST WIND SPEED    16   HIGHEST WIND DIRECTION     E (70)
  HIGHEST GUST SPEED    21   HIGHEST GUST DIRECTION    NE (60)
  AVERAGE WIND SPEED    10.0


SKY COVER
  POSSIBLE SUNSHINE  MM
  AVERAGE SKY COVER 0.0


WEATHER CONDITIONS
 THE FOLLOWING WEATHER WAS RECORDED YESTERDAY.
  NO SIGNIFICANT WEATHER WAS OBSERVED.


RELATIVE HUMIDITY (PERCENT)
 HIGHEST    75           300 AM
 LOWEST     31           300 PM
 AVERAGE    53

..........................................................


THE LEXINGTON KY CLIMATE NORMALS FOR TODAY
                         NORMAL    RECORD    YEAR
 MAXIMUM TEMPERATURE (F)   65        84      1977
 MINIMUM TEMPERATURE (F)   44        24      1907


SUNRISE AND SUNSET
APRIL 14 2016.........SUNRISE   704 AM EDT   SUNSET   814 PM EDT
APRIL 15 2016.........SUNRISE   702 AM EDT   SUNSET   815 PM EDT


-  INDICATES NEGATIVE NUMBERS.
R  INDICATES RECORD WAS SET OR TIED.
MM INDICATES DATA IS MISSING.
T  INDICATES TRACE AMOUNT.




$$
