000
CDUS43 KLMK 052037
CLILEX


CLIMATE REPORT
NATIONAL WEATHER SERVICE LOUISVILLE KY
436 PM EDT FRI AUG 5 2016


...................................

...THE LEXINGTON KY CLIMATE SUMMARY FOR AUGUST 5 2016...
VALID TODAY AS OF 0400 PM LOCAL TIME.

CLIMATE NORMAL PERIOD 1981 TO 2010
CLIMATE RECORD PERIOD 1872 TO 2016


WEATHER ITEM   OBSERVED TIME   RECORD YEAR NORMAL DEPARTURE LAST
                VALUE   (LST)  VALUE       VALUE  FROM      YEAR
                                                  NORMAL
..................................................................
TEMPERATURE (F)
 TODAY
  MAXIMUM         90    246 PM  98    2002  86      4       87
  MINIMUM         69    425 AM  51    1912  66      3       65
  AVERAGE         80                        76      4       76

PRECIPITATION (IN)
  TODAY            0.00          1.52 1995   0.11  -0.11     0.12
  MONTH TO DATE    3.31                      0.60   2.71     0.34
  SINCE JUN 1     12.85                      9.69   3.16    15.64
  SINCE JAN 1     31.14                     29.02   2.12    41.43

SNOWFALL (IN)
  TODAY            0.0          MM      MM   0.0    0.0      0.0
  MONTH TO DATE    0.0                       0.0    0.0      0.0
  SINCE JUN 1      0.0                       0.0    0.0      0.0
  SINCE JUL 1      0.0                       0.0    0.0      0.0
  SNOW DEPTH       0

DEGREE DAYS
 HEATING
  TODAY            0                         0      0        0
  MONTH TO DATE    0                         0      0        0
  SINCE JUN 1      1                        11    -10       18
  SINCE JUL 1      0                         0      0        0

 COOLING
  TODAY           15                        11      4       11
  MONTH TO DATE   73                        55     18       55
  SINCE JUN 1    803                       644    159      693
  SINCE JAN 1    917                       751    166      861
..................................................................


WIND (MPH)
  HIGHEST WIND SPEED     9   HIGHEST WIND DIRECTION    SW (210)
  HIGHEST GUST SPEED    13   HIGHEST GUST DIRECTION    SW (220)
  AVERAGE WIND SPEED     2.8


SKY COVER
  POSSIBLE SUNSHINE  MM
  AVERAGE SKY COVER 0.6


WEATHER CONDITIONS
 THE FOLLOWING WEATHER WAS RECORDED TODAY.
  FOG
  FOG W/VISIBILITY <= 1/4 MILE


RELATIVE HUMIDITY (PERCENT)
 HIGHEST   100           500 AM
 LOWEST     55           200 PM
 AVERAGE    78

..........................................................


THE LEXINGTON KY CLIMATE NORMALS FOR TOMORROW
                         NORMAL    RECORD    YEAR
 MAXIMUM TEMPERATURE (F)   86       100      1918
 MINIMUM TEMPERATURE (F)   66        51      1994
                                             1948


SUNRISE AND SUNSET
AUGUST  5 2016........SUNRISE   645 AM EDT   SUNSET   843 PM EDT
AUGUST  6 2016........SUNRISE   646 AM EDT   SUNSET   842 PM EDT


-  INDICATES NEGATIVE NUMBERS.
R  INDICATES RECORD WAS SET OR TIED.
MM INDICATES DATA IS MISSING.
T  INDICATES TRACE AMOUNT.




$$
