000
CDUS43 KLMK 022127 RRC
CLILEX

CLIMATE REPORT
NATIONAL WEATHER SERVICE LOUISVILLE KY
427 PM EST THU FEB 2 2017


...................................

...THE LEXINGTON KY CLIMATE SUMMARY FOR FEBRUARY 2 2017...
VALID TODAY AS OF 0400 PM LOCAL TIME.

CLIMATE NORMAL PERIOD 1981 TO 2010
CLIMATE RECORD PERIOD 1872 TO 2017


WEATHER ITEM   OBSERVED TIME   RECORD YEAR NORMAL DEPARTURE LAST
                VALUE   (LST)  VALUE       VALUE  FROM      YEAR
                                                  NORMAL
..................................................................
TEMPERATURE (F)
 TODAY
  MAXIMUM         42    307 PM  72    2016  42      0       72
  MINIMUM         28    718 AM -15    1951  26      2       36
  AVERAGE         35                        34      1       54

PRECIPITATION (IN)
  TODAY            0.00          2.33 1939   0.11  -0.11     0.14
  MONTH TO DATE    0.00                      0.23  -0.23     0.43
  SINCE DEC 1     10.89                      7.36   3.53     8.88
  SINCE JAN 1      4.71                      3.43   1.28     1.67

SNOWFALL (IN)
  TODAY            0.0           2.2  2007   0.2   -0.2      0.0
  MONTH TO DATE    0.0                       0.4   -0.4      0.0
  SINCE DEC 1      3.4                       6.8   -3.4      9.6
  SINCE JUL 1      3.4                       7.1   -3.7      9.6
  SNOW DEPTH       0

DEGREE DAYS
 HEATING
  TODAY           30                        31     -1       11
  MONTH TO DATE   50                        62    -12       26
  SINCE DEC 1   1668                      1958   -290     1544
  SINCE JUL 1   2254                      2845   -591     2230

 COOLING
  TODAY            0                         0      0        0
  MONTH TO DATE    0                         0      0        0
  SINCE DEC 1      0                         0      0        0
  SINCE JAN 1      0                         0      0        0
..................................................................


WIND (MPH)
  HIGHEST WIND SPEED    13   HIGHEST WIND DIRECTION     W (280)
  HIGHEST GUST SPEED    17   HIGHEST GUST DIRECTION    NW (320)
  AVERAGE WIND SPEED     6.4


SKY COVER
  POSSIBLE SUNSHINE  MM
  AVERAGE SKY COVER 0.0


WEATHER CONDITIONS
 THE FOLLOWING WEATHER WAS RECORDED TODAY.
  NO SIGNIFICANT WEATHER WAS OBSERVED.


RELATIVE HUMIDITY (PERCENT)
 HIGHEST    78           500 AM
 LOWEST     24           300 PM
 AVERAGE    51

..........................................................


THE LEXINGTON KY CLIMATE NORMALS FOR TOMORROW
                         NORMAL    RECORD    YEAR
 MAXIMUM TEMPERATURE (F)   43        70      1890
 MINIMUM TEMPERATURE (F)   26        -8      1951


SUNRISE AND SUNSET
FEBRUARY  2 2017......SUNRISE   742 AM EST   SUNSET   603 PM EST
FEBRUARY  3 2017......SUNRISE   741 AM EST   SUNSET   604 PM EST


-  INDICATES NEGATIVE NUMBERS.
R  INDICATES RECORD WAS SET OR TIED.
MM INDICATES DATA IS MISSING.
T  INDICATES TRACE AMOUNT.




$$
