000
CDUS43 KLMK 180637
CLILEX


CLIMATE REPORT
NATIONAL WEATHER SERVICE LOUISVILLE KY
135 AM EST WED FEB 18 2015


...................................

...THE LEXINGTON KY CLIMATE SUMMARY FOR FEBRUARY 17 2015...

CLIMATE NORMAL PERIOD 1981 TO 2010
CLIMATE RECORD PERIOD 1872 TO 2015


WEATHER ITEM   OBSERVED TIME   RECORD YEAR NORMAL DEPARTURE LAST
                VALUE   (LST)  VALUE       VALUE  FROM      YEAR
                                                  NORMAL
..................................................................
TEMPERATURE (F)
 YESTERDAY
  MAXIMUM         21    420 PM  72    1927  46    -25       50
  MINIMUM         -1    820 AM  -6    1958  29    -30       23
  AVERAGE         10                        37    -27       37

PRECIPITATION (IN)
  YESTERDAY        0.00          2.91 1976   0.11  -0.11     0.37
  MONTH TO DATE    1.71                      1.92  -0.21     3.79
  SINCE DEC 1      6.86                      9.05  -2.19    11.68
  SINCE JAN 1      3.56                      5.12  -1.56     6.10

SNOWFALL (IN)
  YESTERDAY        0.0           2.5  1903   0.2   -0.2      0.0
  MONTH TO DATE   10.9                       3.2    7.7      8.3
  SINCE DEC 1     16.8                       9.6    7.2     17.5
  SINCE JUL 1     18.4                       9.9    8.5     18.9
  SNOW DEPTH      10

DEGREE DAYS
 HEATING
  YESTERDAY       55                        28     27       28
  MONTH TO DATE  607                       502    105      626
  SINCE DEC 1   2462                      2398     64     2633
  SINCE JUL 1   3469                      3285    184     3560

 COOLING
  YESTERDAY        0                         0      0        0
  MONTH TO DATE    0                         0      0        0
  SINCE DEC 1      0                         0      0        0
  SINCE JAN 1      0                         0      0        0
..................................................................


WIND (MPH)
  HIGHEST WIND SPEED    13   HIGHEST WIND DIRECTION     S (200)
  HIGHEST GUST SPEED    15   HIGHEST GUST DIRECTION     S (200)
  AVERAGE WIND SPEED     7.0


SKY COVER
  POSSIBLE SUNSHINE  MM
  AVERAGE SKY COVER 0.3


WEATHER CONDITIONS
 THE FOLLOWING WEATHER WAS RECORDED YESTERDAY.
  FOG


RELATIVE HUMIDITY (PERCENT)
 HIGHEST    95           800 AM
 LOWEST     47           500 PM
 AVERAGE    71

..........................................................


THE LEXINGTON KY CLIMATE NORMALS FOR TODAY
                         NORMAL    RECORD    YEAR
 MAXIMUM TEMPERATURE (F)   46        70      1948
 MINIMUM TEMPERATURE (F)   29        -6      1936


SUNRISE AND SUNSET
FEBRUARY 18 2015......SUNRISE   725 AM EST   SUNSET   620 PM EST
FEBRUARY 19 2015......SUNRISE   724 AM EST   SUNSET   621 PM EST


-  INDICATES NEGATIVE NUMBERS.
R  INDICATES RECORD WAS SET OR TIED.
MM INDICATES DATA IS MISSING.
T  INDICATES TRACE AMOUNT.




$$
