000
CDUS43 KLMK 140628
CLILEX


CLIMATE REPORT
NATIONAL WEATHER SERVICE LOUISVILLE KY
226 AM EDT TUE OCT 14 2014


...................................

...THE LEXINGTON KY CLIMATE SUMMARY FOR OCTOBER 13 2014...

CLIMATE NORMAL PERIOD 1981 TO 2010
CLIMATE RECORD PERIOD 1872 TO 2014


WEATHER ITEM   OBSERVED TIME   RECORD YEAR NORMAL DEPARTURE LAST
                VALUE   (LST)  VALUE       VALUE  FROM      YEAR
                                                  NORMAL
..................................................................
TEMPERATURE (F)
 YESTERDAY
  MAXIMUM         80    411 PM  88    1935  69     11       78
  MINIMUM         67    833 AM  26    1988  47     20       50
  AVERAGE         74                        58     16       64

PRECIPITATION (IN)
  YESTERDAY        0.87          1.87 1983   0.09   0.78     0.01
  MONTH TO DATE    2.16                      1.26   0.90     4.00
  SINCE SEP 1      6.51                      4.17   2.34     5.63
  SINCE JAN 1     46.24                     35.84  10.40    49.27

SNOWFALL (IN)
  YESTERDAY        0.0           0.0    MM   0.0    0.0      0.0
  MONTH TO DATE    0.0                       0.0    0.0      0.0
  SINCE SEP 1      0.0                       0.0    0.0      0.0
  SINCE JUL 1      0.0                       0.0    0.0      0.0
  SNOW DEPTH       0

DEGREE DAYS
 HEATING
  YESTERDAY        0                         8     -8        1
  MONTH TO DATE   61                        83    -22       32
  SINCE SEP 1     89                       135    -46       49
  SINCE JUL 1     91                       137    -46       52

 COOLING
  YESTERDAY        9                         1      8        0
  MONTH TO DATE   25                        17      8       41
  SINCE SEP 1    191                       163     28      204
  SINCE JAN 1   1272                      1180     92     1242
..................................................................


WIND (MPH)
  HIGHEST WIND SPEED    25   HIGHEST WIND DIRECTION     S (180)
  HIGHEST GUST SPEED    31   HIGHEST GUST DIRECTION     S (180)
  AVERAGE WIND SPEED    12.5


SKY COVER
  POSSIBLE SUNSHINE  MM
  AVERAGE SKY COVER 0.5


WEATHER CONDITIONS
 THE FOLLOWING WEATHER WAS RECORDED YESTERDAY.
  THUNDERSTORM
  HEAVY RAIN
  RAIN
  LIGHT RAIN
  FOG


RELATIVE HUMIDITY (PERCENT)
 HIGHEST    87          1200 AM
 LOWEST     54           400 PM
 AVERAGE    71

..........................................................


THE LEXINGTON KY CLIMATE NORMALS FOR TODAY
                         NORMAL    RECORD    YEAR
 MAXIMUM TEMPERATURE (F)   68        86      1897
 MINIMUM TEMPERATURE (F)   47        29      1979
                                             1937


SUNRISE AND SUNSET
OCTOBER 14 2014.......SUNRISE   746 AM EDT   SUNSET   702 PM EDT
OCTOBER 15 2014.......SUNRISE   747 AM EDT   SUNSET   701 PM EDT


-  INDICATES NEGATIVE NUMBERS.
R  INDICATES RECORD WAS SET OR TIED.
MM INDICATES DATA IS MISSING.
T  INDICATES TRACE AMOUNT.




$$
