000
CDUS43 KLMK 190630
CLILEX


CLIMATE REPORT
NATIONAL WEATHER SERVICE LOUISVILLE KY
129 AM EST MON JAN 19 2015


...................................

...THE LEXINGTON KY CLIMATE SUMMARY FOR JANUARY 18 2015...

CLIMATE NORMAL PERIOD 1981 TO 2010
CLIMATE RECORD PERIOD 1872 TO 2015


WEATHER ITEM   OBSERVED TIME   RECORD YEAR NORMAL DEPARTURE LAST
                VALUE   (LST)  VALUE       VALUE  FROM      YEAR
                                                  NORMAL
..................................................................
TEMPERATURE (F)
 YESTERDAY
  MAXIMUM         50    336 PM  72    1929  41      9       36
  MINIMUM         30   1143 PM -17    1994  25      5       13
  AVERAGE         40                        33      7       25

PRECIPITATION (IN)
  YESTERDAY        0.06          1.08 1910   0.10  -0.04      T
  MONTH TO DATE    1.03                      1.85  -0.82     2.05
  SINCE DEC 1      4.33                      5.78  -1.45     7.63
  SINCE JAN 1      1.03                      1.85  -0.82     2.05

SNOWFALL (IN)
  YESTERDAY        0.0           5.5  1984   0.1   -0.1       T
  MONTH TO DATE    T                         2.1   -2.1      2.0
  SINCE DEC 1      T                         4.6   -4.6      2.6
  SINCE JUL 1      1.6                       4.9   -3.3      4.0
  SNOW DEPTH       0

DEGREE DAYS
 HEATING
  YESTERDAY       25                        32     -7       40
  MONTH TO DATE  641                       576     65      617
  SINCE DEC 1   1452                      1477    -25     1448
  SINCE JUL 1   2459                      2364     95     2375

 COOLING
  YESTERDAY        0                         0      0        0
  MONTH TO DATE    0                         0      0        0
  SINCE DEC 1      0                         0      0        0
  SINCE JAN 1      0                         0      0        0
..................................................................


WIND (MPH)
  HIGHEST WIND SPEED    25   HIGHEST WIND DIRECTION     W (250)
  HIGHEST GUST SPEED    35   HIGHEST GUST DIRECTION    SW (240)
  AVERAGE WIND SPEED    11.8


SKY COVER
  POSSIBLE SUNSHINE  MM
  AVERAGE SKY COVER 0.5


WEATHER CONDITIONS
 THE FOLLOWING WEATHER WAS RECORDED YESTERDAY.
  RAIN
  LIGHT RAIN


RELATIVE HUMIDITY (PERCENT)
 HIGHEST    92           500 AM
 LOWEST     42           500 PM
 AVERAGE    67

..........................................................


THE LEXINGTON KY CLIMATE NORMALS FOR TODAY
                         NORMAL    RECORD    YEAR
 MAXIMUM TEMPERATURE (F)   41        68      1907
 MINIMUM TEMPERATURE (F)   25       -20      1994


SUNRISE AND SUNSET
JANUARY 19 2015.......SUNRISE   752 AM EST   SUNSET   547 PM EST
JANUARY 20 2015.......SUNRISE   751 AM EST   SUNSET   548 PM EST


-  INDICATES NEGATIVE NUMBERS.
R  INDICATES RECORD WAS SET OR TIED.
MM INDICATES DATA IS MISSING.
T  INDICATES TRACE AMOUNT.

$$

SCHOETTMER
