000
CDUS43 KLMK 272034
CLILEX


CLIMATE REPORT
NATIONAL WEATHER SERVICE LOUISVILLE KY
433 PM EDT WED SEP 27 2017


...................................

...THE LEXINGTON KY CLIMATE SUMMARY FOR SEPTEMBER 27 2017...
VALID TODAY AS OF 0400 PM LOCAL TIME.

CLIMATE NORMAL PERIOD 1981 TO 2010
CLIMATE RECORD PERIOD 1872 TO 2017


WEATHER ITEM   OBSERVED TIME   RECORD YEAR NORMAL DEPARTURE LAST
                VALUE   (LST)  VALUE       VALUE  FROM      YEAR
                                                  NORMAL
..................................................................
TEMPERATURE (F)
 TODAY
  MAXIMUM         89    230 PM  91    1939  74     15       76
  MINIMUM         61    647 AM  37    1942  53      8       49
  AVERAGE         75                        64     11       63

PRECIPITATION (IN)
  TODAY            0.00          1.61 1964   0.10  -0.10     0.00
  MONTH TO DATE    3.74                      2.61   1.13     0.76
  SINCE SEP 1      3.74                      2.61   1.13     0.76
  SINCE JAN 1     38.68                     34.28   4.40    35.13

SNOWFALL (IN)
  TODAY            0.0          MM      MM   0.0    0.0      0.0
  MONTH TO DATE    0.0                       0.0    0.0      0.0
  SINCE SEP 1      0.0                       0.0    0.0      0.0
  SINCE JUL 1      0.0                       0.0    0.0      0.0
  SNOW DEPTH       0

DEGREE DAYS
 HEATING
  TODAY            0                         4     -4        2
  MONTH TO DATE   31                        38     -7        4
  SINCE SEP 1     31                        38     -7        4
  SINCE JUL 1     31                        40     -9        4

 COOLING
  TODAY           10                         3      7        0
  MONTH TO DATE  141                       139      2      271
  SINCE SEP 1    141                       139      2      271
  SINCE JAN 1   1222                      1156     66     1547
..................................................................


WIND (MPH)
  HIGHEST WIND SPEED    10   HIGHEST WIND DIRECTION    NW (310)
  HIGHEST GUST SPEED    14   HIGHEST GUST DIRECTION    NW (320)
  AVERAGE WIND SPEED     2.4


SKY COVER
  POSSIBLE SUNSHINE  MM
  AVERAGE SKY COVER 0.0


WEATHER CONDITIONS
 THE FOLLOWING WEATHER WAS RECORDED TODAY.
  NO SIGNIFICANT WEATHER WAS OBSERVED.


RELATIVE HUMIDITY (PERCENT)
 HIGHEST    90           700 AM
 LOWEST     43           100 PM
 AVERAGE    67

..........................................................


THE LEXINGTON KY CLIMATE NORMALS FOR TOMORROW
                         NORMAL    RECORD    YEAR
 MAXIMUM TEMPERATURE (F)   74        94      1939
 MINIMUM TEMPERATURE (F)   53        33      1942


SUNRISE AND SUNSET
SEPTEMBER 27 2017.....SUNRISE   731 AM EDT   SUNSET   727 PM EDT
SEPTEMBER 28 2017.....SUNRISE   732 AM EDT   SUNSET   726 PM EDT


-  INDICATES NEGATIVE NUMBERS.
R  INDICATES RECORD WAS SET OR TIED.
MM INDICATES DATA IS MISSING.
T  INDICATES TRACE AMOUNT.




$$
