000
CDUS43 KLMK 062032
CLILEX


CLIMATE REPORT
NATIONAL WEATHER SERVICE LOUISVILLE KY
432 PM EDT SUN AUG 6 2017


...................................

...THE LEXINGTON KY CLIMATE SUMMARY FOR AUGUST 6 2017...
VALID TODAY AS OF 0400 PM LOCAL TIME.

CLIMATE NORMAL PERIOD 1981 TO 2010
CLIMATE RECORD PERIOD 1872 TO 2017


WEATHER ITEM   OBSERVED TIME   RECORD YEAR NORMAL DEPARTURE LAST
                VALUE   (LST)  VALUE       VALUE  FROM      YEAR
                                                  NORMAL
..................................................................
TEMPERATURE (F)
 TODAY
  MAXIMUM         74    205 PM 100    1918  86    -12       86
  MINIMUM         59    454 AM  51    1994  66     -7       70
                                      1948
  AVERAGE         67                        76     -9       78

PRECIPITATION (IN)
  TODAY            0.14          1.66 1899   0.12   0.02     0.24
  MONTH TO DATE    0.90                      0.72   0.18     3.55
  SINCE JUN 1     11.91                      9.81   2.10    13.09
  SINCE JAN 1     30.77                     29.14   1.63    31.38

SNOWFALL (IN)
  TODAY            0.0          MM      MM   0.0    0.0      0.0
  MONTH TO DATE    0.0                       0.0    0.0      0.0
  SINCE JUN 1      0.0                       0.0    0.0      0.0
  SINCE JUL 1      0.0                       0.0    0.0      0.0
  SNOW DEPTH       0

DEGREE DAYS
 HEATING
  TODAY            0                         0      0        0
  MONTH TO DATE    0                         0      0        0
  SINCE JUN 1      5                        11     -6        1
  SINCE JUL 1      0                         0      0        0

 COOLING
  TODAY            2                        11     -9       13
  MONTH TO DATE   41                        66    -25       86
  SINCE JUN 1    670                       655     15      816
  SINCE JAN 1    867                       762    105      930
..................................................................


WIND (MPH)
  HIGHEST WIND SPEED     8   HIGHEST WIND DIRECTION     S (160)
  HIGHEST GUST SPEED    12   HIGHEST GUST DIRECTION     E (110)
  AVERAGE WIND SPEED     4.2


SKY COVER
  POSSIBLE SUNSHINE  MM
  AVERAGE SKY COVER 0.5


WEATHER CONDITIONS
 THE FOLLOWING WEATHER WAS RECORDED TODAY.
  HEAVY RAIN
  LIGHT RAIN


RELATIVE HUMIDITY (PERCENT)
 HIGHEST    87           500 AM
 LOWEST     57           900 AM
 AVERAGE    72

..........................................................


THE LEXINGTON KY CLIMATE NORMALS FOR TOMORROW
                         NORMAL    RECORD    YEAR
 MAXIMUM TEMPERATURE (F)   86        97      2007
                                             1941
                                             1935
 MINIMUM TEMPERATURE (F)   66        50      1990


SUNRISE AND SUNSET
AUGUST  6 2017........SUNRISE   646 AM EDT   SUNSET   842 PM EDT
AUGUST  7 2017........SUNRISE   647 AM EDT   SUNSET   841 PM EDT


-  INDICATES NEGATIVE NUMBERS.
R  INDICATES RECORD WAS SET OR TIED.
MM INDICATES DATA IS MISSING.
T  INDICATES TRACE AMOUNT.




$$
