000
CDUS43 KLMK 072031
CLILEX


CLIMATE REPORT
NATIONAL WEATHER SERVICE LOUISVILLE KY
430 PM EDT WED JUN 7 2017


...................................

...THE LEXINGTON KY CLIMATE SUMMARY FOR JUNE 7 2017...
VALID TODAY AS OF 0400 PM LOCAL TIME.

CLIMATE NORMAL PERIOD 1981 TO 2010
CLIMATE RECORD PERIOD 1872 TO 2017


WEATHER ITEM   OBSERVED TIME   RECORD YEAR NORMAL DEPARTURE LAST
                VALUE   (LST)  VALUE       VALUE  FROM      YEAR
                                                  NORMAL
..................................................................
TEMPERATURE (F)
 TODAY
  MAXIMUM         70   1253 PM  95    1933  81    -11       78
  MINIMUM         54    516 AM  44    1998  60     -6       60
  AVERAGE         62                        71     -9       69

PRECIPITATION (IN)
  TODAY            0.00          1.12 1913   0.16  -0.16     0.07
  MONTH TO DATE    0.72                      1.16  -0.44     2.44
  SINCE JUN 1      0.72                      1.16  -0.44     2.44
  SINCE JAN 1     19.58                     20.49  -0.91    20.73

SNOWFALL (IN)
  TODAY            0.0          MM      MM   0.0    0.0      0.0
  MONTH TO DATE    0.0                       0.0    0.0      0.0
  SINCE JUN 1      0.0                       0.0    0.0      0.0
  SINCE JUL 1      3.4                      13.0   -9.6     15.3
  SNOW DEPTH       0

DEGREE DAYS
 HEATING
  TODAY            3                         1      2        0
  MONTH TO DATE    3                         7     -4        0
  SINCE JUN 1      3                         7     -4        0
  SINCE JUL 1   3474                      4607  -1133     3764

 COOLING
  TODAY            0                         6     -6        4
  MONTH TO DATE   31                        39     -8       57
  SINCE JUN 1     31                        39     -8       57
  SINCE JAN 1    228                       146     82      171
..................................................................


WIND (MPH)
  HIGHEST WIND SPEED    15   HIGHEST WIND DIRECTION    NE (40)
  HIGHEST GUST SPEED    19   HIGHEST GUST DIRECTION     N (20)
  AVERAGE WIND SPEED    10.1


SKY COVER
  POSSIBLE SUNSHINE  MM
  AVERAGE SKY COVER 0.4


WEATHER CONDITIONS
 THE FOLLOWING WEATHER WAS RECORDED TODAY.
  NO SIGNIFICANT WEATHER WAS OBSERVED.


RELATIVE HUMIDITY (PERCENT)
 HIGHEST    77           400 AM
 LOWEST     53           100 PM
 AVERAGE    65

..........................................................


THE LEXINGTON KY CLIMATE NORMALS FOR TOMORROW
                         NORMAL    RECORD    YEAR
 MAXIMUM TEMPERATURE (F)   81        95      1953
                                             1952
                                             1933
 MINIMUM TEMPERATURE (F)   61        46      1944
                                             1912
                                             1901


SUNRISE AND SUNSET
JUNE  7 2017..........SUNRISE   616 AM EDT   SUNSET   859 PM EDT
JUNE  8 2017..........SUNRISE   616 AM EDT   SUNSET   900 PM EDT


-  INDICATES NEGATIVE NUMBERS.
R  INDICATES RECORD WAS SET OR TIED.
MM INDICATES DATA IS MISSING.
T  INDICATES TRACE AMOUNT.




$$
