000
CDUS43 KLMK 150627
CLILEX


CLIMATE REPORT
NATIONAL WEATHER SERVICE LOUISVILLE KY
227 AM EDT WED MAR 15 2017


...................................

...THE LEXINGTON KY CLIMATE SUMMARY FOR MARCH 14 2017...

CLIMATE NORMAL PERIOD 1981 TO 2010
CLIMATE RECORD PERIOD 1872 TO 2017


WEATHER ITEM   OBSERVED TIME   RECORD YEAR NORMAL DEPARTURE LAST
                VALUE   (LST)  VALUE       VALUE  FROM      YEAR
                                                  NORMAL
..................................................................
TEMPERATURE (F)
 YESTERDAY
  MAXIMUM         36    253 PM  81    1973  55    -19       70
  MINIMUM         21   1006 PM  12    1993  35    -14       55
                                      1960
  AVERAGE         29                        45    -16       63

PRECIPITATION (IN)
  YESTERDAY        T             1.43 1933   0.14  -0.14     0.07
  MONTH TO DATE    1.27                      1.78  -0.51     2.07
  SINCE MAR 1      1.27                      1.78  -0.51     2.07
  SINCE JAN 1      9.37                      8.18   1.19     7.77

SNOWFALL (IN)
  YESTERDAY        T             2.5  1940   0.1   -0.1      0.0
  MONTH TO DATE    T                         0.8   -0.8      0.7
  SINCE MAR 1      T                         0.8   -0.8      0.7
  SINCE JUL 1      3.4                      12.1   -8.7     15.3
  SNOW DEPTH       0

DEGREE DAYS
 HEATING
  YESTERDAY       36                        20     16        2
  MONTH TO DATE  289                       310    -21      189
  SINCE MAR 1    289                       310    -21      189
  SINCE JUL 1   2999                      3881   -882     3160

 COOLING
  YESTERDAY        0                         0      0        0
  MONTH TO DATE    0                         0      0        1
  SINCE MAR 1      0                         0      0        1
  SINCE JAN 1      4                         0      4        1
..................................................................


WIND (MPH)
  HIGHEST WIND SPEED    24   HIGHEST WIND DIRECTION     N (340)
  HIGHEST GUST SPEED    32   HIGHEST GUST DIRECTION     N (350)
  AVERAGE WIND SPEED    15.0


SKY COVER
  POSSIBLE SUNSHINE  MM
  AVERAGE SKY COVER 0.8


WEATHER CONDITIONS
 THE FOLLOWING WEATHER WAS RECORDED YESTERDAY.
  LIGHT SNOW
  FOG
  HAZE


RELATIVE HUMIDITY (PERCENT)
 HIGHEST    89          1200 AM
 LOWEST     32           400 PM
 AVERAGE    61

..........................................................


THE LEXINGTON KY CLIMATE NORMALS FOR TODAY
                         NORMAL    RECORD    YEAR
 MAXIMUM TEMPERATURE (F)   55        81      1944
 MINIMUM TEMPERATURE (F)   35        11      1993


SUNRISE AND SUNSET
MARCH 15 2017.........SUNRISE   749 AM EDT   SUNSET   746 PM EDT
MARCH 16 2017.........SUNRISE   748 AM EDT   SUNSET   747 PM EDT


-  INDICATES NEGATIVE NUMBERS.
R  INDICATES RECORD WAS SET OR TIED.
MM INDICATES DATA IS MISSING.
T  INDICATES TRACE AMOUNT.




$$
