000
CDUS43 KLMK 230627
CLILEX


CLIMATE REPORT
NATIONAL WEATHER SERVICE LOUISVILLE KY
226 AM EDT TUE JUN 23 2015


...................................

...THE LEXINGTON KY CLIMATE SUMMARY FOR JUNE 22 2015...

CLIMATE NORMAL PERIOD 1981 TO 2010
CLIMATE RECORD PERIOD 1872 TO 2015


WEATHER ITEM   OBSERVED TIME   RECORD YEAR NORMAL DEPARTURE LAST
                VALUE   (LST)  VALUE       VALUE  FROM      YEAR
                                                  NORMAL
..................................................................
TEMPERATURE (F)
 YESTERDAY
  MAXIMUM         87    411 PM  99    1988  85      2       89
  MINIMUM         67    425 AM  46    1992  64      3       66
  AVERAGE         77                        74      3       78

PRECIPITATION (IN)
  YESTERDAY        0.02          3.33 1960   0.14  -0.12     0.32
  MONTH TO DATE    4.24                      3.39   0.85     4.67
  SINCE JUN 1      4.24                      3.39   0.85     4.67
  SINCE JAN 1     30.03                     22.72   7.31    26.02

SNOWFALL (IN)
  YESTERDAY        0.0          MM      MM   0.0    0.0      0.0
  MONTH TO DATE    0.0                       0.0    0.0      0.0
  SINCE JUN 1      0.0                       0.0    0.0      0.0
  SINCE JUL 1     40.0                      13.0   27.0     27.1
  SNOW DEPTH       0

DEGREE DAYS
 HEATING
  YESTERDAY        0                         0      0        0
  MONTH TO DATE   18                         8     10        0
  SINCE JUN 1     18                         8     10        0
  SINCE JUL 1   4964                      4608    356     4855

 COOLING
  YESTERDAY       12                        10      2       13
  MONTH TO DATE  219                       160     59      197
  SINCE JUN 1    219                       160     59      197
  SINCE JAN 1    387                       267    120      358
..................................................................


WIND (MPH)
  HIGHEST WIND SPEED    16   HIGHEST WIND DIRECTION     S (190)
  HIGHEST GUST SPEED    21   HIGHEST GUST DIRECTION     S (200)
  AVERAGE WIND SPEED     7.8


SKY COVER
  POSSIBLE SUNSHINE  MM
  AVERAGE SKY COVER 0.1


WEATHER CONDITIONS
 THE FOLLOWING WEATHER WAS RECORDED YESTERDAY.
  THUNDERSTORM
  LIGHT RAIN
  FOG
  FOG W/VISIBILITY <= 1/4 MILE


RELATIVE HUMIDITY (PERCENT)
 HIGHEST    97           400 AM
 LOWEST     65           100 PM
 AVERAGE    81

..........................................................


THE LEXINGTON KY CLIMATE NORMALS FOR TODAY
                         NORMAL    RECORD    YEAR
 MAXIMUM TEMPERATURE (F)   85        96      1988
                                             1953
                                             1944
 MINIMUM TEMPERATURE (F)   65        45      1972


SUNRISE AND SUNSET
JUNE 23 2015..........SUNRISE   616 AM EDT   SUNSET   905 PM EDT
JUNE 24 2015..........SUNRISE   617 AM EDT   SUNSET   905 PM EDT


-  INDICATES NEGATIVE NUMBERS.
R  INDICATES RECORD WAS SET OR TIED.
MM INDICATES DATA IS MISSING.
T  INDICATES TRACE AMOUNT.




$$
