000
CDUS43 KLMK 200645
CLILEX


CLIMATE REPORT
NATIONAL WEATHER SERVICE LOUISVILLE KY
245 AM EDT FRI MAR 20 2015


...................................

...THE LEXINGTON KY CLIMATE SUMMARY FOR MARCH 19 2015...

CLIMATE NORMAL PERIOD 1981 TO 2010
CLIMATE RECORD PERIOD 1872 TO 2015


WEATHER ITEM   OBSERVED TIME   RECORD YEAR NORMAL DEPARTURE LAST
                VALUE   (LST)  VALUE       VALUE  FROM      YEAR
                                                  NORMAL
..................................................................
TEMPERATURE (F)
 YESTERDAY
  MAXIMUM         47    353 PM  79    2012  57    -10       59
                                      1945
                                      1907
  MINIMUM         39    957 AM  12    1892  37      2       43
  AVERAGE         43                        46     -3       51

PRECIPITATION (IN)
  YESTERDAY        0.20          2.25 2002   0.13   0.07      T
  MONTH TO DATE    7.15                      2.45   4.70     1.75
  SINCE MAR 1      7.15                      2.45   4.70     1.75
  SINCE JAN 1     12.00                      8.85   3.15     8.79

SNOWFALL (IN)
  YESTERDAY       MM             2.5  1896   0.1   MM        0.0
  MONTH TO DATE   17.1                       1.0   16.1      5.5
  SINCE MAR 1     17.1                       1.0   16.1      5.5
  SINCE JUL 1     40.0                      12.3   27.7     24.8
  SNOW DEPTH       0

DEGREE DAYS
 HEATING
  YESTERDAY       22                        19      3       14
  MONTH TO DATE  426                       407     19      462
  SINCE MAR 1    426                       407     19      462
  SINCE JUL 1   4404                      3978    426     4305

 COOLING
  YESTERDAY        0                         0      0        0
  MONTH TO DATE    0                         0      0        0
  SINCE MAR 1      0                         0      0        0
  SINCE JAN 1      0                         0      0        0
..................................................................


WIND (MPH)
  HIGHEST WIND SPEED    17   HIGHEST WIND DIRECTION     E (80)
  HIGHEST GUST SPEED    21   HIGHEST GUST DIRECTION     E (80)
  AVERAGE WIND SPEED    10.3


SKY COVER
  POSSIBLE SUNSHINE  MM
  AVERAGE SKY COVER 1.0


WEATHER CONDITIONS
 THE FOLLOWING WEATHER WAS RECORDED YESTERDAY.
  LIGHT RAIN
  FOG


RELATIVE HUMIDITY (PERCENT)
 HIGHEST   100           900 PM
 LOWEST     36           200 AM
 AVERAGE    68

..........................................................


THE LEXINGTON KY CLIMATE NORMALS FOR TODAY
                         NORMAL    RECORD    YEAR
 MAXIMUM TEMPERATURE (F)   57        83      2012
 MINIMUM TEMPERATURE (F)   37        14      1923


SUNRISE AND SUNSET
MARCH 20 2015.........SUNRISE   742 AM EDT   SUNSET   750 PM EDT
MARCH 21 2015.........SUNRISE   741 AM EDT   SUNSET   751 PM EDT


-  INDICATES NEGATIVE NUMBERS.
R  INDICATES RECORD WAS SET OR TIED.
MM INDICATES DATA IS MISSING.
T  INDICATES TRACE AMOUNT.




$$
