000
CDUS43 KLMK 021220 AAA
CLILEX

CLIMATE REPORT
NATIONAL WEATHER SERVICE LOUISVILLE KY
130 AM EST FRI FEB 2 2018


...................................

...THE LEXINGTON KY CLIMATE SUMMARY FOR FEBRUARY 1 2018...
...UPDATED SNOWFALL...

CLIMATE NORMAL PERIOD 1981 TO 2010
CLIMATE RECORD PERIOD 1872 TO 2018


WEATHER ITEM   OBSERVED TIME   RECORD YEAR NORMAL DEPARTURE LAST
                VALUE   (LST)  VALUE       VALUE  FROM      YEAR
                                                  NORMAL
..................................................................
TEMPERATURE (F)
 YESTERDAY
  MAXIMUM         49   1123 AM  67    1911  42      7       53
  MINIMUM         25   1159 PM  -5    1945  26     -1       37
  AVERAGE         37                        34      3       45

PRECIPITATION (IN)
  YESTERDAY        0.20          1.73 1981   0.12   0.08     0.00
  MONTH TO DATE    0.20                      0.12   0.08     0.00
  SINCE DEC 1      4.66                      7.25  -2.59    10.89
  SINCE JAN 1      2.29                      3.32  -1.03     4.71

SNOWFALL (IN)
  YESTERDAY        0.4           6.1  1966   0.2    0.2      0.0
                                      1951
  MONTH TO DATE    0.4                       0.2    0.2      0.0
  SINCE DEC 1      6.7                       6.6    0.1      3.4
  SINCE JUL 1      6.7                       6.9   -0.2      3.4
  SNOW DEPTH       0

DEGREE DAYS
 HEATING
  YESTERDAY       28                        31     -3       20
  MONTH TO DATE   28                        31     -3       20
  SINCE DEC 1   1997                      1927     70     1638
  SINCE JUL 1   2777                      2814    -37     2224

 COOLING
  YESTERDAY        0                         0      0        0
  MONTH TO DATE    0                         0      0        0
  SINCE DEC 1      0                         0      0        0
  SINCE JAN 1      0                         0      0        0
..................................................................


WIND (MPH)
  HIGHEST WIND SPEED    20   HIGHEST WIND DIRECTION    SW (210)
  HIGHEST GUST SPEED    27   HIGHEST GUST DIRECTION    SW (230)
  AVERAGE WIND SPEED    11.5


SKY COVER
  POSSIBLE SUNSHINE  MM
  AVERAGE SKY COVER 0.7


WEATHER CONDITIONS
 THE FOLLOWING WEATHER WAS RECORDED YESTERDAY.
  RAIN
  LIGHT RAIN
  LIGHT SNOW
  FOG


RELATIVE HUMIDITY (PERCENT)
 HIGHEST    92           500 PM
 LOWEST     39          1200 AM
 AVERAGE    66

..........................................................


THE LEXINGTON KY CLIMATE NORMALS FOR TODAY
                         NORMAL    RECORD    YEAR
 MAXIMUM TEMPERATURE (F)   42        72      2016
 MINIMUM TEMPERATURE (F)   26       -15      1951


SUNRISE AND SUNSET
FEBRUARY  2 2018......SUNRISE   742 AM EST   SUNSET   603 PM EST
FEBRUARY  3 2018......SUNRISE   741 AM EST   SUNSET   604 PM EST


-  INDICATES NEGATIVE NUMBERS.
R  INDICATES RECORD WAS SET OR TIED.
MM INDICATES DATA IS MISSING.
T  INDICATES TRACE AMOUNT.




$$
