000
CDUS43 KLMK 272134
CLILEX


CLIMATE REPORT
NATIONAL WEATHER SERVICE LOUISVILLE KY
433 PM EST TUE DEC 27 2016


...................................

...THE LEXINGTON KY CLIMATE SUMMARY FOR DECEMBER 27 2016...
VALID TODAY AS OF 0400 PM LOCAL TIME.

CLIMATE NORMAL PERIOD 1981 TO 2010
CLIMATE RECORD PERIOD 1872 TO 2016


WEATHER ITEM   OBSERVED TIME   RECORD YEAR NORMAL DEPARTURE LAST
                VALUE   (LST)  VALUE       VALUE  FROM      YEAR
                                                  NORMAL
..................................................................
TEMPERATURE (F)
 TODAY
  MAXIMUM         63   1208 AM  70    2015  42     21       70
                                      2008
  MINIMUM         38    904 AM  -5    1935  26     12       42
  AVERAGE         51                        34     17       56

PRECIPITATION (IN)
  TODAY            0.69          1.16 2011   0.12   0.57     0.60
  MONTH TO DATE    6.01                      3.47   2.54     6.69
  SINCE DEC 1      6.01                      3.47   2.54     6.69
  SINCE JAN 1     44.22                     44.71  -0.49    59.37

SNOWFALL (IN)
  TODAY            0.0           3.7  1894   0.1   -0.1      0.0
  MONTH TO DATE    0.1                       2.0   -1.9       T
  SINCE DEC 1      0.1                       2.0   -1.9       T
  SINCE JUL 1      0.1                       2.3   -2.2       T
  SNOW DEPTH       0

DEGREE DAYS
 HEATING
  TODAY           14                        31    -17        9
  MONTH TO DATE  744                       773    -29      422
  SINCE DEC 1    744                       773    -29      422
  SINCE JUL 1   1330                      1660   -330     1108

 COOLING
  TODAY            0                         0      0        0
  MONTH TO DATE    0                         0      0        0
  SINCE DEC 1      0                         0      0        0
  SINCE JAN 1   1640                      1190    450     1284
..................................................................


WIND (MPH)
  HIGHEST WIND SPEED    25   HIGHEST WIND DIRECTION     W (280)
  HIGHEST GUST SPEED    35   HIGHEST GUST DIRECTION     W (280)
  AVERAGE WIND SPEED    10.4


SKY COVER
  POSSIBLE SUNSHINE  MM
  AVERAGE SKY COVER 0.4


WEATHER CONDITIONS
 THE FOLLOWING WEATHER WAS RECORDED TODAY.
  THUNDERSTORM
  HEAVY RAIN
  RAIN
  LIGHT RAIN
  FOG


RELATIVE HUMIDITY (PERCENT)
 HIGHEST    93          1200 AM
 LOWEST     45           300 PM
 AVERAGE    69

..........................................................


THE LEXINGTON KY CLIMATE NORMALS FOR TOMORROW
                         NORMAL    RECORD    YEAR
 MAXIMUM TEMPERATURE (F)   41        67      1984
 MINIMUM TEMPERATURE (F)   26         0      1925


SUNRISE AND SUNSET
DECEMBER 27 2016......SUNRISE   753 AM EST   SUNSET   526 PM EST
DECEMBER 28 2016......SUNRISE   754 AM EST   SUNSET   527 PM EST


-  INDICATES NEGATIVE NUMBERS.
R  INDICATES RECORD WAS SET OR TIED.
MM INDICATES DATA IS MISSING.
T  INDICATES TRACE AMOUNT.




$$
