000
CDUS43 KLMK 120632
CLILEX


CLIMATE REPORT
NATIONAL WEATHER SERVICE LOUISVILLE KY
231 AM EDT WED APR 12 2017


...................................

...THE LEXINGTON KY CLIMATE SUMMARY FOR APRIL 11 2017...

CLIMATE NORMAL PERIOD 1981 TO 2010
CLIMATE RECORD PERIOD 1872 TO 2017


WEATHER ITEM   OBSERVED TIME   RECORD YEAR NORMAL DEPARTURE LAST
                VALUE   (LST)  VALUE       VALUE  FROM      YEAR
                                                  NORMAL
..................................................................
TEMPERATURE (F)
 YESTERDAY
  MAXIMUM         71    144 PM  85    1930  65      6       70
  MINIMUM         56   1122 PM  24    1989  43     13       45
  AVERAGE         64                        54     10       58

PRECIPITATION (IN)
  YESTERDAY        0.27          1.43 1966   0.11   0.16     0.62
  MONTH TO DATE    0.80                      1.24  -0.44     1.04
  SINCE MAR 1      4.08                      5.31  -1.23     3.83
  SINCE JAN 1     12.18                     11.71   0.47     9.53

SNOWFALL (IN)
  YESTERDAY        0.0           0.2  1973   0.0    0.0      0.0
  MONTH TO DATE    0.0                       0.2   -0.2       T
  SINCE MAR 1      T                         1.6   -1.6      0.7
  SINCE JUL 1      3.4                      12.9   -9.5     15.3
  SNOW DEPTH       0

DEGREE DAYS
 HEATING
  YESTERDAY        1                        12    -11        7
  MONTH TO DATE   84                       145    -61      193
  SINCE MAR 1    614                       750   -136      587
  SINCE JUL 1   3324                      4321   -997     3558

 COOLING
  YESTERDAY        0                         1     -1        0
  MONTH TO DATE    6                         2      4        0
  SINCE MAR 1     11                         4      7        3
  SINCE JAN 1     15                         4     11        3
..................................................................


WIND (MPH)
  HIGHEST WIND SPEED    16   HIGHEST WIND DIRECTION    SW (240)
  HIGHEST GUST SPEED    21   HIGHEST GUST DIRECTION     W (290)
  AVERAGE WIND SPEED     7.7


SKY COVER
  POSSIBLE SUNSHINE  MM
  AVERAGE SKY COVER 0.7


WEATHER CONDITIONS
 THE FOLLOWING WEATHER WAS RECORDED YESTERDAY.
  THUNDERSTORM
  HEAVY RAIN
  RAIN
  LIGHT RAIN
  FOG


RELATIVE HUMIDITY (PERCENT)
 HIGHEST    97           600 PM
 LOWEST     43          1200 AM
 AVERAGE    70

..........................................................


THE LEXINGTON KY CLIMATE NORMALS FOR TODAY
                         NORMAL    RECORD    YEAR
 MAXIMUM TEMPERATURE (F)   65        85      1930
 MINIMUM TEMPERATURE (F)   44        24      1976


SUNRISE AND SUNSET
APRIL 12 2017.........SUNRISE   707 AM EDT   SUNSET   812 PM EDT
APRIL 13 2017.........SUNRISE   705 AM EDT   SUNSET   813 PM EDT


-  INDICATES NEGATIVE NUMBERS.
R  INDICATES RECORD WAS SET OR TIED.
MM INDICATES DATA IS MISSING.
T  INDICATES TRACE AMOUNT.




$$
