000
CDUS43 KLMK 190635
CLILEX


CLIMATE REPORT
NATIONAL WEATHER SERVICE LOUISVILLE KY
234 AM EDT THU MAY 19 2016


...................................

...THE LEXINGTON KY CLIMATE SUMMARY FOR MAY 18 2016...

CLIMATE NORMAL PERIOD 1981 TO 2010
CLIMATE RECORD PERIOD 1872 TO 2016


WEATHER ITEM   OBSERVED TIME   RECORD YEAR NORMAL DEPARTURE LAST
                VALUE   (LST)  VALUE       VALUE  FROM      YEAR
                                                  NORMAL
..................................................................
TEMPERATURE (F)
 YESTERDAY
  MAXIMUM         65    425 PM  92    1962  75    -10       78
  MINIMUM         50   1135 PM  37    1973  55     -5       66
  AVERAGE         58                        65     -7       72

PRECIPITATION (IN)
  YESTERDAY        0.25          2.02 2001   0.17   0.08     0.01
  MONTH TO DATE    4.56                      3.03   1.53     0.91
  SINCE MAR 1     10.66                     10.70  -0.04    19.78
  SINCE JAN 1     16.36                     17.10  -0.74    24.63

SNOWFALL (IN)
  YESTERDAY        0.0          MM      MM   0.0    0.0      0.0
  MONTH TO DATE    0.0                       0.0    0.0      0.0
  SINCE MAR 1      0.7                       1.7   -1.0     17.1
  SINCE JUL 1     15.3                      13.0    2.3     40.0
  SNOW DEPTH       0

DEGREE DAYS
 HEATING
  YESTERDAY        7                         3      4        0
  MONTH TO DATE  113                        82     31       30
  SINCE MAR 1    769                      1000   -231      939
  SINCE JUL 1   3740                      4571   -831     4917

 COOLING
  YESTERDAY        0                         3     -3        7
  MONTH TO DATE   21                        33    -12       94
  SINCE MAR 1     49                        55     -6      106
  SINCE JAN 1     49                        55     -6      106
..................................................................


WIND (MPH)
  HIGHEST WIND SPEED    17   HIGHEST WIND DIRECTION    NE (50)
  HIGHEST GUST SPEED    22   HIGHEST GUST DIRECTION    NE (50)
  AVERAGE WIND SPEED     8.5


SKY COVER
  POSSIBLE SUNSHINE  MM
  AVERAGE SKY COVER 1.0


WEATHER CONDITIONS
 THE FOLLOWING WEATHER WAS RECORDED YESTERDAY.
  RAIN
  LIGHT RAIN
  FOG


RELATIVE HUMIDITY (PERCENT)
 HIGHEST    93          1200 AM
 LOWEST     60           300 PM
 AVERAGE    77

..........................................................


THE LEXINGTON KY CLIMATE NORMALS FOR TODAY
                         NORMAL    RECORD    YEAR
 MAXIMUM TEMPERATURE (F)   75        91      1944
 MINIMUM TEMPERATURE (F)   55        32      2002


SUNRISE AND SUNSET
MAY 19 2016...........SUNRISE   624 AM EDT   SUNSET   846 PM EDT
MAY 20 2016...........SUNRISE   624 AM EDT   SUNSET   847 PM EDT


-  INDICATES NEGATIVE NUMBERS.
R  INDICATES RECORD WAS SET OR TIED.
MM INDICATES DATA IS MISSING.
T  INDICATES TRACE AMOUNT.




$$
