000
CDUS43 KLMK 270646
CLILEX


CLIMATE REPORT
NATIONAL WEATHER SERVICE LOUISVILLE KY
146 AM EST SAT JAN 27 2018


...................................

...THE LEXINGTON KY CLIMATE SUMMARY FOR JANUARY 26 2018...

CLIMATE NORMAL PERIOD 1981 TO 2010
CLIMATE RECORD PERIOD 1872 TO 2018


WEATHER ITEM   OBSERVED TIME   RECORD YEAR NORMAL DEPARTURE LAST
                VALUE   (LST)  VALUE       VALUE  FROM      YEAR
                                                  NORMAL
..................................................................
TEMPERATURE (F)
 YESTERDAY
  MAXIMUM         60    235 PM  71    1944  41     19       47
  MINIMUM         34    758 AM  -7    1940  25      9       32
  AVERAGE         47                        33     14       40

PRECIPITATION (IN)
  YESTERDAY        0.00          1.54 1950   0.10  -0.10      T
  MONTH TO DATE    1.18                      2.66  -1.48     4.65
  SINCE DEC 1      3.55                      6.59  -3.04    10.83
  SINCE JAN 1      1.18                      2.66  -1.48     4.65

SNOWFALL (IN)
  YESTERDAY        0.0          13.4  1943   0.1   -0.1       T
  MONTH TO DATE    6.1                       3.1    3.0      2.5
  SINCE DEC 1      6.3                       5.6    0.7      2.6
  SINCE JUL 1      6.3                       5.9    0.4      2.6
  SNOW DEPTH       0

DEGREE DAYS
 HEATING
  YESTERDAY       18                        32    -14       25
  MONTH TO DATE  919                       832     87      609
  SINCE DEC 1   1843                      1733    110     1466
  SINCE JUL 1   2623                      2620      3     2052

 COOLING
  YESTERDAY        0                         0      0        0
  MONTH TO DATE    0                         0      0        0
  SINCE DEC 1      0                         0      0        0
  SINCE JAN 1      0                         0      0        0
..................................................................


WIND (MPH)
  HIGHEST WIND SPEED    23   HIGHEST WIND DIRECTION     S (200)
  HIGHEST GUST SPEED    29   HIGHEST GUST DIRECTION    SW (220)
  AVERAGE WIND SPEED    11.5


SKY COVER
  POSSIBLE SUNSHINE  MM
  AVERAGE SKY COVER 0.0


WEATHER CONDITIONS
 THE FOLLOWING WEATHER WAS RECORDED YESTERDAY.
  NO SIGNIFICANT WEATHER WAS OBSERVED.


RELATIVE HUMIDITY (PERCENT)
 HIGHEST    61           800 AM
 LOWEST     24           200 PM
 AVERAGE    43

..........................................................


THE LEXINGTON KY CLIMATE NORMALS FOR TODAY
                         NORMAL    RECORD    YEAR
 MAXIMUM TEMPERATURE (F)   41        74      1944
 MINIMUM TEMPERATURE (F)   25       -15      1936


SUNRISE AND SUNSET
JANUARY 27 2018.......SUNRISE   747 AM EST   SUNSET   556 PM EST
JANUARY 28 2018.......SUNRISE   746 AM EST   SUNSET   557 PM EST


-  INDICATES NEGATIVE NUMBERS.
R  INDICATES RECORD WAS SET OR TIED.
MM INDICATES DATA IS MISSING.
T  INDICATES TRACE AMOUNT.




$$
