000
CDUS43 KLMK 300630
CLILEX


CLIMATE REPORT
NATIONAL WEATHER SERVICE LOUISVILLE KY
130 AM EST SAT JAN 30 2016


...................................

...THE LEXINGTON KY CLIMATE SUMMARY FOR JANUARY 29 2016...

CLIMATE NORMAL PERIOD 1981 TO 2010
CLIMATE RECORD PERIOD 1872 TO 2016


WEATHER ITEM   OBSERVED TIME   RECORD YEAR NORMAL DEPARTURE LAST
                VALUE   (LST)  VALUE       VALUE  FROM      YEAR
                                                  NORMAL
..................................................................
TEMPERATURE (F)
 YESTERDAY
  MAXIMUM         42    512 PM  69    1975  42      0       53
  MINIMUM         30    841 PM  -7    1977  25      5       32
  AVERAGE         36                        34      2       43

PRECIPITATION (IN)
  YESTERDAY        T             2.32 1939   0.10  -0.10     0.05
  MONTH TO DATE    1.21                      2.97  -1.76     1.85
  SINCE DEC 1      8.42                      6.90   1.52     5.15
  SINCE JAN 1      1.21                      2.97  -1.76     1.85

SNOWFALL (IN)
  YESTERDAY        0.0           4.0  1909   0.2   -0.2      0.0
  MONTH TO DATE    9.6                       3.6    6.0      5.9
  SINCE DEC 1      9.6                       6.1    3.5      5.9
  SINCE JUL 1      9.6                       6.4    3.2      7.5
  SNOW DEPTH       0

DEGREE DAYS
 HEATING
  YESTERDAY       29                        32     -3       22
  MONTH TO DATE  999                       928     71      973
  SINCE DEC 1   1495                      1829   -334     1784
  SINCE JUL 1   2181                      2716   -535     2791

 COOLING
  YESTERDAY        0                         0      0        0
  MONTH TO DATE    0                         0      0        0
  SINCE DEC 1      0                         0      0        0
  SINCE JAN 1      0                         0      0        0
..................................................................


WIND (MPH)
  HIGHEST WIND SPEED    17   HIGHEST WIND DIRECTION    NW (320)
  HIGHEST GUST SPEED    22   HIGHEST GUST DIRECTION    NW (320)
  AVERAGE WIND SPEED     7.8


SKY COVER
  POSSIBLE SUNSHINE  MM
  AVERAGE SKY COVER 0.5


WEATHER CONDITIONS
 THE FOLLOWING WEATHER WAS RECORDED YESTERDAY.
  NO SIGNIFICANT WEATHER WAS OBSERVED.


RELATIVE HUMIDITY (PERCENT)
 HIGHEST    82           700 AM
 LOWEST     45           400 PM
 AVERAGE    64

..........................................................


THE LEXINGTON KY CLIMATE NORMALS FOR TODAY
                         NORMAL    RECORD    YEAR
 MAXIMUM TEMPERATURE (F)   42        69      1916
 MINIMUM TEMPERATURE (F)   25       -10      1966


SUNRISE AND SUNSET
JANUARY 30 2016.......SUNRISE   745 AM EST   SUNSET   559 PM EST
JANUARY 31 2016.......SUNRISE   744 AM EST   SUNSET   600 PM EST


-  INDICATES NEGATIVE NUMBERS.
R  INDICATES RECORD WAS SET OR TIED.
MM INDICATES DATA IS MISSING.
T  INDICATES TRACE AMOUNT.




$$
