000
CDUS43 KLMK 070627
CLILEX


CLIMATE REPORT
NATIONAL WEATHER SERVICE LOUISVILLE KY
126 AM EST FRI NOV 7 2014


...................................

...THE LEXINGTON KY CLIMATE SUMMARY FOR NOVEMBER 6 2014...

CLIMATE NORMAL PERIOD 1981 TO 2010
CLIMATE RECORD PERIOD 1872 TO 2014


WEATHER ITEM   OBSERVED TIME   RECORD YEAR NORMAL DEPARTURE LAST
                VALUE   (LST)  VALUE       VALUE  FROM      YEAR
                                                  NORMAL
..................................................................
TEMPERATURE (F)
 YESTERDAY
  MAXIMUM         53    424 AM  78    1938  60     -7       71
  MINIMUM         41   1159 PM  22    1973  41      0       51
  AVERAGE         47                        50     -3       61

PRECIPITATION (IN)
  YESTERDAY        0.03          1.43 1951   0.11  -0.08     0.49
  MONTH TO DATE    0.47                      0.68  -0.21     0.57
  SINCE SEP 1      9.29                      6.72   2.57     8.43
  SINCE JAN 1     49.02                     38.39  10.63    52.07

SNOWFALL (IN)
  YESTERDAY        0.0           0.1  1993   0.0    0.0      0.0
  MONTH TO DATE    T                         0.0    0.0      0.0
  SINCE SEP 1      T                         0.0    0.0       T
  SINCE JUL 1      T                         0.0    0.0       T
  SNOW DEPTH       0

DEGREE DAYS
 HEATING
  YESTERDAY       18                        15      3        4
  MONTH TO DATE  105                        85     20       66
  SINCE SEP 1    351                       409    -58      348
  SINCE JUL 1    353                       411    -58      351

 COOLING
  YESTERDAY        0                         0      0        0
  MONTH TO DATE    0                         0      0        0
  SINCE SEP 1    193                       171     22      207
  SINCE JAN 1   1274                      1188     86     1245
..................................................................


WIND (MPH)
  HIGHEST WIND SPEED    23   HIGHEST WIND DIRECTION     W (290)
  HIGHEST GUST SPEED    33   HIGHEST GUST DIRECTION     W (290)
  AVERAGE WIND SPEED    14.8


SKY COVER
  POSSIBLE SUNSHINE  MM
  AVERAGE SKY COVER 0.9


WEATHER CONDITIONS
 THE FOLLOWING WEATHER WAS RECORDED YESTERDAY.
  LIGHT RAIN
  FOG


RELATIVE HUMIDITY (PERCENT)
 HIGHEST   100          1200 AM
 LOWEST     73          1100 PM
 AVERAGE    87

..........................................................


THE LEXINGTON KY CLIMATE NORMALS FOR TODAY
                         NORMAL    RECORD    YEAR
 MAXIMUM TEMPERATURE (F)   59        78      1938
                                             1895
 MINIMUM TEMPERATURE (F)   40        20      1953


SUNRISE AND SUNSET
NOVEMBER  7 2014......SUNRISE   711 AM EST   SUNSET   533 PM EST
NOVEMBER  8 2014......SUNRISE   712 AM EST   SUNSET   532 PM EST


-  INDICATES NEGATIVE NUMBERS.
R  INDICATES RECORD WAS SET OR TIED.
MM INDICATES DATA IS MISSING.
T  INDICATES TRACE AMOUNT.




$$
