000
CDUS43 KLMK 012029
CLILEX

CLIMATE REPORT
NATIONAL WEATHER SERVICE LOUISVILLE KY
428 PM EDT TUE APR 1 2014


...................................

...THE LEXINGTON KY CLIMATE SUMMARY FOR APRIL 1 2014...
VALID TODAY AS OF 0400 PM LOCAL TIME.

CLIMATE NORMAL PERIOD 1981 TO 2010
CLIMATE RECORD PERIOD 1872 TO 2014


WEATHER ITEM   OBSERVED TIME   RECORD YEAR NORMAL DEPARTURE LAST
                VALUE   (LST)  VALUE       VALUE  FROM      YEAR
                                                  NORMAL
..................................................................
TEMPERATURE (F)
 TODAY
  MAXIMUM         79    255 PM  82    1963  61     18       51
  MINIMUM         57    113 AM  20    1923  40     17       35
  AVERAGE         68                        51     17       43

PRECIPITATION (IN)
  TODAY            0.00          1.80 1970   0.12  -0.12     0.00
  MONTH TO DATE    0.00                      0.12  -0.12     0.00
  SINCE MAR 1      2.89                      4.19  -1.30     5.35
  SINCE JAN 1      9.93                     10.59  -0.66    11.33

SNOWFALL (IN)
  TODAY            0.0           2.9  1961   0.0    0.0      0.0
  MONTH TO DATE    0.0                       0.0    0.0      0.0
  SINCE MAR 1      7.5                       1.4    6.1      4.0
  SINCE JUL 1     26.8                      12.7   14.1     12.5
  SNOW DEPTH       0

DEGREE DAYS
 HEATING
  TODAY            0                        15    -15       22
  MONTH TO DATE    0                        15    -15       22
  SINCE MAR 1    716                       620     96      805
  SINCE JUL 1   4559                      4191    368     4313

 COOLING
  TODAY            3                         0      3        0
  MONTH TO DATE    3                         0      3        0
  SINCE MAR 1      3                         2      1        0
  SINCE JAN 1      3                         2      1        0
..................................................................


WIND (MPH)
  HIGHEST WIND SPEED    24   HIGHEST WIND DIRECTION    SW (220)
  HIGHEST GUST SPEED    29   HIGHEST GUST DIRECTION    SW (220)
  AVERAGE WIND SPEED    12.9


SKY COVER
  POSSIBLE SUNSHINE  MM
  AVERAGE SKY COVER 0.4


WEATHER CONDITIONS
 THE FOLLOWING WEATHER WAS RECORDED TODAY.
  NO SIGNIFICANT WEATHER WAS OBSERVED.


RELATIVE HUMIDITY (PERCENT)
 HIGHEST    44           500 AM
 LOWEST     30           300 PM
 AVERAGE    37

..........................................................


THE LEXINGTON KY CLIMATE NORMALS FOR TOMORROW
                         NORMAL    RECORD    YEAR
 MAXIMUM TEMPERATURE (F)   61        84      1946
                                             1940
 MINIMUM TEMPERATURE (F)   41        23      1907


SUNRISE AND SUNSET
APRIL  1 2014.........SUNRISE   724 AM EDT   SUNSET   801 PM EDT
APRIL  2 2014.........SUNRISE   722 AM EDT   SUNSET   802 PM EDT


-  INDICATES NEGATIVE NUMBERS.
R  INDICATES RECORD WAS SET OR TIED.
MM INDICATES DATA IS MISSING.
T  INDICATES TRACE AMOUNT.




$$
