000
CDUS43 KLMK 022034
CLILEX


CLIMATE REPORT
NATIONAL WEATHER SERVICE LOUISVILLE KY
434 PM EDT SUN JUL 2 2017


...................................

...THE LEXINGTON KY CLIMATE SUMMARY FOR JULY 2 2017...
VALID TODAY AS OF 0400 PM LOCAL TIME.

CLIMATE NORMAL PERIOD 1981 TO 2010
CLIMATE RECORD PERIOD 1872 TO 2017


WEATHER ITEM   OBSERVED TIME   RECORD YEAR NORMAL DEPARTURE LAST
                VALUE   (LST)  VALUE       VALUE  FROM      YEAR
                                                  NORMAL
..................................................................
TEMPERATURE (F)
 TODAY
  MAXIMUM         86    259 PM  97    2012  86      0       83
                                      1970
                                      1935
  MINIMUM         69    126 AM  47    1937  66      3       59
  AVERAGE         78                        76      2       71

PRECIPITATION (IN)
  TODAY            0.00          1.66 1945   0.14  -0.14      T
  MONTH TO DATE    0.01                      0.28  -0.27      T
  SINCE JUN 1      5.79                      4.72   1.07     4.56
  SINCE JAN 1     24.65                     24.05   0.60    22.85

SNOWFALL (IN)
  TODAY            0.0          MM      MM   0.0    0.0      0.0
  MONTH TO DATE    0.0                       0.0    0.0      0.0
  SINCE JUN 1      0.0                       0.0    0.0      0.0
  SINCE JUL 1      0.0                       0.0    0.0      0.0
  SNOW DEPTH       0

DEGREE DAYS
 HEATING
  TODAY            0                         0      0        0
  MONTH TO DATE    0                         0      0        0
  SINCE JUN 1      5                        11     -6        1
  SINCE JUL 1      0                         0      0        0

 COOLING
  TODAY           13                        11      2        6
  MONTH TO DATE   24                        22      2       15
  SINCE JUN 1    268                       264      4      328
  SINCE JAN 1    465                       371     94      442
..................................................................


WIND (MPH)
  HIGHEST WIND SPEED    12   HIGHEST WIND DIRECTION    SW (240)
  HIGHEST GUST SPEED    14   HIGHEST GUST DIRECTION     W (280)
  AVERAGE WIND SPEED     5.9


SKY COVER
  POSSIBLE SUNSHINE  MM
  AVERAGE SKY COVER 0.7


WEATHER CONDITIONS
 THE FOLLOWING WEATHER WAS RECORDED TODAY.
  FOG


RELATIVE HUMIDITY (PERCENT)
 HIGHEST    97           200 AM
 LOWEST     42           300 PM
 AVERAGE    70

..........................................................


THE LEXINGTON KY CLIMATE NORMALS FOR TOMORROW
                         NORMAL    RECORD    YEAR
 MAXIMUM TEMPERATURE (F)   86        98      1911
 MINIMUM TEMPERATURE (F)   66        53      1924


SUNRISE AND SUNSET
JULY  2 2017..........SUNRISE   620 AM EDT   SUNSET   905 PM EDT
JULY  3 2017..........SUNRISE   621 AM EDT   SUNSET   905 PM EDT


-  INDICATES NEGATIVE NUMBERS.
R  INDICATES RECORD WAS SET OR TIED.
MM INDICATES DATA IS MISSING.
T  INDICATES TRACE AMOUNT.




$$
