000
CDUS43 KLMK 250631
CLILEX


CLIMATE REPORT
NATIONAL WEATHER SERVICE LOUISVILLE KY
229 AM EDT THU JUN 25 2015


...................................

...THE LEXINGTON KY CLIMATE SUMMARY FOR JUNE 24 2015...

CLIMATE NORMAL PERIOD 1981 TO 2010
CLIMATE RECORD PERIOD 1872 TO 2015


WEATHER ITEM   OBSERVED TIME   RECORD YEAR NORMAL DEPARTURE LAST
                VALUE   (LST)  VALUE       VALUE  FROM      YEAR
                                                  NORMAL
..................................................................
TEMPERATURE (F)
 YESTERDAY
  MAXIMUM         86    348 PM  97    1914  85      1       86
  MINIMUM         65   1116 PM  50    1974  65      0       71
  AVERAGE         76                        75      1       79

PRECIPITATION (IN)
  YESTERDAY        0.00          2.30 1897   0.14  -0.14     0.32
  MONTH TO DATE    4.24                      3.66   0.58     5.01
  SINCE JUN 1      4.24                      3.66   0.58     5.01
  SINCE JAN 1     30.03                     22.99   7.04    26.36

SNOWFALL (IN)
  YESTERDAY        0.0          MM      MM   0.0    0.0      0.0
  MONTH TO DATE    0.0                       0.0    0.0      0.0
  SINCE JUN 1      0.0                       0.0    0.0      0.0
  SINCE JUL 1     40.0                      13.0   27.0     27.1
  SNOW DEPTH       0

DEGREE DAYS
 HEATING
  YESTERDAY        0                         0      0        0
  MONTH TO DATE   18                         8     10        0
  SINCE JUN 1     18                         8     10        0
  SINCE JUL 1   4964                      4608    356     4855

 COOLING
  YESTERDAY       11                        10      1       14
  MONTH TO DATE  247                       180     67      226
  SINCE JUN 1    247                       180     67      226
  SINCE JAN 1    415                       287    128      387
..................................................................


WIND (MPH)
  HIGHEST WIND SPEED     9   HIGHEST WIND DIRECTION    NW (300)
  HIGHEST GUST SPEED    13   HIGHEST GUST DIRECTION    NE (50)
  AVERAGE WIND SPEED     3.8


SKY COVER
  POSSIBLE SUNSHINE  MM
  AVERAGE SKY COVER 0.0


WEATHER CONDITIONS
 THE FOLLOWING WEATHER WAS RECORDED YESTERDAY.
  NO SIGNIFICANT WEATHER WAS OBSERVED.


RELATIVE HUMIDITY (PERCENT)
 HIGHEST    87           400 AM
 LOWEST     40           400 PM
 AVERAGE    64

..........................................................


THE LEXINGTON KY CLIMATE NORMALS FOR TODAY
                         NORMAL    RECORD    YEAR
 MAXIMUM TEMPERATURE (F)   85       101      1988
 MINIMUM TEMPERATURE (F)   65        45      1979


SUNRISE AND SUNSET
JUNE 25 2015..........SUNRISE   617 AM EDT   SUNSET   905 PM EDT
JUNE 26 2015..........SUNRISE   617 AM EDT   SUNSET   905 PM EDT


-  INDICATES NEGATIVE NUMBERS.
R  INDICATES RECORD WAS SET OR TIED.
MM INDICATES DATA IS MISSING.
T  INDICATES TRACE AMOUNT.




$$
