000
CDUS43 KLMK 260627
CLILEX


CLIMATE REPORT
NATIONAL WEATHER SERVICE LOUISVILLE KY
127 AM EST MON DEC 26 2016


...................................

...THE LEXINGTON KY CLIMATE SUMMARY FOR DECEMBER 25 2016...

CLIMATE NORMAL PERIOD 1981 TO 2010
CLIMATE RECORD PERIOD 1872 TO 2016


WEATHER ITEM   OBSERVED TIME   RECORD YEAR NORMAL DEPARTURE LAST
                VALUE   (LST)  VALUE       VALUE  FROM      YEAR
                                                  NORMAL
..................................................................
TEMPERATURE (F)
 YESTERDAY
  MAXIMUM         56   1159 PM  70    1982  42     14       59
  MINIMUM         44    102 AM  -9    1983  26     18       49
  AVERAGE         50                        34     16       54

PRECIPITATION (IN)
  YESTERDAY        T             2.35 1987   0.13  -0.13     0.68
  MONTH TO DATE    4.71                      3.22   1.49     5.55
  SINCE DEC 1      4.71                      3.22   1.49     5.55
  SINCE JAN 1     42.92                     44.46  -1.54    58.23

SNOWFALL (IN)
  YESTERDAY        0.0           6.5  1935   0.1   -0.1      0.0
  MONTH TO DATE    0.1                       1.8   -1.7       T
  SINCE DEC 1      0.1                       1.8   -1.7       T
  SINCE JUL 1      0.1                       2.1   -2.0       T
  SNOW DEPTH       0

DEGREE DAYS
 HEATING
  YESTERDAY       15                        31    -16       11
  MONTH TO DATE  730                       711     19      406
  SINCE DEC 1    730                       711     19      406
  SINCE JUL 1   1316                      1598   -282     1092

 COOLING
  YESTERDAY        0                         0      0        0
  MONTH TO DATE    0                         0      0        0
  SINCE DEC 1      0                         0      0        0
  SINCE JAN 1   1640                      1190    450     1284
..................................................................


WIND (MPH)
  HIGHEST WIND SPEED    12   HIGHEST WIND DIRECTION    SE (150)
  HIGHEST GUST SPEED    14   HIGHEST GUST DIRECTION    SE (150)
  AVERAGE WIND SPEED     6.7


SKY COVER
  POSSIBLE SUNSHINE  MM
  AVERAGE SKY COVER 0.9


WEATHER CONDITIONS
 THE FOLLOWING WEATHER WAS RECORDED YESTERDAY.
  LIGHT RAIN
  FOG
  FOG W/VISIBILITY <= 1/4 MILE


RELATIVE HUMIDITY (PERCENT)
 HIGHEST   100           100 PM
 LOWEST     92          1200 AM
 AVERAGE    96

..........................................................


THE LEXINGTON KY CLIMATE NORMALS FOR TODAY
                         NORMAL    RECORD    YEAR
 MAXIMUM TEMPERATURE (F)   42        71      1942
 MINIMUM TEMPERATURE (F)   26        -1      1948


SUNRISE AND SUNSET
DECEMBER 26 2016......SUNRISE   753 AM EST   SUNSET   525 PM EST
DECEMBER 27 2016......SUNRISE   753 AM EST   SUNSET   526 PM EST


-  INDICATES NEGATIVE NUMBERS.
R  INDICATES RECORD WAS SET OR TIED.
MM INDICATES DATA IS MISSING.
T  INDICATES TRACE AMOUNT.




$$
