000
CDUS43 KLMK 130528
CLILEX


CLIMATE REPORT
NATIONAL WEATHER SERVICE LOUISVILLE KY
128 AM EDT MON MAR 13 2017


...................................

...THE LEXINGTON KY CLIMATE SUMMARY FOR MARCH 12 2017...

CLIMATE NORMAL PERIOD 1981 TO 2010
CLIMATE RECORD PERIOD 1872 TO 2017


WEATHER ITEM   OBSERVED TIME   RECORD YEAR NORMAL DEPARTURE LAST
                VALUE   (LST)  VALUE       VALUE  FROM      YEAR
                                                  NORMAL
..................................................................
TEMPERATURE (F)
 YESTERDAY
  MAXIMUM         43    237 PM  77    1911  54    -11       76
  MINIMUM         21    706 AM   9    1998  35    -14       49
  AVERAGE         32                        44    -12       63

PRECIPITATION (IN)
  YESTERDAY        0.00          2.04 1975   0.13  -0.13     0.04
  MONTH TO DATE    1.22                      1.50  -0.28     1.04
  SINCE MAR 1      1.22                      1.50  -0.28     1.04
  SINCE JAN 1      9.32                      7.90   1.42     6.74

SNOWFALL (IN)
  YESTERDAY        0.0           1.0  2005   0.1   -0.1      0.0
  MONTH TO DATE    0.0                       0.7   -0.7      0.7
  SINCE MAR 1      0.0                       0.7   -0.7      0.7
  SINCE JUL 1      3.4                      12.0   -8.6     15.3
  SNOW DEPTH       0

DEGREE DAYS
 HEATING
  YESTERDAY       33                        21     12        2
  MONTH TO DATE  228                       270    -42      186
  SINCE MAR 1    228                       270    -42      186
  SINCE JUL 1   2938                      3841   -903     3157

 COOLING
  YESTERDAY        0                         0      0        0
  MONTH TO DATE    0                         0      0        1
  SINCE MAR 1      0                         0      0        1
  SINCE JAN 1      4                         0      4        1
..................................................................


WIND (MPH)
  HIGHEST WIND SPEED    13   HIGHEST WIND DIRECTION     E (80)
  HIGHEST GUST SPEED    16   HIGHEST GUST DIRECTION     E (80)
  AVERAGE WIND SPEED     5.2


SKY COVER
  POSSIBLE SUNSHINE  MM
  AVERAGE SKY COVER 0.0


WEATHER CONDITIONS
 THE FOLLOWING WEATHER WAS RECORDED YESTERDAY.
  NO SIGNIFICANT WEATHER WAS OBSERVED.


RELATIVE HUMIDITY (PERCENT)
 HIGHEST    68           700 AM
 LOWEST     20           200 PM
 AVERAGE    44

..........................................................


THE LEXINGTON KY CLIMATE NORMALS FOR TODAY
                         NORMAL    RECORD    YEAR
 MAXIMUM TEMPERATURE (F)   54        81      1967
 MINIMUM TEMPERATURE (F)   35         4      1960


SUNRISE AND SUNSET
MARCH 13 2017.........SUNRISE   752 AM EDT   SUNSET   744 PM EDT
MARCH 14 2017.........SUNRISE   751 AM EDT   SUNSET   745 PM EDT


-  INDICATES NEGATIVE NUMBERS.
R  INDICATES RECORD WAS SET OR TIED.
MM INDICATES DATA IS MISSING.
T  INDICATES TRACE AMOUNT.




$$
