000
CDUS43 KLMK 190628
CLILEX


CLIMATE REPORT
NATIONAL WEATHER SERVICE LOUISVILLE KY
228 AM EDT TUE AUG 19 2014


...................................

...THE LEXINGTON KY CLIMATE SUMMARY FOR AUGUST 18 2014...

CLIMATE NORMAL PERIOD 1981 TO 2010
CLIMATE RECORD PERIOD 1872 TO 2014


WEATHER ITEM   OBSERVED TIME   RECORD YEAR NORMAL DEPARTURE LAST
                VALUE   (LST)  VALUE       VALUE  FROM      YEAR
                                                  NORMAL
..................................................................
TEMPERATURE (F)
 YESTERDAY
  MAXIMUM         81    539 PM 103    1936  86     -5       81
  MINIMUM         71   1159 PM  53    1943  65      6       61
  AVERAGE         76                        76      0       71

PRECIPITATION (IN)
  YESTERDAY        0.14          1.77 1935   0.11   0.03      T
  MONTH TO DATE    7.67                      2.00   5.67     2.98
  SINCE JUN 1     16.49                     11.09   5.40    19.62
  SINCE JAN 1     37.84                     30.42   7.42    41.48

SNOWFALL (IN)
  YESTERDAY        0.0          MM      MM   0.0    0.0      0.0
  MONTH TO DATE    0.0                       0.0    0.0      0.0
  SINCE JUN 1      0.0                       0.0    0.0      0.0
  SINCE JUL 1      0.0                       0.0    0.0      0.0
  SNOW DEPTH       0

DEGREE DAYS
 HEATING
  YESTERDAY        0                         0      0        0
  MONTH TO DATE    0                         0      0        3
  SINCE JUN 1      2                        11     -9        3
  SINCE JUL 1      2                         0      2        3

 COOLING
  YESTERDAY       11                        10      1        6
  MONTH TO DATE  152                       197    -45      150
  SINCE JUN 1    727                       786    -59      720
  SINCE JAN 1    888                       893     -5      873
..................................................................


WIND (MPH)
  HIGHEST WIND SPEED    13   HIGHEST WIND DIRECTION     W (260)
  HIGHEST GUST SPEED    17   HIGHEST GUST DIRECTION     W (250)
  AVERAGE WIND SPEED     5.8


SKY COVER
  POSSIBLE SUNSHINE  MM
  AVERAGE SKY COVER 0.7


WEATHER CONDITIONS
 THE FOLLOWING WEATHER WAS RECORDED YESTERDAY.
  RAIN
  LIGHT RAIN
  FOG
  HAZE


RELATIVE HUMIDITY (PERCENT)
 HIGHEST    93           400 AM
 LOWEST     69           500 PM
 AVERAGE    81

..........................................................


THE LEXINGTON KY CLIMATE NORMALS FOR TODAY
                         NORMAL    RECORD    YEAR
 MAXIMUM TEMPERATURE (F)   86       105      1936
 MINIMUM TEMPERATURE (F)   65        53      1982


SUNRISE AND SUNSET
AUGUST 19 2014........SUNRISE   657 AM EDT   SUNSET   826 PM EDT
AUGUST 20 2014........SUNRISE   658 AM EDT   SUNSET   825 PM EDT


-  INDICATES NEGATIVE NUMBERS.
R  INDICATES RECORD WAS SET OR TIED.
MM INDICATES DATA IS MISSING.
T  INDICATES TRACE AMOUNT.




$$
