000
CDUS43 KLMK 240632
CLILEX

CLIMATE REPORT
NATIONAL WEATHER SERVICE LOUISVILLE KY
130 AM EST TUE FEB 24 2015
...................................

...THE LEXINGTON KY CLIMATE SUMMARY FOR FEBRUARY 23 2015...

CLIMATE NORMAL PERIOD 1981 TO 2010
CLIMATE RECORD PERIOD 1872 TO 2015


WEATHER ITEM   OBSERVED TIME   RECORD YEAR NORMAL DEPARTURE LAST
                VALUE   (LST)  VALUE       VALUE  FROM      YEAR
                                                  NORMAL
..................................................................
TEMPERATURE (F)
 YESTERDAY
  MAXIMUM         27   1248 AM  80    1996  48    -21       51
  MINIMUM          6   1114 PM   1    1873  30    -24       27
  AVERAGE         17                        39    -22       39

PRECIPITATION (IN)
  YESTERDAY        0.00          2.99 1909   0.12  -0.12     0.09
  MONTH TO DATE    3.00                      2.61   0.39     4.71
  SINCE DEC 1      8.15                      9.74  -1.59    12.60
  SINCE JAN 1      4.85                      5.81  -0.96     7.02

SNOWFALL (IN)
  YESTERDAY        0.0           3.0  1907   0.2   -0.2       T
  MONTH TO DATE   15.4                       4.1   11.3      8.3
  SINCE DEC 1     21.3                      10.5   10.8     17.5
  SINCE JUL 1     22.9                      10.8   12.1     18.9
  SNOW DEPTH       5

DEGREE DAYS
 HEATING
  YESTERDAY       48                        26     22       26
  MONTH TO DATE  901                       662    239      725
  SINCE DEC 1   2756                      2558    198     2732
  SINCE JUL 1   3763                      3445    318     3659

 COOLING
  YESTERDAY        0                         0      0        0
  MONTH TO DATE    0                         0      0        0
  SINCE DEC 1      0                         0      0        0
  SINCE JAN 1      0                         0      0        0
..................................................................


WIND (MPH)
  HIGHEST WIND SPEED    20   HIGHEST WIND DIRECTION    NE (30)
  HIGHEST GUST SPEED    23   HIGHEST GUST DIRECTION    NE (30)
  AVERAGE WIND SPEED    12.5


SKY COVER
  POSSIBLE SUNSHINE  MM
  AVERAGE SKY COVER 0.4


WEATHER CONDITIONS
 THE FOLLOWING WEATHER WAS RECORDED YESTERDAY.
  NO SIGNIFICANT WEATHER WAS OBSERVED.


RELATIVE HUMIDITY (PERCENT)
 HIGHEST    77           400 AM
 LOWEST     49           100 PM
 AVERAGE    63

..........................................................


THE LEXINGTON KY CLIMATE NORMALS FOR TODAY
                         NORMAL    RECORD    YEAR
 MAXIMUM TEMPERATURE (F)   48        71      1944
 MINIMUM TEMPERATURE (F)   30         1      1967


SUNRISE AND SUNSET
FEBRUARY 24 2015......SUNRISE   717 AM EST   SUNSET   626 PM EST
FEBRUARY 25 2015......SUNRISE   716 AM EST   SUNSET   627 PM EST


-  INDICATES NEGATIVE NUMBERS.
R  INDICATES RECORD WAS SET OR TIED.
MM INDICATES DATA IS MISSING.
T  INDICATES TRACE AMOUNT.

$$
04
