000
CDUS43 KLMK 142127
CLILEX


CLIMATE REPORT
NATIONAL WEATHER SERVICE LOUISVILLE KY
427 PM EST MON NOV 14 2016


...................................

...THE LEXINGTON KY CLIMATE SUMMARY FOR NOVEMBER 14 2016...
VALID TODAY AS OF 0400 PM LOCAL TIME.

CLIMATE NORMAL PERIOD 1981 TO 2010
CLIMATE RECORD PERIOD 1872 TO 2016


WEATHER ITEM   OBSERVED TIME   RECORD YEAR NORMAL DEPARTURE LAST
                VALUE   (LST)  VALUE       VALUE  FROM      YEAR
                                                  NORMAL
..................................................................
TEMPERATURE (F)
 TODAY
  MAXIMUM         62    314 PM  77    1971  56      6       55
  MINIMUM         28    726 AM  15    1986  38    -10       28
  AVERAGE         45                        47     -2       42

PRECIPITATION (IN)
  TODAY            0.00          1.52 1915   0.12  -0.12     0.00
  MONTH TO DATE    0.28                      1.54  -1.26     0.92
  SINCE SEP 1      2.78                      7.58  -4.80     7.08
  SINCE JAN 1     37.15                     39.25  -2.10    50.37

SNOWFALL (IN)
  TODAY            0.0           3.0  1906   0.1   -0.1      0.0
  MONTH TO DATE    0.0                       0.1   -0.1      0.0
  SINCE SEP 1      0.0                       0.1   -0.1      0.0
  SINCE JUL 1      0.0                       0.1   -0.1      0.0
  SNOW DEPTH       0

DEGREE DAYS
 HEATING
  TODAY           20                        18      2       23
  MONTH TO DATE  172                       218    -46      170
  SINCE SEP 1    305                       542   -237      422
  SINCE JUL 1    305                       544   -239      422

 COOLING
  TODAY            0                         0      0        0
  MONTH TO DATE   14                         0     14        4
  SINCE SEP 1    363                       171    192      223
  SINCE JAN 1   1639                      1188    451     1284
..................................................................


WIND (MPH)
  HIGHEST WIND SPEED    14   HIGHEST WIND DIRECTION     W (260)
  HIGHEST GUST SPEED    20   HIGHEST GUST DIRECTION     W (260)
  AVERAGE WIND SPEED     6.2


SKY COVER
  POSSIBLE SUNSHINE  MM
  AVERAGE SKY COVER 0.0


WEATHER CONDITIONS
 THE FOLLOWING WEATHER WAS RECORDED TODAY.
  NO SIGNIFICANT WEATHER WAS OBSERVED.


RELATIVE HUMIDITY (PERCENT)
 HIGHEST    85           400 AM
 LOWEST     32           300 PM
 AVERAGE    59

..........................................................


THE LEXINGTON KY CLIMATE NORMALS FOR TOMORROW
                         NORMAL    RECORD    YEAR
 MAXIMUM TEMPERATURE (F)   56        77      1971
 MINIMUM TEMPERATURE (F)   38        14      2014
                                             1916


SUNRISE AND SUNSET
NOVEMBER 14 2016......SUNRISE   719 AM EST   SUNSET   527 PM EST
NOVEMBER 15 2016......SUNRISE   720 AM EST   SUNSET   526 PM EST


-  INDICATES NEGATIVE NUMBERS.
R  INDICATES RECORD WAS SET OR TIED.
MM INDICATES DATA IS MISSING.
T  INDICATES TRACE AMOUNT.




$$
