000
CDUS43 KLMK 212134
CLILEX


CLIMATE REPORT
NATIONAL WEATHER SERVICE LOUISVILLE KY
433 PM EST WED JAN 21 2015


...................................

...THE LEXINGTON KY CLIMATE SUMMARY FOR JANUARY 21 2015...
VALID TODAY AS OF 0400 PM LOCAL TIME.

CLIMATE NORMAL PERIOD 1981 TO 2010
CLIMATE RECORD PERIOD 1872 TO 2015


WEATHER ITEM   OBSERVED TIME   RECORD YEAR NORMAL DEPARTURE LAST
                VALUE   (LST)  VALUE       VALUE  FROM      YEAR
                                                  NORMAL
..................................................................
TEMPERATURE (F)
 TODAY
  MAXIMUM         53    335 PM  72    1906  41     12       35
  MINIMUM         31    822 AM -17    1984  25      6        3
  AVERAGE         42                        33      9       19

PRECIPITATION (IN)
  TODAY            0.00          2.53 1933   0.10  -0.10     0.15
  MONTH TO DATE    1.03                      2.16  -1.13     2.20
  SINCE DEC 1      4.33                      6.09  -1.76     7.78
  SINCE JAN 1      1.03                      2.16  -1.13     2.20

SNOWFALL (IN)
  TODAY            0.0           2.0  2014   0.1   -0.1      2.0
  MONTH TO DATE    T                         2.5   -2.5      4.0
  SINCE DEC 1      T                         5.0   -5.0      4.6
  SINCE JUL 1      1.6                       5.3   -3.7      6.0
  SNOW DEPTH       0

DEGREE DAYS
 HEATING
  TODAY           23                        32     -9       46
  MONTH TO DATE  710                       672     38      716
  SINCE DEC 1   1521                      1573    -52     1547
  SINCE JUL 1   2528                      2460     68     2474

 COOLING
  TODAY            0                         0      0        0
  MONTH TO DATE    0                         0      0        0
  SINCE DEC 1      0                         0      0        0
  SINCE JAN 1      0                         0      0        0
..................................................................


WIND (MPH)
  HIGHEST WIND SPEED    21   HIGHEST WIND DIRECTION     W (260)
  HIGHEST GUST SPEED    29   HIGHEST GUST DIRECTION     W (250)
  AVERAGE WIND SPEED     9.6


SKY COVER
  POSSIBLE SUNSHINE  MM
  AVERAGE SKY COVER 0.5


WEATHER CONDITIONS
 THE FOLLOWING WEATHER WAS RECORDED TODAY.
  NO SIGNIFICANT WEATHER WAS OBSERVED.


RELATIVE HUMIDITY (PERCENT)
 HIGHEST    89           900 AM
 LOWEST     38           300 PM
 AVERAGE    64

..........................................................


THE LEXINGTON KY CLIMATE NORMALS FOR TOMORROW
                         NORMAL    RECORD    YEAR
 MAXIMUM TEMPERATURE (F)   41        73      1999
 MINIMUM TEMPERATURE (F)   25        -6      2014


SUNRISE AND SUNSET
JANUARY 21 2015.......SUNRISE   751 AM EST   SUNSET   549 PM EST
JANUARY 22 2015.......SUNRISE   750 AM EST   SUNSET   550 PM EST


-  INDICATES NEGATIVE NUMBERS.
R  INDICATES RECORD WAS SET OR TIED.
MM INDICATES DATA IS MISSING.
T  INDICATES TRACE AMOUNT.




$$
