000
CDUS43 KLMK 300645
CLILEX


CLIMATE REPORT
NATIONAL WEATHER SERVICE LOUISVILLE KY
245 AM EDT THU JUN 30 2016


...................................

...THE LEXINGTON KY CLIMATE SUMMARY FOR JUNE 29 2016...

CLIMATE NORMAL PERIOD 1981 TO 2010
CLIMATE RECORD PERIOD 1872 TO 2016


WEATHER ITEM   OBSERVED TIME   RECORD YEAR NORMAL DEPARTURE LAST
                VALUE   (LST)  VALUE       VALUE  FROM      YEAR
                                                  NORMAL
..................................................................
TEMPERATURE (F)
 YESTERDAY
  MAXIMUM         80    312 PM 104    1936  86     -6       80
  MINIMUM         57    537 AM  50    1923  66     -9       61
  AVERAGE         69                        76     -7       71

PRECIPITATION (IN)
  YESTERDAY        0.00          5.04 1998   0.12  -0.12     0.43
  MONTH TO DATE    4.56                      4.30   0.26     5.45
  SINCE JUN 1      4.56                      4.30   0.26     5.45
  SINCE JAN 1     22.85                     23.63  -0.78    31.24

SNOWFALL (IN)
  YESTERDAY        0.0          MM      MM   0.0    0.0      0.0
  MONTH TO DATE    0.0                       0.0    0.0      0.0
  SINCE JUN 1      0.0                       0.0    0.0      0.0
  SINCE JUL 1     15.3                      13.0    2.3     40.0
  SNOW DEPTH       0

DEGREE DAYS
 HEATING
  YESTERDAY        0                         0      0        0
  MONTH TO DATE    1                         8     -7       18
  SINCE JUN 1      1                         8     -7       18
  SINCE JUL 1   3765                      4608   -843     4964

 COOLING
  YESTERDAY        4                        11     -7        6
  MONTH TO DATE  308                       231     77      280
  SINCE JUN 1    308                       231     77      280
  SINCE JAN 1    422                       338     84      448
..................................................................


WIND (MPH)
  HIGHEST WIND SPEED    12   HIGHEST WIND DIRECTION     N (20)
  HIGHEST GUST SPEED    16   HIGHEST GUST DIRECTION    NW (310)
  AVERAGE WIND SPEED     6.2


SKY COVER
  POSSIBLE SUNSHINE  MM
  AVERAGE SKY COVER 0.1


WEATHER CONDITIONS
 THE FOLLOWING WEATHER WAS RECORDED YESTERDAY.
  NO SIGNIFICANT WEATHER WAS OBSERVED.


RELATIVE HUMIDITY (PERCENT)
 HIGHEST    86           500 AM
 LOWEST     42           200 PM
 AVERAGE    64

..........................................................


THE LEXINGTON KY CLIMATE NORMALS FOR TODAY
                         NORMAL    RECORD    YEAR
 MAXIMUM TEMPERATURE (F)   86       103      2012
 MINIMUM TEMPERATURE (F)   66        50      1943


SUNRISE AND SUNSET
JUNE 30 2016..........SUNRISE   619 AM EDT   SUNSET   905 PM EDT
JULY  1 2016..........SUNRISE   620 AM EDT   SUNSET   905 PM EDT


-  INDICATES NEGATIVE NUMBERS.
R  INDICATES RECORD WAS SET OR TIED.
MM INDICATES DATA IS MISSING.
T  INDICATES TRACE AMOUNT.




$$
