000
CDUS43 KLMK 082028
CLILEX


CLIMATE REPORT
NATIONAL WEATHER SERVICE LOUISVILLE KY
428 PM EDT SUN MAY 8 2016


...................................

...THE LEXINGTON KY CLIMATE SUMMARY FOR MAY 8 2016...
VALID TODAY AS OF 0400 PM LOCAL TIME.

CLIMATE NORMAL PERIOD 1981 TO 2010
CLIMATE RECORD PERIOD 1872 TO 2016


WEATHER ITEM   OBSERVED TIME   RECORD YEAR NORMAL DEPARTURE LAST
                VALUE   (LST)  VALUE       VALUE  FROM      YEAR
                                                  NORMAL
..................................................................
TEMPERATURE (F)
 TODAY
  MAXIMUM         65    259 PM  90    1936  72     -7       87
  MINIMUM         53   1010 AM  32    1947  52      1       59
  AVERAGE         59                        62     -3       73

PRECIPITATION (IN)
  TODAY            0.01          1.85 2003   0.17  -0.16     0.00
  MONTH TO DATE    0.89                      1.31  -0.42     0.00
  SINCE MAR 1      6.99                      8.98  -1.99    18.87
  SINCE JAN 1     12.69                     15.38  -2.69    23.72

SNOWFALL (IN)
  TODAY            0.0          MM      MM   0.0    0.0      0.0
  MONTH TO DATE    0.0                       0.0    0.0      0.0
  SINCE MAR 1      0.7                       1.7   -1.0     17.1
  SINCE JUL 1     15.3                      13.0    2.3     40.0
  SNOW DEPTH       0

DEGREE DAYS
 HEATING
  TODAY            6                         5      1        0
  MONTH TO DATE   48                        43      5       18
  SINCE MAR 1    704                       961   -257      927
  SINCE JUL 1   3675                      4532   -857     4905

 COOLING
  TODAY            0                         2     -2        8
  MONTH TO DATE    6                         9     -3       32
  SINCE MAR 1     34                        31      3       44
  SINCE JAN 1     34                        31      3       44
..................................................................


WIND (MPH)
  HIGHEST WIND SPEED    13   HIGHEST WIND DIRECTION    NW (320)
  HIGHEST GUST SPEED    17   HIGHEST GUST DIRECTION    NW (320)
  AVERAGE WIND SPEED     5.2


SKY COVER
  POSSIBLE SUNSHINE  MM
  AVERAGE SKY COVER 0.8


WEATHER CONDITIONS
 THE FOLLOWING WEATHER WAS RECORDED TODAY.
  LIGHT RAIN


RELATIVE HUMIDITY (PERCENT)
 HIGHEST    97           100 AM
 LOWEST     48           300 PM
 AVERAGE    73

..........................................................


THE LEXINGTON KY CLIMATE NORMALS FOR TOMORROW
                         NORMAL    RECORD    YEAR
 MAXIMUM TEMPERATURE (F)   73        95      1936
 MINIMUM TEMPERATURE (F)   52        31      1923


SUNRISE AND SUNSET
MAY  8 2016...........SUNRISE   634 AM EDT   SUNSET   836 PM EDT
MAY  9 2016...........SUNRISE   633 AM EDT   SUNSET   837 PM EDT


-  INDICATES NEGATIVE NUMBERS.
R  INDICATES RECORD WAS SET OR TIED.
MM INDICATES DATA IS MISSING.
T  INDICATES TRACE AMOUNT.




$$
