000
CDUS43 KLMK 200628
CLILEX


CLIMATE REPORT
NATIONAL WEATHER SERVICE LOUISVILLE KY
127 AM EST SAT JAN 20 2018


...................................

...THE LEXINGTON KY CLIMATE SUMMARY FOR JANUARY 19 2018...

CLIMATE NORMAL PERIOD 1981 TO 2010
CLIMATE RECORD PERIOD 1872 TO 2018


WEATHER ITEM   OBSERVED TIME   RECORD YEAR NORMAL DEPARTURE LAST
                VALUE   (LST)  VALUE       VALUE  FROM      YEAR
                                                  NORMAL
..................................................................
TEMPERATURE (F)
 YESTERDAY
  MAXIMUM         40    416 PM  68    1907  41     -1       57
  MINIMUM         19    313 AM -20    1994  25     -6       35
  AVERAGE         30                        33     -3       46

PRECIPITATION (IN)
  YESTERDAY        0.00          1.60 1988   0.10  -0.10     0.23
  MONTH TO DATE    0.99                      1.95  -0.96     3.76
  SINCE DEC 1      3.36                      5.88  -2.52     9.94
  SINCE JAN 1      0.99                      1.95  -0.96     3.76

SNOWFALL (IN)
  YESTERDAY        0.0           8.9  1936   0.1   -0.1      0.0
  MONTH TO DATE    6.1                       2.2    3.9      2.5
  SINCE DEC 1      6.3                       4.7    1.6      2.6
  SINCE JUL 1      6.3                       5.0    1.3      2.6
  SNOW DEPTH       3

DEGREE DAYS
 HEATING
  YESTERDAY       35                        32      3       19
  MONTH TO DATE  773                       608    165      498
  SINCE DEC 1   1697                      1509    188     1355
  SINCE JUL 1   2477                      2396     81     1941

 COOLING
  YESTERDAY        0                         0      0        0
  MONTH TO DATE    0                         0      0        0
  SINCE DEC 1      0                         0      0        0
  SINCE JAN 1      0                         0      0        0
..................................................................


WIND (MPH)
  HIGHEST WIND SPEED    18   HIGHEST WIND DIRECTION    SW (210)
  HIGHEST GUST SPEED    26   HIGHEST GUST DIRECTION     S (200)
  AVERAGE WIND SPEED    12.1


SKY COVER
  POSSIBLE SUNSHINE  MM
  AVERAGE SKY COVER 0.0


WEATHER CONDITIONS
 THE FOLLOWING WEATHER WAS RECORDED YESTERDAY.
  NO SIGNIFICANT WEATHER WAS OBSERVED.


RELATIVE HUMIDITY (PERCENT)
 HIGHEST    67          1200 AM
 LOWEST     44           200 PM
 AVERAGE    56

..........................................................


THE LEXINGTON KY CLIMATE NORMALS FOR TODAY
                         NORMAL    RECORD    YEAR
 MAXIMUM TEMPERATURE (F)   41        70      1906
 MINIMUM TEMPERATURE (F)   25       -18      1985


SUNRISE AND SUNSET
JANUARY 20 2018.......SUNRISE   751 AM EST   SUNSET   548 PM EST
JANUARY 21 2018.......SUNRISE   751 AM EST   SUNSET   549 PM EST


-  INDICATES NEGATIVE NUMBERS.
R  INDICATES RECORD WAS SET OR TIED.
MM INDICATES DATA IS MISSING.
T  INDICATES TRACE AMOUNT.




$$
