414
CDUS43 KLMK 080627
CLILEX


CLIMATE REPORT
NATIONAL WEATHER SERVICE LOUISVILLE KY
127 AM EST THU DEC 8 2016


...................................

...THE LEXINGTON KY CLIMATE SUMMARY FOR DECEMBER 7 2016...

CLIMATE NORMAL PERIOD 1981 TO 2010
CLIMATE RECORD PERIOD 1872 TO 2016


WEATHER ITEM   OBSERVED TIME   RECORD YEAR NORMAL DEPARTURE LAST
                VALUE   (LST)  VALUE       VALUE  FROM      YEAR
                                                  NORMAL
..................................................................
TEMPERATURE (F)
 YESTERDAY
  MAXIMUM         44    322 PM  68    1998  46     -2       49
                                      1980
                                      1951
  MINIMUM         30    809 AM  -1    1977  30      0       44
  AVERAGE         37                        38     -1       47

PRECIPITATION (IN)
  YESTERDAY        0.00          2.89 1924   0.14  -0.14     0.04
  MONTH TO DATE    0.86                      0.91  -0.05     0.83
  SINCE DEC 1      0.86                      0.91  -0.05     0.83
  SINCE JAN 1     39.07                     42.15  -3.08    53.51

SNOWFALL (IN)
  YESTERDAY        0.0           3.1  1950   0.1   -0.1      0.0
  MONTH TO DATE    0.0                       0.4   -0.4       T
  SINCE DEC 1      0.0                       0.4   -0.4       T
  SINCE JUL 1      0.0                       0.7   -0.7       T
  SNOW DEPTH       0

DEGREE DAYS
 HEATING
  YESTERDAY       28                        27      1       18
  MONTH TO DATE  170                       182    -12      159
  SINCE DEC 1    170                       182    -12      159
  SINCE JUL 1    756                      1069   -313      845

 COOLING
  YESTERDAY        0                         0      0        0
  MONTH TO DATE    0                         0      0        0
  SINCE DEC 1      0                         0      0        0
  SINCE JAN 1   1640                      1190    450     1284
..................................................................


WIND (MPH)
  HIGHEST WIND SPEED    12   HIGHEST WIND DIRECTION    NW (300)
  HIGHEST GUST SPEED    15   HIGHEST GUST DIRECTION    NW (310)
  AVERAGE WIND SPEED     4.1


SKY COVER
  POSSIBLE SUNSHINE  MM
  AVERAGE SKY COVER 0.6


WEATHER CONDITIONS
 THE FOLLOWING WEATHER WAS RECORDED YESTERDAY.
  FOG
  HAZE


RELATIVE HUMIDITY (PERCENT)
 HIGHEST    85           100 AM
 LOWEST     40           300 PM
 AVERAGE    63

..........................................................


THE LEXINGTON KY CLIMATE NORMALS FOR TODAY
                         NORMAL    RECORD    YEAR
 MAXIMUM TEMPERATURE (F)   46        68      1922
 MINIMUM TEMPERATURE (F)   30        -4      1917


SUNRISE AND SUNSET
DECEMBER  8 2016......SUNRISE   742 AM EST   SUNSET   519 PM EST
DECEMBER  9 2016......SUNRISE   743 AM EST   SUNSET   519 PM EST


-  INDICATES NEGATIVE NUMBERS.
R  INDICATES RECORD WAS SET OR TIED.
MM INDICATES DATA IS MISSING.
T  INDICATES TRACE AMOUNT.




$$
