000
CDUS43 KLMK 230638
CLILEX


CLIMATE REPORT
NATIONAL WEATHER SERVICE LOUISVILLE KY
138 AM EST MON JAN 23 2017


...................................

...THE LEXINGTON KY CLIMATE SUMMARY FOR JANUARY 22 2017...

CLIMATE NORMAL PERIOD 1981 TO 2010
CLIMATE RECORD PERIOD 1872 TO 2017


WEATHER ITEM   OBSERVED TIME   RECORD YEAR NORMAL DEPARTURE LAST
                VALUE   (LST)  VALUE       VALUE  FROM      YEAR
                                                  NORMAL
..................................................................
TEMPERATURE (F)
 YESTERDAY
  MAXIMUM         58    456 PM  73    1999  41     17       25
  MINIMUM         47    505 AM  -6    2014  25     22       22
  AVERAGE         53                        33     20       24

PRECIPITATION (IN)
  YESTERDAY        T             2.38 1898   0.10  -0.10     0.34
  MONTH TO DATE    4.09                      2.26   1.83     1.15
  SINCE DEC 1     10.27                      6.19   4.08     8.36
  SINCE JAN 1      4.09                      2.26   1.83     1.15

SNOWFALL (IN)
  YESTERDAY        0.0           9.4  1966   0.1   -0.1      6.3
  MONTH TO DATE    2.5                       2.6   -0.1      8.8
  SINCE DEC 1      2.6                       5.1   -2.5      8.8
  SINCE JUL 1      2.6                       5.4   -2.8      8.8
  SNOW DEPTH       0

DEGREE DAYS
 HEATING
  YESTERDAY       12                        32    -20       41
  MONTH TO DATE  525                       704   -179      755
  SINCE DEC 1   1382                      1605   -223     1251
  SINCE JUL 1   1968                      2492   -524     1937

 COOLING
  YESTERDAY        0                         0      0        0
  MONTH TO DATE    0                         0      0        0
  SINCE DEC 1      0                         0      0        0
  SINCE JAN 1      0                         0      0        0
..................................................................


WIND (MPH)
  HIGHEST WIND SPEED    21   HIGHEST WIND DIRECTION    NE (50)
  HIGHEST GUST SPEED    24   HIGHEST GUST DIRECTION    NE (50)
  AVERAGE WIND SPEED     9.2


SKY COVER
  POSSIBLE SUNSHINE  MM
  AVERAGE SKY COVER 0.7


WEATHER CONDITIONS
 THE FOLLOWING WEATHER WAS RECORDED YESTERDAY.
  LIGHT RAIN
  FOG


RELATIVE HUMIDITY (PERCENT)
 HIGHEST    93           300 AM
 LOWEST     77          1200 AM
 AVERAGE    85

..........................................................


THE LEXINGTON KY CLIMATE NORMALS FOR TODAY
                         NORMAL    RECORD    YEAR
 MAXIMUM TEMPERATURE (F)   41        68      1967
                                             1943
 MINIMUM TEMPERATURE (F)   25       -20      1963


SUNRISE AND SUNSET
JANUARY 23 2017.......SUNRISE   749 AM EST   SUNSET   552 PM EST
JANUARY 24 2017.......SUNRISE   749 AM EST   SUNSET   553 PM EST


-  INDICATES NEGATIVE NUMBERS.
R  INDICATES RECORD WAS SET OR TIED.
MM INDICATES DATA IS MISSING.
T  INDICATES TRACE AMOUNT.




$$
