000
CDUS43 KLMK 230628
CLILEX


CLIMATE REPORT
NATIONAL WEATHER SERVICE LOUISVILLE KY
227 AM EDT FRI JUN 23 2017


...................................

...THE LEXINGTON KY CLIMATE SUMMARY FOR JUNE 22 2017...

CLIMATE NORMAL PERIOD 1981 TO 2010
CLIMATE RECORD PERIOD 1872 TO 2017


WEATHER ITEM   OBSERVED TIME   RECORD YEAR NORMAL DEPARTURE LAST
                VALUE   (LST)  VALUE       VALUE  FROM      YEAR
                                                  NORMAL
..................................................................
TEMPERATURE (F)
 YESTERDAY
  MAXIMUM         79   1125 AM  99    1988  85     -6       84
  MINIMUM         70    817 PM  46    1992  64      6       70
  AVERAGE         75                        74      1       77

PRECIPITATION (IN)
  YESTERDAY        0.60          3.33 1960   0.14   0.46     0.84
  MONTH TO DATE    2.47                      3.39  -0.92     3.66
  SINCE JUN 1      2.47                      3.39  -0.92     3.66
  SINCE JAN 1     21.33                     22.72  -1.39    21.95

SNOWFALL (IN)
  YESTERDAY        0.0          MM      MM   0.0    0.0      0.0
  MONTH TO DATE    0.0                       0.0    0.0      0.0
  SINCE JUN 1      0.0                       0.0    0.0      0.0
  SINCE JUL 1      3.4                      13.0   -9.6     15.3
  SNOW DEPTH       0

DEGREE DAYS
 HEATING
  YESTERDAY        0                         0      0        0
  MONTH TO DATE    5                         8     -3        1
  SINCE JUN 1      5                         8     -3        1
  SINCE JUL 1   3476                      4608  -1132     3765

 COOLING
  YESTERDAY       10                        10      0       12
  MONTH TO DATE  191                       160     31      219
  SINCE JUN 1    191                       160     31      219
  SINCE JAN 1    388                       267    121      333
..................................................................


WIND (MPH)
  HIGHEST WIND SPEED    21   HIGHEST WIND DIRECTION     S (200)
  HIGHEST GUST SPEED    26   HIGHEST GUST DIRECTION     S (200)
  AVERAGE WIND SPEED     9.2


SKY COVER
  POSSIBLE SUNSHINE  MM
  AVERAGE SKY COVER 0.5


WEATHER CONDITIONS
 THE FOLLOWING WEATHER WAS RECORDED YESTERDAY.
  HEAVY RAIN
  RAIN
  LIGHT RAIN
  FOG


RELATIVE HUMIDITY (PERCENT)
 HIGHEST    93           600 PM
 LOWEST     67          1000 AM
 AVERAGE    80

..........................................................


THE LEXINGTON KY CLIMATE NORMALS FOR TODAY
                         NORMAL    RECORD    YEAR
 MAXIMUM TEMPERATURE (F)   85        96      1988
                                             1953
                                             1944
 MINIMUM TEMPERATURE (F)   65        45      1972


SUNRISE AND SUNSET
JUNE 23 2017..........SUNRISE   617 AM EDT   SUNSET   905 PM EDT
JUNE 24 2017..........SUNRISE   617 AM EDT   SUNSET   905 PM EDT


-  INDICATES NEGATIVE NUMBERS.
R  INDICATES RECORD WAS SET OR TIED.
MM INDICATES DATA IS MISSING.
T  INDICATES TRACE AMOUNT.




$$
