000
CDUS43 KLMK 010629
CLILEX


CLIMATE REPORT
NATIONAL WEATHER SERVICE LOUISVILLE KY
127 AM EST MON JAN 1 2018


...................................

...THE LEXINGTON KY CLIMATE SUMMARY FOR DECEMBER 31 2017...

CLIMATE NORMAL PERIOD 1981 TO 2010
CLIMATE RECORD PERIOD 1872 TO 2017


WEATHER ITEM   OBSERVED TIME   RECORD YEAR NORMAL DEPARTURE LAST
                VALUE   (LST)  VALUE       VALUE  FROM      YEAR
                                                  NORMAL
..................................................................
TEMPERATURE (F)
 YESTERDAY
  MAXIMUM         21    233 PM  72    1951  41    -20       42
  MINIMUM          7    553 AM  -1    1899  25    -18       31
  AVERAGE         14                        33    -19       37

PRECIPITATION (IN)
  YESTERDAY        0.01          2.26 1918   0.11  -0.10     0.04
  MONTH TO DATE    2.37                      3.93  -1.56     6.18
  SINCE DEC 1      2.37                      3.93  -1.56     6.18
  SINCE JAN 1     49.17                     45.17   4.00    44.39

SNOWFALL (IN)
  YESTERDAY        T             7.8  1967   0.1   -0.1      0.0
  MONTH TO DATE    0.2                       2.5   -2.3      0.1
  SINCE DEC 1      0.2                       2.5   -2.3      0.1
  SINCE JUL 1      0.2                       2.8   -2.6      0.1
  SNOW DEPTH       0

DEGREE DAYS
 HEATING
  YESTERDAY       51                        32     19       28
  MONTH TO DATE  924                       900     24      857
  SINCE DEC 1    924                       901     23      857
  SINCE JUL 1   1704                      1788    -84     1443

 COOLING
  YESTERDAY        0                         0      0        0
  MONTH TO DATE    0                         0      0        0
  SINCE DEC 1      0                         0      0        0
  SINCE JAN 1   1290                      1190    100     1640
..................................................................


WIND (MPH)
  HIGHEST WIND SPEED    15   HIGHEST WIND DIRECTION     N (360)
  HIGHEST GUST SPEED    20   HIGHEST GUST DIRECTION     N (360)
  AVERAGE WIND SPEED     9.5


SKY COVER
  POSSIBLE SUNSHINE  MM
  AVERAGE SKY COVER 0.5


WEATHER CONDITIONS
 THE FOLLOWING WEATHER WAS RECORDED YESTERDAY.
  LIGHT SNOW


RELATIVE HUMIDITY (PERCENT)
 HIGHEST    76          1100 PM
 LOWEST     43           200 PM
 AVERAGE    60

..........................................................


THE LEXINGTON KY CLIMATE NORMALS FOR TODAY
                         NORMAL    RECORD    YEAR
 MAXIMUM TEMPERATURE (F)   41        71      1952
 MINIMUM TEMPERATURE (F)   25        -3      1928


SUNRISE AND SUNSET
JANUARY  1 2018.......SUNRISE   755 AM EST   SUNSET   530 PM EST
JANUARY  2 2018.......SUNRISE   755 AM EST   SUNSET   530 PM EST


-  INDICATES NEGATIVE NUMBERS.
R  INDICATES RECORD WAS SET OR TIED.
MM INDICATES DATA IS MISSING.
T  INDICATES TRACE AMOUNT.




$$
