000
CDUS43 KLMK 010633
CLILEX


CLIMATE REPORT
NATIONAL WEATHER SERVICE LOUISVILLE KY
232 AM EDT TUE JUL 1 2014


...................................

...THE LEXINGTON KY CLIMATE SUMMARY FOR JUNE 30 2014...

CLIMATE NORMAL PERIOD 1981 TO 2010
CLIMATE RECORD PERIOD 1872 TO 2014


WEATHER ITEM   OBSERVED TIME   RECORD YEAR NORMAL DEPARTURE LAST
                VALUE   (LST)  VALUE       VALUE  FROM      YEAR
                                                  NORMAL
..................................................................
TEMPERATURE (F)
 YESTERDAY
  MAXIMUM         87    505 PM 103    2012  86      1       81
  MINIMUM         70    503 AM  50    1943  66      4       63
  AVERAGE         79                        76      3       72

PRECIPITATION (IN)
  YESTERDAY        0.01          1.47 1945   0.14  -0.13     0.00
  MONTH TO DATE    5.59                      4.44   1.15     7.54
  SINCE JUN 1      5.59                      4.44   1.15     7.54
  SINCE JAN 1     26.94                     23.77   3.17    29.40

SNOWFALL (IN)
  YESTERDAY        0.0          MM      MM   0.0    0.0      0.0
  MONTH TO DATE    0.0                       0.0    0.0      0.0
  SINCE JUN 1      0.0                       0.0    0.0      0.0
  SINCE JUL 1     27.1                      13.0   14.1     12.5
  SNOW DEPTH       0

DEGREE DAYS
 HEATING
  YESTERDAY        0                         0      0        0
  MONTH TO DATE    0                         8     -8        0
  SINCE JUN 1      0                        11    -11        0
  SINCE JUL 1   4855                      4611    244     4667

 COOLING
  YESTERDAY       14                        11      3        7
  MONTH TO DATE  305                       242     63      269
  SINCE JUN 1    305                       242     63      269
  SINCE JAN 1    466                       349    117      422
..................................................................


WIND (MPH)
  HIGHEST WIND SPEED    17   HIGHEST WIND DIRECTION     S (190)
  HIGHEST GUST SPEED    23   HIGHEST GUST DIRECTION     S (200)
  AVERAGE WIND SPEED     8.3


SKY COVER
  POSSIBLE SUNSHINE  MM
  AVERAGE SKY COVER 0.5


WEATHER CONDITIONS
 THE FOLLOWING WEATHER WAS RECORDED YESTERDAY.
  LIGHT RAIN
  FOG


RELATIVE HUMIDITY (PERCENT)
 HIGHEST    97           200 AM
 LOWEST     61           500 PM
 AVERAGE    79

..........................................................


THE LEXINGTON KY CLIMATE NORMALS FOR TODAY
                         NORMAL    RECORD    YEAR
 MAXIMUM TEMPERATURE (F)   86       103      2012
 MINIMUM TEMPERATURE (F)   66        48      1937


SUNRISE AND SUNSET
JULY  1 2014..........SUNRISE   619 AM EDT   SUNSET   905 PM EDT
JULY  2 2014..........SUNRISE   620 AM EDT   SUNSET   905 PM EDT


-  INDICATES NEGATIVE NUMBERS.
R  INDICATES RECORD WAS SET OR TIED.
MM INDICATES DATA IS MISSING.
T  INDICATES TRACE AMOUNT.




$$
