000
CDUS43 KLMK 190634
CLILEX


CLIMATE REPORT
NATIONAL WEATHER SERVICE LOUISVILLE KY
133 AM EST THU FEB 19 2015


...................................

...THE LEXINGTON KY CLIMATE SUMMARY FOR FEBRUARY 18 2015...

CLIMATE NORMAL PERIOD 1981 TO 2010
CLIMATE RECORD PERIOD 1872 TO 2015


WEATHER ITEM   OBSERVED TIME   RECORD YEAR NORMAL DEPARTURE LAST
                VALUE   (LST)  VALUE       VALUE  FROM      YEAR
                                                  NORMAL
..................................................................
TEMPERATURE (F)
 YESTERDAY
  MAXIMUM         21    858 AM  70    1948  46    -25       57
  MINIMUM          1   1159 PM  -6    1936  29    -28       34
  AVERAGE         11                        38    -27       46

PRECIPITATION (IN)
  YESTERDAY        0.11          2.57 2000   0.11   0.00     0.00
  MONTH TO DATE    1.82                      2.03  -0.21     3.79
  SINCE DEC 1      6.97                      9.16  -2.19    11.68
  SINCE JAN 1      3.67                      5.23  -1.56     6.10

SNOWFALL (IN)
  YESTERDAY        4.0           6.0  1960   0.2    3.8      0.0
  MONTH TO DATE   14.9                       3.4   11.5      8.3
  SINCE DEC 1     20.8                       9.8   11.0     17.5
  SINCE JUL 1     22.4                      10.1   12.3     18.9
  SNOW DEPTH      10

DEGREE DAYS
 HEATING
  YESTERDAY       54                        27     27       19
  MONTH TO DATE  661                       529    132      645
  SINCE DEC 1   2516                      2425     91     2652
  SINCE JUL 1   3523                      3312    211     3579

 COOLING
  YESTERDAY        0                         0      0        0
  MONTH TO DATE    0                         0      0        0
  SINCE DEC 1      0                         0      0        0
  SINCE JAN 1      0                         0      0        0
..................................................................


WIND (MPH)
  HIGHEST WIND SPEED    26   HIGHEST WIND DIRECTION     W (260)
  HIGHEST GUST SPEED    33   HIGHEST GUST DIRECTION     W (270)
  AVERAGE WIND SPEED    13.0


SKY COVER
  POSSIBLE SUNSHINE  MM
  AVERAGE SKY COVER 0.7


WEATHER CONDITIONS
 THE FOLLOWING WEATHER WAS RECORDED YESTERDAY.
  SNOW
  LIGHT SNOW
  FOG
  HAZE


RELATIVE HUMIDITY (PERCENT)
 HIGHEST    92           600 AM
 LOWEST     53           400 PM
 AVERAGE    73

..........................................................


THE LEXINGTON KY CLIMATE NORMALS FOR TODAY
                         NORMAL    RECORD    YEAR
 MAXIMUM TEMPERATURE (F)   47        75      1939
 MINIMUM TEMPERATURE (F)   29        -5      1936


SUNRISE AND SUNSET
FEBRUARY 19 2015......SUNRISE   724 AM EST   SUNSET   621 PM EST
FEBRUARY 20 2015......SUNRISE   723 AM EST   SUNSET   622 PM EST


-  INDICATES NEGATIVE NUMBERS.
R  INDICATES RECORD WAS SET OR TIED.
MM INDICATES DATA IS MISSING.
T  INDICATES TRACE AMOUNT.




$$
