000
CDUS43 KLMK 010626
CLILEX


CLIMATE REPORT
NATIONAL WEATHER SERVICE LOUISVILLE KY
226 AM EDT SUN OCT 1 2017


...................................

...THE LEXINGTON KY CLIMATE SUMMARY FOR SEPTEMBER 30 2017...

CLIMATE NORMAL PERIOD 1981 TO 2010
CLIMATE RECORD PERIOD 1872 TO 2017


WEATHER ITEM   OBSERVED TIME   RECORD YEAR NORMAL DEPARTURE LAST
                VALUE   (LST)  VALUE       VALUE  FROM      YEAR
                                                  NORMAL
..................................................................
TEMPERATURE (F)
 YESTERDAY
  MAXIMUM         71    422 PM  94    1941  73     -2       65
  MINIMUM         50    659 AM  32    1899  52     -2       54
  AVERAGE         61                        62     -1       60

PRECIPITATION (IN)
  YESTERDAY        0.00          1.75 1978   0.10  -0.10      T
  MONTH TO DATE    3.74                      2.91   0.83     1.67
  SINCE SEP 1      3.74                      2.91   0.83     1.67
  SINCE JAN 1     38.68                     34.58   4.10    36.04

SNOWFALL (IN)
  YESTERDAY        0.0          MM      MM   0.0    0.0      0.0
  MONTH TO DATE    0.0                       0.0    0.0      0.0
  SINCE SEP 1      0.0                       0.0    0.0      0.0
  SINCE JUL 1      0.0                       0.0    0.0      0.0
  SNOW DEPTH       0

DEGREE DAYS
 HEATING
  YESTERDAY        4                         5     -1        5
  MONTH TO DATE   35                        51    -16       17
  SINCE SEP 1     35                        52    -17       17
  SINCE JUL 1     35                        54    -19       17

 COOLING
  YESTERDAY        0                         2     -2        0
  MONTH TO DATE  144                       146     -2      271
  SINCE SEP 1    144                       146     -2      271
  SINCE JAN 1   1225                      1163     62     1547
..................................................................


WIND (MPH)
  HIGHEST WIND SPEED    20   HIGHEST WIND DIRECTION    NE (60)
  HIGHEST GUST SPEED    25   HIGHEST GUST DIRECTION     E (70)
  AVERAGE WIND SPEED    11.2


SKY COVER
  POSSIBLE SUNSHINE  MM
  AVERAGE SKY COVER 0.0


WEATHER CONDITIONS
 THE FOLLOWING WEATHER WAS RECORDED YESTERDAY.
  NO SIGNIFICANT WEATHER WAS OBSERVED.


RELATIVE HUMIDITY (PERCENT)
 HIGHEST    74           700 AM
 LOWEST     37           500 PM
 AVERAGE    56

..........................................................


THE LEXINGTON KY CLIMATE NORMALS FOR TODAY
                         NORMAL    RECORD    YEAR
 MAXIMUM TEMPERATURE (F)   73        89      1952
                                             1919
 MINIMUM TEMPERATURE (F)   51        34      1947


SUNRISE AND SUNSET
OCTOBER  1 2017.......SUNRISE   734 AM EDT   SUNSET   721 PM EDT
OCTOBER  2 2017.......SUNRISE   735 AM EDT   SUNSET   719 PM EDT


-  INDICATES NEGATIVE NUMBERS.
R  INDICATES RECORD WAS SET OR TIED.
MM INDICATES DATA IS MISSING.
T  INDICATES TRACE AMOUNT.




$$
