000
CDUS43 KLMK 112037
CLILEX


CLIMATE REPORT
NATIONAL WEATHER SERVICE LOUISVILLE KY
436 PM EDT MON MAY 11 2015


...................................

...THE LEXINGTON KY CLIMATE SUMMARY FOR MAY 11 2015...
VALID TODAY AS OF 0400 PM LOCAL TIME.

CLIMATE NORMAL PERIOD 1981 TO 2010
CLIMATE RECORD PERIOD 1872 TO 2015


WEATHER ITEM   OBSERVED TIME   RECORD YEAR NORMAL DEPARTURE LAST
                VALUE   (LST)  VALUE       VALUE  FROM      YEAR
                                                  NORMAL
..................................................................
TEMPERATURE (F)
 TODAY
  MAXIMUM         89    147 PM  92    1896  73     16       82
  MINIMUM         63    402 AM  35    1945  53     10       57
                                      1913
  AVERAGE         76                        63     13       70

PRECIPITATION (IN)
  TODAY            0.04          1.77 1943   0.17  -0.13     0.02
  MONTH TO DATE    0.04                      1.82  -1.78     0.98
  SINCE MAR 1     18.91                      9.49   9.42     9.86
  SINCE JAN 1     23.76                     15.89   7.87    16.90

SNOWFALL (IN)
  TODAY            0.0          MM      MM   0.0    0.0      0.0
  MONTH TO DATE    0.0                       0.0    0.0      0.0
  SINCE MAR 1     17.1                       1.7   15.4      7.8
  SINCE JUL 1     40.0                      13.0   27.0     27.1
  SNOW DEPTH       0

DEGREE DAYS
 HEATING
  TODAY            0                         4     -4        0
  MONTH TO DATE   18                        56    -38       32
  SINCE MAR 1    927                       974    -47      954
  SINCE JUL 1   4905                      4545    360     4797

 COOLING
  TODAY           11                         2      9        5
  MONTH TO DATE   63                        15     48       33
  SINCE MAR 1     75                        37     38       48
  SINCE JAN 1     75                        37     38       48
..................................................................


WIND (MPH)
  HIGHEST WIND SPEED    30   HIGHEST WIND DIRECTION     W (260)
  HIGHEST GUST SPEED    40   HIGHEST GUST DIRECTION     W (270)
  AVERAGE WIND SPEED    11.0


SKY COVER
  POSSIBLE SUNSHINE  MM
  AVERAGE SKY COVER 0.1


WEATHER CONDITIONS
 THE FOLLOWING WEATHER WAS RECORDED TODAY.
  THUNDERSTORM
  HEAVY RAIN
  LIGHT RAIN


RELATIVE HUMIDITY (PERCENT)
 HIGHEST    87           400 AM
 LOWEST     43           200 PM
 AVERAGE    65

..........................................................


THE LEXINGTON KY CLIMATE NORMALS FOR TOMORROW
                         NORMAL    RECORD    YEAR
 MAXIMUM TEMPERATURE (F)   73        90      1944
 MINIMUM TEMPERATURE (F)   53        36      1938
                                             1917


SUNRISE AND SUNSET
MAY 11 2015...........SUNRISE   632 AM EDT   SUNSET   838 PM EDT
MAY 12 2015...........SUNRISE   631 AM EDT   SUNSET   839 PM EDT


-  INDICATES NEGATIVE NUMBERS.
R  INDICATES RECORD WAS SET OR TIED.
MM INDICATES DATA IS MISSING.
T  INDICATES TRACE AMOUNT.




$$
