940
CDUS43 KLMK 030631
CLILEX


CLIMATE REPORT
NATIONAL WEATHER SERVICE LOUISVILLE KY
129 AM EST WED FEB 3 2016


...................................

...THE LEXINGTON KY CLIMATE SUMMARY FOR FEBRUARY 2 2016...

CLIMATE NORMAL PERIOD 1981 TO 2010
CLIMATE RECORD PERIOD 1872 TO 2016


WEATHER ITEM   OBSERVED TIME   RECORD YEAR NORMAL DEPARTURE LAST
                VALUE   (LST)  VALUE       VALUE  FROM      YEAR
                                                  NORMAL
..................................................................
TEMPERATURE (F)
 YESTERDAY
  MAXIMUM         72R   317 PM  67    1893  42     30       44
  MINIMUM         36    439 AM -15    1951  26     10       22
  AVERAGE         54                        34     20       33

PRECIPITATION (IN)
  YESTERDAY        0.14          2.33 1939   0.11   0.03      T
  MONTH TO DATE    0.43                      0.23   0.20     0.58
  SINCE DEC 1      8.88                      7.36   1.52     5.73
  SINCE JAN 1      1.67                      3.43  -1.76     2.43

SNOWFALL (IN)
  YESTERDAY        0.0           2.2  2007   0.2   -0.2       T
  MONTH TO DATE    0.0                       0.4   -0.4       T
  SINCE DEC 1      9.6                       6.8    2.8      5.9
  SINCE JUL 1      9.6                       7.1    2.5      7.5
  SNOW DEPTH       0

DEGREE DAYS
 HEATING
  YESTERDAY       11                        31    -20       32
  MONTH TO DATE   26                        62    -36       56
  SINCE DEC 1   1544                      1958   -414     1911
  SINCE JUL 1   2230                      2845   -615     2918

 COOLING
  YESTERDAY        0                         0      0        0
  MONTH TO DATE    0                         0      0        0
  SINCE DEC 1      0                         0      0        0
  SINCE JAN 1      0                         0      0        0
..................................................................


WIND (MPH)
  HIGHEST WIND SPEED    31   HIGHEST WIND DIRECTION     S (160)
  HIGHEST GUST SPEED    37   HIGHEST GUST DIRECTION     S (170)
  AVERAGE WIND SPEED    13.5


SKY COVER
  POSSIBLE SUNSHINE  MM
  AVERAGE SKY COVER 0.3


WEATHER CONDITIONS
 THE FOLLOWING WEATHER WAS RECORDED YESTERDAY.
  RAIN
  LIGHT RAIN
  FOG


RELATIVE HUMIDITY (PERCENT)
 HIGHEST    96           900 AM
 LOWEST     55           700 PM
 AVERAGE    76

..........................................................


THE LEXINGTON KY CLIMATE NORMALS FOR TODAY
                         NORMAL    RECORD    YEAR
 MAXIMUM TEMPERATURE (F)   43        70      1890
 MINIMUM TEMPERATURE (F)   26        -8      1951


SUNRISE AND SUNSET
FEBRUARY  3 2016......SUNRISE   742 AM EST   SUNSET   603 PM EST
FEBRUARY  4 2016......SUNRISE   741 AM EST   SUNSET   604 PM EST


-  INDICATES NEGATIVE NUMBERS.
R  INDICATES RECORD WAS SET OR TIED.
MM INDICATES DATA IS MISSING.
T  INDICATES TRACE AMOUNT.




$$
