000
CDUS43 KLMK 080634
CLILEX


CLIMATE REPORT
NATIONAL WEATHER SERVICE LOUISVILLE KY
234 AM EDT SAT APR 8 2017


...................................

...THE LEXINGTON KY CLIMATE SUMMARY FOR APRIL 7 2017...

CLIMATE NORMAL PERIOD 1981 TO 2010
CLIMATE RECORD PERIOD 1872 TO 2017


WEATHER ITEM   OBSERVED TIME   RECORD YEAR NORMAL DEPARTURE LAST
                VALUE   (LST)  VALUE       VALUE  FROM      YEAR
                                                  NORMAL
..................................................................
TEMPERATURE (F)
 YESTERDAY
  MAXIMUM         57    421 PM  84    2001  63     -6       50
                                      1893
  MINIMUM         36    708 AM  18    1982  42     -6       39
  AVERAGE         47                        53     -6       45

PRECIPITATION (IN)
  YESTERDAY        0.00          1.84 1935   0.11  -0.11      T
  MONTH TO DATE    0.53                      0.78  -0.25     0.25
  SINCE MAR 1      3.81                      4.85  -1.04     3.04
  SINCE JAN 1     11.91                     11.25   0.66     8.74

SNOWFALL (IN)
  YESTERDAY        0.0           0.5  1916   0.0    0.0      0.0
  MONTH TO DATE    0.0                       0.1   -0.1      0.0
  SINCE MAR 1      T                         1.5   -1.5      0.7
  SINCE JUL 1      3.4                      12.8   -9.4     15.3
  SNOW DEPTH       0

DEGREE DAYS
 HEATING
  YESTERDAY       18                        13      5       20
  MONTH TO DATE   64                        96    -32      115
  SINCE MAR 1    594                       701   -107      509
  SINCE JUL 1   3304                      4272   -968     3480

 COOLING
  YESTERDAY        0                         0      0        0
  MONTH TO DATE    1                         0      1        0
  SINCE MAR 1      6                         2      4        3
  SINCE JAN 1     10                         2      8        3
..................................................................


WIND (MPH)
  HIGHEST WIND SPEED    22   HIGHEST WIND DIRECTION     W (280)
  HIGHEST GUST SPEED    31   HIGHEST GUST DIRECTION    NW (310)
  AVERAGE WIND SPEED    11.4


SKY COVER
  POSSIBLE SUNSHINE  MM
  AVERAGE SKY COVER 0.2


WEATHER CONDITIONS
 THE FOLLOWING WEATHER WAS RECORDED YESTERDAY.
  NO SIGNIFICANT WEATHER WAS OBSERVED.


RELATIVE HUMIDITY (PERCENT)
 HIGHEST    76          1200 AM
 LOWEST     26           600 PM
 AVERAGE    51

..........................................................


THE LEXINGTON KY CLIMATE NORMALS FOR TODAY
                         NORMAL    RECORD    YEAR
 MAXIMUM TEMPERATURE (F)   64        83      2001
 MINIMUM TEMPERATURE (F)   42        21      1936


SUNRISE AND SUNSET
APRIL  8 2017.........SUNRISE   713 AM EDT   SUNSET   808 PM EDT
APRIL  9 2017.........SUNRISE   711 AM EDT   SUNSET   809 PM EDT


-  INDICATES NEGATIVE NUMBERS.
R  INDICATES RECORD WAS SET OR TIED.
MM INDICATES DATA IS MISSING.
T  INDICATES TRACE AMOUNT.




$$
