000
CDUS43 KLMK 090627
CLILEX


CLIMATE REPORT
NATIONAL WEATHER SERVICE LOUISVILLE KY
226 AM EDT SAT AUG 9 2014


...................................

...THE LEXINGTON KY CLIMATE SUMMARY FOR AUGUST 8 2014...

CLIMATE NORMAL PERIOD 1981 TO 2010
CLIMATE RECORD PERIOD 1872 TO 2014


WEATHER ITEM   OBSERVED TIME   RECORD YEAR NORMAL DEPARTURE LAST
                VALUE   (LST)  VALUE       VALUE  FROM      YEAR
                                                  NORMAL
..................................................................
TEMPERATURE (F)
 YESTERDAY
  MAXIMUM         74    650 PM  99    1941  86    -12       84
                                      1930
  MINIMUM         69    641 AM  49    1989  66      3       72
  AVERAGE         72                        76     -4       78

PRECIPITATION (IN)
  YESTERDAY        0.09          1.46 1992   0.11  -0.02     0.50
  MONTH TO DATE    0.17                      0.94  -0.77     1.16
  SINCE JUN 1      8.99                     10.03  -1.04    17.80
  SINCE JAN 1     30.34                     29.36   0.98    39.66

SNOWFALL (IN)
  YESTERDAY        0.0          MM      MM   0.0    0.0      0.0
  MONTH TO DATE    0.0                       0.0    0.0      0.0
  SINCE JUN 1      0.0                       0.0    0.0      0.0
  SINCE JUL 1      0.0                       0.0    0.0      0.0
  SNOW DEPTH       0

DEGREE DAYS
 HEATING
  YESTERDAY        0                         0      0        0
  MONTH TO DATE    0                         0      0        0
  SINCE JUN 1      2                        11     -9        0
  SINCE JUL 1      2                         0      2        0

 COOLING
  YESTERDAY        7                        11     -4       13
  MONTH TO DATE   68                        88    -20       76
  SINCE JUN 1    643                       677    -34      646
  SINCE JAN 1    804                       784     20      799
..................................................................


WIND (MPH)
  HIGHEST WIND SPEED    13   HIGHEST WIND DIRECTION     E (90)
  HIGHEST GUST SPEED    17   HIGHEST GUST DIRECTION     E (110)
  AVERAGE WIND SPEED     7.6


SKY COVER
  POSSIBLE SUNSHINE  MM
  AVERAGE SKY COVER 0.8


WEATHER CONDITIONS
 THE FOLLOWING WEATHER WAS RECORDED YESTERDAY.
  RAIN
  LIGHT RAIN
  FOG


RELATIVE HUMIDITY (PERCENT)
 HIGHEST    90           900 PM
 LOWEST     64          1200 AM
 AVERAGE    77

..........................................................


THE LEXINGTON KY CLIMATE NORMALS FOR TODAY
                         NORMAL    RECORD    YEAR
 MAXIMUM TEMPERATURE (F)   86        99      1930
 MINIMUM TEMPERATURE (F)   66        51      1989


SUNRISE AND SUNSET
AUGUST  9 2014........SUNRISE   648 AM EDT   SUNSET   839 PM EDT
AUGUST 10 2014........SUNRISE   649 AM EDT   SUNSET   838 PM EDT


-  INDICATES NEGATIVE NUMBERS.
R  INDICATES RECORD WAS SET OR TIED.
MM INDICATES DATA IS MISSING.
T  INDICATES TRACE AMOUNT.




$$
