000
CDUS43 KLMK 172127
CLILEX


CLIMATE REPORT
NATIONAL WEATHER SERVICE LOUISVILLE KY
427 PM EST THU NOV 17 2016


...................................

...THE LEXINGTON KY CLIMATE SUMMARY FOR NOVEMBER 17 2016...
VALID TODAY AS OF 0400 PM LOCAL TIME.

CLIMATE NORMAL PERIOD 1981 TO 2010
CLIMATE RECORD PERIOD 1872 TO 2016


WEATHER ITEM   OBSERVED TIME   RECORD YEAR NORMAL DEPARTURE LAST
                VALUE   (LST)  VALUE       VALUE  FROM      YEAR
                                                  NORMAL
..................................................................
TEMPERATURE (F)
 TODAY
  MAXIMUM         77    302 PM  80    1958  55     22       62
  MINIMUM         44    640 AM  12    1959  37      7       51
  AVERAGE         61                        46     15       57

PRECIPITATION (IN)
  TODAY            0.00          2.50 1921   0.12  -0.12     0.02
  MONTH TO DATE    0.28                      1.89  -1.61     0.94
  SINCE SEP 1      2.78                      7.93  -5.15     7.10
  SINCE JAN 1     37.15                     39.60  -2.45    50.39

SNOWFALL (IN)
  TODAY            0.0           3.0  1920   0.0    0.0      0.0
  MONTH TO DATE    0.0                       0.1   -0.1      0.0
  SINCE SEP 1      0.0                       0.1   -0.1      0.0
  SINCE JUL 1      0.0                       0.1   -0.1      0.0
  SNOW DEPTH       0

DEGREE DAYS
 HEATING
  TODAY            4                        19    -15        8
  MONTH TO DATE  207                       274    -67      212
  SINCE SEP 1    340                       598   -258      464
  SINCE JUL 1    340                       600   -260      464

 COOLING
  TODAY            0                         0      0        0
  MONTH TO DATE   14                         0     14        4
  SINCE SEP 1    363                       171    192      223
  SINCE JAN 1   1639                      1188    451     1284
..................................................................


WIND (MPH)
  HIGHEST WIND SPEED    14   HIGHEST WIND DIRECTION     S (190)
  HIGHEST GUST SPEED    18   HIGHEST GUST DIRECTION     S (190)
  AVERAGE WIND SPEED     8.0


SKY COVER
  POSSIBLE SUNSHINE  MM
  AVERAGE SKY COVER 0.0


WEATHER CONDITIONS
 THE FOLLOWING WEATHER WAS RECORDED TODAY.
  NO SIGNIFICANT WEATHER WAS OBSERVED.


RELATIVE HUMIDITY (PERCENT)
 HIGHEST    76          1200 AM
 LOWEST     33           200 PM
 AVERAGE    55

..........................................................


THE LEXINGTON KY CLIMATE NORMALS FOR TOMORROW
                         NORMAL    RECORD    YEAR
 MAXIMUM TEMPERATURE (F)   54        75      1985
                                             1930
 MINIMUM TEMPERATURE (F)   37        12      2014
                                             1959


SUNRISE AND SUNSET
NOVEMBER 17 2016......SUNRISE   722 AM EST   SUNSET   525 PM EST
NOVEMBER 18 2016......SUNRISE   723 AM EST   SUNSET   524 PM EST


-  INDICATES NEGATIVE NUMBERS.
R  INDICATES RECORD WAS SET OR TIED.
MM INDICATES DATA IS MISSING.
T  INDICATES TRACE AMOUNT.




$$
