000
CDUS43 KLMK 170636
CLILEX


CLIMATE REPORT
NATIONAL WEATHER SERVICE LOUISVILLE KY
233 AM EDT FRI MAR 17 2017

...................................

...THE LEXINGTON KY CLIMATE SUMMARY FOR MARCH 16 2017...

CLIMATE NORMAL PERIOD 1981 TO 2010
CLIMATE RECORD PERIOD 1872 TO 2017


WEATHER ITEM   OBSERVED TIME   RECORD YEAR NORMAL DEPARTURE LAST
                VALUE   (LST)  VALUE       VALUE  FROM      YEAR
                                                  NORMAL
..................................................................
TEMPERATURE (F)
 YESTERDAY
  MAXIMUM         44    521 PM  83    1945  55    -11       71
  MINIMUM         16    655 AM   8    1900  36    -20       54
  AVERAGE         30                        46    -16       63

PRECIPITATION (IN)
  YESTERDAY        0.00          1.60 1936   0.14  -0.14     0.00
  MONTH TO DATE    1.27                      2.05  -0.78     2.07
  SINCE MAR 1      1.27                      2.05  -0.78     2.07
  SINCE JAN 1      9.37                      8.45   0.92     7.77

SNOWFALL (IN)
  YESTERDAY        0.0           3.3  1896   0.1   -0.1      0.0
  MONTH TO DATE    T                         0.9   -0.9      0.7
  SINCE MAR 1      T                         0.9   -0.9      0.7
  SINCE JUL 1      3.4                      12.2   -8.8     15.3
  SNOW DEPTH       0

DEGREE DAYS
 HEATING
  YESTERDAY       35                        20     15        2
  MONTH TO DATE  362                       350     12      192
  SINCE MAR 1    362                       350     12      192
  SINCE JUL 1   3072                      3921   -849     3163

 COOLING
  YESTERDAY        0                         0      0        0
  MONTH TO DATE    0                         0      0        1
  SINCE MAR 1      0                         0      0        1
  SINCE JAN 1      4                         0      4        1
..................................................................


WIND (MPH)
  HIGHEST WIND SPEED    13   HIGHEST WIND DIRECTION     W (250)
  HIGHEST GUST SPEED    18   HIGHEST GUST DIRECTION     W (280)
  AVERAGE WIND SPEED     4.2


SKY COVER
  POSSIBLE SUNSHINE  MM
  AVERAGE SKY COVER 0.0


WEATHER CONDITIONS
 THE FOLLOWING WEATHER WAS RECORDED YESTERDAY.
  NO SIGNIFICANT WEATHER WAS OBSERVED.


RELATIVE HUMIDITY (PERCENT)
 HIGHEST    73           700 AM
 LOWEST     22           500 PM
 AVERAGE    48

..........................................................


THE LEXINGTON KY CLIMATE NORMALS FOR TODAY
                         NORMAL    RECORD    YEAR
 MAXIMUM TEMPERATURE (F)   56        76      1989
                                             1934
 MINIMUM TEMPERATURE (F)   36         4      1900


SUNRISE AND SUNSET
MARCH 17 2017.........SUNRISE   746 AM EDT   SUNSET   748 PM EDT
MARCH 18 2017.........SUNRISE   745 AM EDT   SUNSET   749 PM EDT


-  INDICATES NEGATIVE NUMBERS.
R  INDICATES RECORD WAS SET OR TIED.
MM INDICATES DATA IS MISSING.
T  INDICATES TRACE AMOUNT.

$$
04
