000
CDUS43 KLMK 042031
CLILEX


CLIMATE REPORT
NATIONAL WEATHER SERVICE LOUISVILLE KY
430 PM EDT FRI APR 4 2014


...................................

...THE LEXINGTON KY CLIMATE SUMMARY FOR APRIL 4 2014...
VALID TODAY AS OF 0400 PM LOCAL TIME.

CLIMATE NORMAL PERIOD 1981 TO 2010
CLIMATE RECORD PERIOD 1872 TO 2014


WEATHER ITEM   OBSERVED TIME   RECORD YEAR NORMAL DEPARTURE LAST
                VALUE   (LST)  VALUE       VALUE  FROM      YEAR
                                                  NORMAL
..................................................................
TEMPERATURE (F)
 TODAY
  MAXIMUM         66    148 PM  86    1934  62      4       52
  MINIMUM         58    259 PM  23    1944  41     17       36
  AVERAGE         62                        52     10       44

PRECIPITATION (IN)
  TODAY            0.40          2.95 2008   0.10   0.30     0.00
  MONTH TO DATE    1.38                      0.45   0.93     0.00
  SINCE MAR 1      4.27                      4.52  -0.25     5.35
  SINCE JAN 1     11.31                     10.92   0.39    11.33

SNOWFALL (IN)
  TODAY            0.0           4.8  1987   0.0    0.0      0.0
  MONTH TO DATE    0.0                       0.1   -0.1      0.0
  SINCE MAR 1      7.5                       1.5    6.0      4.0
  SINCE JUL 1     26.8                      12.8   14.0     12.5
  SNOW DEPTH       0

DEGREE DAYS
 HEATING
  TODAY            3                        14    -11       21
  MONTH TO DATE    7                        57    -50       93
  SINCE MAR 1    723                       662     61      876
  SINCE JUL 1   4566                      4233    333     4384

 COOLING
  TODAY            0                         0      0        0
  MONTH TO DATE    2                         0      2        0
  SINCE MAR 1      2                         2      0        0
  SINCE JAN 1      2                         2      0        0
..................................................................


WIND (MPH)
  HIGHEST WIND SPEED    31   HIGHEST WIND DIRECTION     W (260)
  HIGHEST GUST SPEED    41   HIGHEST GUST DIRECTION     W (260)
  AVERAGE WIND SPEED    14.8


SKY COVER
  POSSIBLE SUNSHINE  MM
  AVERAGE SKY COVER 0.8


WEATHER CONDITIONS
 THE FOLLOWING WEATHER WAS RECORDED TODAY.
  THUNDERSTORM
  HEAVY RAIN
  RAIN
  LIGHT RAIN
  FOG


RELATIVE HUMIDITY (PERCENT)
 HIGHEST    90           200 AM
 LOWEST     67           200 PM
 AVERAGE    79

..........................................................


THE LEXINGTON KY CLIMATE NORMALS FOR TOMORROW
                         NORMAL    RECORD    YEAR
 MAXIMUM TEMPERATURE (F)   63        88      1934
 MINIMUM TEMPERATURE (F)   41        20      1944


SUNRISE AND SUNSET
APRIL  4 2014.........SUNRISE   719 AM EDT   SUNSET   804 PM EDT
APRIL  5 2014.........SUNRISE   718 AM EDT   SUNSET   805 PM EDT


-  INDICATES NEGATIVE NUMBERS.
R  INDICATES RECORD WAS SET OR TIED.
MM INDICATES DATA IS MISSING.
T  INDICATES TRACE AMOUNT.




$$
