000
CDUS43 KLMK 142130
CLILEX


CLIMATE REPORT
NATIONAL WEATHER SERVICE LOUISVILLE KY
429 PM EST WED JAN 14 2015


...................................

...THE LEXINGTON KY CLIMATE SUMMARY FOR JANUARY 14 2015...
VALID TODAY AS OF 0400 PM LOCAL TIME.

CLIMATE NORMAL PERIOD 1981 TO 2010
CLIMATE RECORD PERIOD 1872 TO 2015


WEATHER ITEM   OBSERVED TIME   RECORD YEAR NORMAL DEPARTURE LAST
                VALUE   (LST)  VALUE       VALUE  FROM      YEAR
                                                  NORMAL
..................................................................
TEMPERATURE (F)
 TODAY
  MAXIMUM         30    419 PM  68    1932  41    -11       51
  MINIMUM         24   1050 AM  -2    1964  25     -1       35
  AVERAGE         27                        33     -6       43

PRECIPITATION (IN)
  TODAY            T             2.61 1951   0.10  -0.10     0.06
  MONTH TO DATE    0.97                      1.44  -0.47     2.04
  SINCE DEC 1      4.27                      5.37  -1.10     7.62
  SINCE JAN 1      0.97                      1.44  -0.47     2.04

SNOWFALL (IN)
  TODAY            T             3.6  1918   0.1   -0.1      0.0
  MONTH TO DATE    T                         1.6   -1.6      1.6
  SINCE DEC 1      T                         4.1   -4.1      2.2
  SINCE JUL 1      1.6                       4.4   -2.8      3.6
  SNOW DEPTH       0

DEGREE DAYS
 HEATING
  TODAY           38                        32      6       22
  MONTH TO DATE  525                       448     77      464
  SINCE DEC 1   1336                      1349    -13     1295
  SINCE JUL 1   2343                      2236    107     2222

 COOLING
  TODAY            0                         0      0        0
  MONTH TO DATE    0                         0      0        0
  SINCE DEC 1      0                         0      0        0
  SINCE JAN 1      0                         0      0        0
..................................................................


WIND (MPH)
  HIGHEST WIND SPEED     9   HIGHEST WIND DIRECTION    SW (240)
  HIGHEST GUST SPEED    11   HIGHEST GUST DIRECTION    SW (240)
  AVERAGE WIND SPEED     3.5


SKY COVER
  POSSIBLE SUNSHINE  MM
  AVERAGE SKY COVER 0.5


WEATHER CONDITIONS
 THE FOLLOWING WEATHER WAS RECORDED TODAY.
  LIGHT SNOW
  HAZE


RELATIVE HUMIDITY (PERCENT)
 HIGHEST    81           200 AM
 LOWEST     63           400 PM
 AVERAGE    72

..........................................................


THE LEXINGTON KY CLIMATE NORMALS FOR TOMORROW
                         NORMAL    RECORD    YEAR
 MAXIMUM TEMPERATURE (F)   41        68      1950
 MINIMUM TEMPERATURE (F)   25       -11      1893


SUNRISE AND SUNSET
JANUARY 14 2015.......SUNRISE   754 AM EST   SUNSET   541 PM EST
JANUARY 15 2015.......SUNRISE   753 AM EST   SUNSET   543 PM EST


-  INDICATES NEGATIVE NUMBERS.
R  INDICATES RECORD WAS SET OR TIED.
MM INDICATES DATA IS MISSING.
T  INDICATES TRACE AMOUNT.




$$
