180
CDUS43 KLMK 050631
CLILEX


CLIMATE REPORT
NATIONAL WEATHER SERVICE LOUISVILLE KY
130 AM EST FRI FEB 5 2016


...................................

...THE LEXINGTON KY CLIMATE SUMMARY FOR FEBRUARY 4 2016...

CLIMATE NORMAL PERIOD 1981 TO 2010
CLIMATE RECORD PERIOD 1872 TO 2016


WEATHER ITEM   OBSERVED TIME   RECORD YEAR NORMAL DEPARTURE LAST
                VALUE   (LST)  VALUE       VALUE  FROM      YEAR
                                                  NORMAL
..................................................................
TEMPERATURE (F)
 YESTERDAY
  MAXIMUM         37    146 AM  70    1962  43     -6       52
                                      1890
  MINIMUM         26   1159 PM -10    1996  26      0       28
  AVERAGE         32                        34     -2       40

PRECIPITATION (IN)
  YESTERDAY        0.00          1.85 1997   0.12  -0.12      T
  MONTH TO DATE    1.38                      0.47   0.91     0.58
  SINCE DEC 1      9.83                      7.60   2.23     5.73
  SINCE JAN 1      2.62                      3.67  -1.05     2.43

SNOWFALL (IN)
  YESTERDAY        0.0          11.0  1998   0.2   -0.2       T
  MONTH TO DATE    0.0                       0.8   -0.8       T
  SINCE DEC 1      9.6                       7.2    2.4      5.9
  SINCE JUL 1      9.6                       7.5    2.1      7.5
  SNOW DEPTH       0

DEGREE DAYS
 HEATING
  YESTERDAY       33                        31      2       25
  MONTH TO DATE   74                       124    -50      117
  SINCE DEC 1   1592                      2020   -428     1972
  SINCE JUL 1   2278                      2907   -629     2979

 COOLING
  YESTERDAY        0                         0      0        0
  MONTH TO DATE    0                         0      0        0
  SINCE DEC 1      0                         0      0        0
  SINCE JAN 1      0                         0      0        0
..................................................................


WIND (MPH)
  HIGHEST WIND SPEED    14   HIGHEST WIND DIRECTION     W (290)
  HIGHEST GUST SPEED    20   HIGHEST GUST DIRECTION     W (280)
  AVERAGE WIND SPEED     7.8


SKY COVER
  POSSIBLE SUNSHINE  MM
  AVERAGE SKY COVER 0.8


WEATHER CONDITIONS
 THE FOLLOWING WEATHER WAS RECORDED YESTERDAY.
  NO SIGNIFICANT WEATHER WAS OBSERVED.


RELATIVE HUMIDITY (PERCENT)
 HIGHEST    75          1200 AM
 LOWEST     56           200 PM
 AVERAGE    66

..........................................................


THE LEXINGTON KY CLIMATE NORMALS FOR TODAY
                         NORMAL    RECORD    YEAR
 MAXIMUM TEMPERATURE (F)   43        68      1927
 MINIMUM TEMPERATURE (F)   26        -7      1917


SUNRISE AND SUNSET
FEBRUARY  5 2016......SUNRISE   740 AM EST   SUNSET   605 PM EST
FEBRUARY  6 2016......SUNRISE   739 AM EST   SUNSET   607 PM EST


-  INDICATES NEGATIVE NUMBERS.
R  INDICATES RECORD WAS SET OR TIED.
MM INDICATES DATA IS MISSING.
T  INDICATES TRACE AMOUNT.




$$
