000
CDUS43 KLMK 282034
CLILEX


CLIMATE REPORT
NATIONAL WEATHER SERVICE LOUISVILLE KY
433 PM EDT TUE OCT 28 2014


...................................

...THE LEXINGTON KY CLIMATE SUMMARY FOR OCTOBER 28 2014...
VALID TODAY AS OF 0400 PM LOCAL TIME.

CLIMATE NORMAL PERIOD 1981 TO 2010
CLIMATE RECORD PERIOD 1872 TO 2014


WEATHER ITEM   OBSERVED TIME   RECORD YEAR NORMAL DEPARTURE LAST
                VALUE   (LST)  VALUE       VALUE  FROM      YEAR
                                                  NORMAL
..................................................................
TEMPERATURE (F)
 TODAY
  MAXIMUM         77   1137 AM  85    1940  63     14       63
  MINIMUM         64    340 AM  20    1976  43     21       43
  AVERAGE         71                        53     18       53

PRECIPITATION (IN)
  TODAY            0.20          1.20 1984   0.11   0.09     0.00
  MONTH TO DATE    3.92                      2.81   1.11     4.59
  SINCE SEP 1      8.27                      5.72   2.55     6.22
  SINCE JAN 1     48.00                     37.39  10.61    49.86

SNOWFALL (IN)
  TODAY            0.0           0.5  1925   0.0    0.0      0.0
                                      1910
  MONTH TO DATE    0.0                       0.0    0.0       T
  SINCE SEP 1      0.0                       0.0    0.0       T
  SINCE JUL 1      0.0                       0.0    0.0       T
  SNOW DEPTH       0

DEGREE DAYS
 HEATING
  TODAY            0                        12    -12       12
  MONTH TO DATE  167                       233    -66      247
  SINCE SEP 1    195                       285    -90      264
  SINCE JUL 1    197                       287    -90      267

 COOLING
  TODAY            6                         0      6        0
  MONTH TO DATE   33                        23     10       44
  SINCE SEP 1    199                       169     30      207
  SINCE JAN 1   1280                      1186     94     1245
..................................................................


WIND (MPH)
  HIGHEST WIND SPEED    26   HIGHEST WIND DIRECTION    SW (210)
  HIGHEST GUST SPEED    33   HIGHEST GUST DIRECTION    SW (210)
  AVERAGE WIND SPEED    14.0


SKY COVER
  POSSIBLE SUNSHINE  MM
  AVERAGE SKY COVER 0.2


WEATHER CONDITIONS
 THE FOLLOWING WEATHER WAS RECORDED TODAY.
  HEAVY RAIN
  LIGHT RAIN
  FOG
  HAZE


RELATIVE HUMIDITY (PERCENT)
 HIGHEST    81           100 PM
 LOWEST     57           100 AM
 AVERAGE    69

..........................................................


THE LEXINGTON KY CLIMATE NORMALS FOR TOMORROW
                         NORMAL    RECORD    YEAR
 MAXIMUM TEMPERATURE (F)   63        81      1971
 MINIMUM TEMPERATURE (F)   43        21      1925
                                             1873


SUNRISE AND SUNSET
OCTOBER 28 2014.......SUNRISE   800 AM EDT   SUNSET   644 PM EDT
OCTOBER 29 2014.......SUNRISE   801 AM EDT   SUNSET   643 PM EDT


-  INDICATES NEGATIVE NUMBERS.
R  INDICATES RECORD WAS SET OR TIED.
MM INDICATES DATA IS MISSING.
T  INDICATES TRACE AMOUNT.




$$
