642
CDUS43 KLMK 252029
CLILEX


CLIMATE REPORT
NATIONAL WEATHER SERVICE LOUISVILLE KY
428 PM EDT SUN SEP 25 2016


...................................

...THE LEXINGTON KY CLIMATE SUMMARY FOR SEPTEMBER 25 2016...
VALID TODAY AS OF 0400 PM LOCAL TIME.

CLIMATE NORMAL PERIOD 1981 TO 2010
CLIMATE RECORD PERIOD 1872 TO 2016


WEATHER ITEM   OBSERVED TIME   RECORD YEAR NORMAL DEPARTURE LAST
                VALUE   (LST)  VALUE       VALUE  FROM      YEAR
                                                  NORMAL
..................................................................
TEMPERATURE (F)
 TODAY
  MAXIMUM         91    129 PM  93    2007  75     16       73
  MINIMUM         67    643 AM  35    1965  54     13       60
  AVERAGE         79                        64     15       67

PRECIPITATION (IN)
  TODAY            0.00          2.96 1970   0.10  -0.10     0.37
  MONTH TO DATE    0.65                      2.41  -1.76     1.35
  SINCE SEP 1      0.65                      2.41  -1.76     1.35
  SINCE JAN 1     35.02                     34.08   0.94    44.64

SNOWFALL (IN)
  TODAY            0.0          MM      MM   0.0    0.0      0.0
  MONTH TO DATE    0.0                       0.0    0.0      0.0
  SINCE SEP 1      0.0                       0.0    0.0      0.0
  SINCE JUL 1      0.0                       0.0    0.0      0.0
  SNOW DEPTH       0

DEGREE DAYS
 HEATING
  TODAY            0                         3     -3        0
  MONTH TO DATE    0                        30    -30       15
  SINCE SEP 1      0                        30    -30       15
  SINCE JUL 1      0                        32    -32       15

 COOLING
  TODAY           14                         3     11        2
  MONTH TO DATE  271                       133    138      178
  SINCE SEP 1    271                       133    138      178
  SINCE JAN 1   1547                      1150    397     1239
..................................................................


WIND (MPH)
  HIGHEST WIND SPEED     9   HIGHEST WIND DIRECTION    NW (320)
  HIGHEST GUST SPEED    12   HIGHEST GUST DIRECTION     N (350)
  AVERAGE WIND SPEED     4.9


SKY COVER
  POSSIBLE SUNSHINE  MM
  AVERAGE SKY COVER 0.1


WEATHER CONDITIONS
 THE FOLLOWING WEATHER WAS RECORDED TODAY.
  NO SIGNIFICANT WEATHER WAS OBSERVED.


RELATIVE HUMIDITY (PERCENT)
 HIGHEST    87           500 AM
 LOWEST     43           300 PM
 AVERAGE    65

..........................................................


THE LEXINGTON KY CLIMATE NORMALS FOR TOMORROW
                         NORMAL    RECORD    YEAR
 MAXIMUM TEMPERATURE (F)   75        90      1939
                                             1900
 MINIMUM TEMPERATURE (F)   53        38      2001
                                             1940


SUNRISE AND SUNSET
SEPTEMBER 25 2016.....SUNRISE   729 AM EDT   SUNSET   730 PM EDT
SEPTEMBER 26 2016.....SUNRISE   730 AM EDT   SUNSET   728 PM EDT


-  INDICATES NEGATIVE NUMBERS.
R  INDICATES RECORD WAS SET OR TIED.
MM INDICATES DATA IS MISSING.
T  INDICATES TRACE AMOUNT.




$$
