000
CDUS43 KLMK 272035
CLILEX


CLIMATE REPORT
NATIONAL WEATHER SERVICE LOUISVILLE KY
433 PM EDT THU APR 27 2017


...................................

...THE LEXINGTON KY CLIMATE SUMMARY FOR APRIL 27 2017...
VALID TODAY AS OF 0400 PM LOCAL TIME.

CLIMATE NORMAL PERIOD 1981 TO 2010
CLIMATE RECORD PERIOD 1872 TO 2017


WEATHER ITEM   OBSERVED TIME   RECORD YEAR NORMAL DEPARTURE LAST
                VALUE   (LST)  VALUE       VALUE  FROM      YEAR
                                                  NORMAL
..................................................................
TEMPERATURE (F)
 TODAY
  MAXIMUM         75   1226 PM  87    1986  69      6       69
  MINIMUM         64    612 AM  32    1996  48     16       60
                                      1976
  AVERAGE         70                        59     11       65

PRECIPITATION (IN)
  TODAY            T             1.52 2011   0.14  -0.14     0.95
  MONTH TO DATE    1.65                      3.20  -1.55     2.79
  SINCE MAR 1      4.93                      7.27  -2.34     5.58
  SINCE JAN 1     13.03                     13.67  -0.64    11.28

SNOWFALL (IN)
  TODAY            0.0           0.0    MM   0.0    0.0      0.0
  MONTH TO DATE    0.0                       0.3   -0.3       T
  SINCE MAR 1      T                         1.7   -1.7      0.7
  SINCE JUL 1      3.4                      13.0   -9.6     15.3
  SNOW DEPTH       0

DEGREE DAYS
 HEATING
  TODAY            0                         7     -7        0
  MONTH TO DATE  127                       292   -165      254
  SINCE MAR 1    657                       897   -240      648
  SINCE JUL 1   3367                      4468  -1101     3619

 COOLING
  TODAY            5                         1      4        0
  MONTH TO DATE   50                        18     32       22
  SINCE MAR 1     55                        20     35       25
  SINCE JAN 1     59                        20     39       25
..................................................................


WIND (MPH)
  HIGHEST WIND SPEED    28   HIGHEST WIND DIRECTION    SW (220)
  HIGHEST GUST SPEED    37   HIGHEST GUST DIRECTION    SW (240)
  AVERAGE WIND SPEED    14.3


SKY COVER
  POSSIBLE SUNSHINE  MM
  AVERAGE SKY COVER 0.6


WEATHER CONDITIONS
 THE FOLLOWING WEATHER WAS RECORDED TODAY.
  LIGHT RAIN


RELATIVE HUMIDITY (PERCENT)
 HIGHEST    78           600 AM
 LOWEST     53          1200 PM
 AVERAGE    66

..........................................................


THE LEXINGTON KY CLIMATE NORMALS FOR TOMORROW
                         NORMAL    RECORD    YEAR
 MAXIMUM TEMPERATURE (F)   70        86      1957
 MINIMUM TEMPERATURE (F)   49        28      1976


SUNRISE AND SUNSET
APRIL 27 2017.........SUNRISE   647 AM EDT   SUNSET   826 PM EDT
APRIL 28 2017.........SUNRISE   645 AM EDT   SUNSET   827 PM EDT


-  INDICATES NEGATIVE NUMBERS.
R  INDICATES RECORD WAS SET OR TIED.
MM INDICATES DATA IS MISSING.
T  INDICATES TRACE AMOUNT.




$$
