000
CDUS43 KLMK 220631
CLILEX


CLIMATE REPORT
NATIONAL WEATHER SERVICE LOUISVILLE KY
230 AM EDT FRI MAY 22 2015


...................................

...THE LEXINGTON KY CLIMATE SUMMARY FOR MAY 21 2015...

CLIMATE NORMAL PERIOD 1981 TO 2010
CLIMATE RECORD PERIOD 1872 TO 2015


WEATHER ITEM   OBSERVED TIME   RECORD YEAR NORMAL DEPARTURE LAST
                VALUE   (LST)  VALUE       VALUE  FROM      YEAR
                                                  NORMAL
..................................................................
TEMPERATURE (F)
 YESTERDAY
  MAXIMUM         57   1248 AM  92    1941  76    -19       84
  MINIMUM         44   1159 PM  37    2002  55    -11       63
  AVERAGE         51                        66    -15       74

PRECIPITATION (IN)
  YESTERDAY        T             2.11 2010   0.17  -0.17     1.38
  MONTH TO DATE    0.91                      3.54  -2.63     4.73
  SINCE MAR 1     19.78                     11.21   8.57    13.61
  SINCE JAN 1     24.63                     17.61   7.02    20.65

SNOWFALL (IN)
  YESTERDAY        0.0          MM      MM   0.0    0.0      0.0
  MONTH TO DATE    0.0                       0.0    0.0      0.0
  SINCE MAR 1     17.1                       1.7   15.4      7.8
  SINCE JUL 1     40.0                      13.0   27.0     27.1
  SNOW DEPTH       0

DEGREE DAYS
 HEATING
  YESTERDAY       14                         3     11        0
  MONTH TO DATE   51                        91    -40       90
  SINCE MAR 1    960                      1009    -49     1012
  SINCE JUL 1   4938                      4580    358     4855

 COOLING
  YESTERDAY        0                         3     -3        9
  MONTH TO DATE   94                        42     52       75
  SINCE MAR 1    106                        64     42       90
  SINCE JAN 1    106                        64     42       90
..................................................................


WIND (MPH)
  HIGHEST WIND SPEED    14   HIGHEST WIND DIRECTION    NW (330)
  HIGHEST GUST SPEED    19   HIGHEST GUST DIRECTION    NW (330)
  AVERAGE WIND SPEED     7.3


SKY COVER
  POSSIBLE SUNSHINE  MM
  AVERAGE SKY COVER 0.9


WEATHER CONDITIONS
 THE FOLLOWING WEATHER WAS RECORDED YESTERDAY.
  LIGHT RAIN
  FOG
  HAZE


RELATIVE HUMIDITY (PERCENT)
 HIGHEST    93           600 AM
 LOWEST     61           600 PM
 AVERAGE    77

..........................................................


THE LEXINGTON KY CLIMATE NORMALS FOR TODAY
                         NORMAL    RECORD    YEAR
 MAXIMUM TEMPERATURE (F)   76        96      1941
 MINIMUM TEMPERATURE (F)   56        37      2002


SUNRISE AND SUNSET
MAY 22 2015...........SUNRISE   623 AM EDT   SUNSET   848 PM EDT
MAY 23 2015...........SUNRISE   622 AM EDT   SUNSET   849 PM EDT


-  INDICATES NEGATIVE NUMBERS.
R  INDICATES RECORD WAS SET OR TIED.
MM INDICATES DATA IS MISSING.
T  INDICATES TRACE AMOUNT.




$$
