000
CDUS43 KLMK 240629
CLILEX


CLIMATE REPORT
NATIONAL WEATHER SERVICE LOUISVILLE KY
128 AM EST FRI FEB 24 2017


...................................

...THE LEXINGTON KY CLIMATE SUMMARY FOR FEBRUARY 23 2017...

CLIMATE NORMAL PERIOD 1981 TO 2010
CLIMATE RECORD PERIOD 1872 TO 2017


WEATHER ITEM   OBSERVED TIME   RECORD YEAR NORMAL DEPARTURE LAST
                VALUE   (LST)  VALUE       VALUE  FROM      YEAR
                                                  NORMAL
..................................................................
TEMPERATURE (F)
 YESTERDAY
  MAXIMUM         69    454 PM  80    1996  48     21       60
  MINIMUM         54    534 AM   1    1873  30     24       34
  AVERAGE         62                        39     23       47

PRECIPITATION (IN)
  YESTERDAY        T             2.99 1909   0.12  -0.12     0.19
  MONTH TO DATE    1.61                      2.61  -1.00     3.70
  SINCE DEC 1     12.50                      9.74   2.76    12.15
  SINCE JAN 1      6.32                      5.81   0.51     4.94

SNOWFALL (IN)
  YESTERDAY        0.0           3.0  1907   0.2   -0.2      0.0
  MONTH TO DATE    T                         4.1   -4.1      5.0
  SINCE DEC 1      3.4                      10.5   -7.1     14.6
  SINCE JUL 1      3.4                      10.8   -7.4     14.6
  SNOW DEPTH       0

DEGREE DAYS
 HEATING
  YESTERDAY        3                        26    -23       18
  MONTH TO DATE  433                       662   -229      642
  SINCE DEC 1   2051                      2558   -507     2160
  SINCE JUL 1   2637                      3445   -808     2846

 COOLING
  YESTERDAY        0                         0      0        0
  MONTH TO DATE    0                         0      0        0
  SINCE DEC 1      0                         0      0        0
  SINCE JAN 1      0                         0      0        0
..................................................................


WIND (MPH)
  HIGHEST WIND SPEED    15   HIGHEST WIND DIRECTION    SW (220)
  HIGHEST GUST SPEED    17   HIGHEST GUST DIRECTION    SW (220)
  AVERAGE WIND SPEED     8.0


SKY COVER
  POSSIBLE SUNSHINE  MM
  AVERAGE SKY COVER 0.7


WEATHER CONDITIONS
 THE FOLLOWING WEATHER WAS RECORDED YESTERDAY.
  FOG


RELATIVE HUMIDITY (PERCENT)
 HIGHEST    93           500 AM
 LOWEST     61           400 PM
 AVERAGE    77

..........................................................


THE LEXINGTON KY CLIMATE NORMALS FOR TODAY
                         NORMAL    RECORD    YEAR
 MAXIMUM TEMPERATURE (F)   48        71      1944
 MINIMUM TEMPERATURE (F)   30         1      1967


SUNRISE AND SUNSET
FEBRUARY 24 2017......SUNRISE   717 AM EST   SUNSET   627 PM EST
FEBRUARY 25 2017......SUNRISE   715 AM EST   SUNSET   628 PM EST


-  INDICATES NEGATIVE NUMBERS.
R  INDICATES RECORD WAS SET OR TIED.
MM INDICATES DATA IS MISSING.
T  INDICATES TRACE AMOUNT.

$$

SCHOETTMER
