000
CDUS43 KLMK 150640
CLILEX


CLIMATE REPORT
NATIONAL WEATHER SERVICE LOUISVILLE KY
137 AM EST SUN JAN 15 2017


...................................

...THE LEXINGTON KY CLIMATE SUMMARY FOR JANUARY 14 2017...

CLIMATE NORMAL PERIOD 1981 TO 2010
CLIMATE RECORD PERIOD 1872 TO 2017


WEATHER ITEM   OBSERVED TIME   RECORD YEAR NORMAL DEPARTURE LAST
                VALUE   (LST)  VALUE       VALUE  FROM      YEAR
                                                  NORMAL
..................................................................
TEMPERATURE (F)
 YESTERDAY
  MAXIMUM         45    201 PM  68    1932  41      4       57
  MINIMUM         38    209 AM  -2    1964  25     13       28
  AVERAGE         42                        33      9       43

PRECIPITATION (IN)
  YESTERDAY        0.40          2.61 1951   0.10   0.30     0.00
  MONTH TO DATE    2.10                      1.44   0.66     0.48
  SINCE DEC 1      8.28                      5.37   2.91     7.69
  SINCE JAN 1      2.10                      1.44   0.66     0.48

SNOWFALL (IN)
  YESTERDAY        0.0           3.6  1918   0.1   -0.1      0.0
  MONTH TO DATE    2.5                       1.6    0.9      0.3
  SINCE DEC 1      2.6                       4.1   -1.5      0.3
  SINCE JUL 1      2.6                       4.4   -1.8      0.3
  SNOW DEPTH       0

DEGREE DAYS
 HEATING
  YESTERDAY       23                        32     -9       22
  MONTH TO DATE  407                       448    -41      437
  SINCE DEC 1   1264                      1349    -85      933
  SINCE JUL 1   1850                      2236   -386     1619

 COOLING
  YESTERDAY        0                         0      0        0
  MONTH TO DATE    0                         0      0        0
  SINCE DEC 1      0                         0      0        0
  SINCE JAN 1      0                         0      0        0
..................................................................


WIND (MPH)
  HIGHEST WIND SPEED    10   HIGHEST WIND DIRECTION    NW (330)
  HIGHEST GUST SPEED    13   HIGHEST GUST DIRECTION     W (280)
  AVERAGE WIND SPEED     4.6


SKY COVER
  POSSIBLE SUNSHINE  MM
  AVERAGE SKY COVER 1.0


WEATHER CONDITIONS
 THE FOLLOWING WEATHER WAS RECORDED YESTERDAY.
  HEAVY RAIN
  RAIN
  LIGHT RAIN
  FOG
  FOG W/VISIBILITY <= 1/4 MILE


RELATIVE HUMIDITY (PERCENT)
 HIGHEST   100           200 AM
 LOWEST     89           500 PM
 AVERAGE    95

..........................................................


THE LEXINGTON KY CLIMATE NORMALS FOR TODAY
                         NORMAL    RECORD    YEAR
 MAXIMUM TEMPERATURE (F)   41        68      1950
 MINIMUM TEMPERATURE (F)   25       -11      1893


SUNRISE AND SUNSET
JANUARY 15 2017.......SUNRISE   753 AM EST   SUNSET   543 PM EST
JANUARY 16 2017.......SUNRISE   753 AM EST   SUNSET   544 PM EST


-  INDICATES NEGATIVE NUMBERS.
R  INDICATES RECORD WAS SET OR TIED.
MM INDICATES DATA IS MISSING.
T  INDICATES TRACE AMOUNT.




$$
