000
CDUS43 KLMK 220633
CLILEX


CLIMATE REPORT
NATIONAL WEATHER SERVICE LOUISVILLE KY
231 AM EDT TUE APR 22 2014


...................................

...THE LEXINGTON KY CLIMATE SUMMARY FOR APRIL 21 2014...

CLIMATE NORMAL PERIOD 1981 TO 2010
CLIMATE RECORD PERIOD 1872 TO 2014


WEATHER ITEM   OBSERVED TIME   RECORD YEAR NORMAL DEPARTURE LAST
                VALUE   (LST)  VALUE       VALUE  FROM      YEAR
                                                  NORMAL
..................................................................
TEMPERATURE (F)
 YESTERDAY
  MAXIMUM         80    201 PM  86    1963  68     12       60
  MINIMUM         50    321 AM  26    1875  46      4       34
  AVERAGE         65                        57      8       47

PRECIPITATION (IN)
  YESTERDAY        0.00          2.50 1972   0.12  -0.12     0.00
  MONTH TO DATE    2.00                      2.40  -0.40     3.08
  SINCE MAR 1      4.89                      6.47  -1.58     8.43
  SINCE JAN 1     11.93                     12.87  -0.94    14.41

SNOWFALL (IN)
  YESTERDAY        0.0           1.0  1901   0.0    0.0      0.0
  MONTH TO DATE    0.3                       0.3    0.0      0.0
  SINCE MAR 1      7.8                       1.7    6.1      4.0
  SINCE JUL 1     27.1                      13.0   14.1     12.5
  SNOW DEPTH       0

DEGREE DAYS
 HEATING
  YESTERDAY        0                         9     -9       18
  MONTH TO DATE  168                       245    -77      210
  SINCE MAR 1    884                       850     34      993
  SINCE JUL 1   4727                      4421    306     4501

 COOLING
  YESTERDAY        0                         1     -1        0
  MONTH TO DATE   11                        12     -1       30
  SINCE MAR 1     11                        14     -3       30
  SINCE JAN 1     11                        14     -3       30
..................................................................


WIND (MPH)
  HIGHEST WIND SPEED    12   HIGHEST WIND DIRECTION    SW (210)
  HIGHEST GUST SPEED    18   HIGHEST GUST DIRECTION    SW (210)
  AVERAGE WIND SPEED     7.0


SKY COVER
  POSSIBLE SUNSHINE  MM
  AVERAGE SKY COVER 0.1


WEATHER CONDITIONS
 THE FOLLOWING WEATHER WAS RECORDED YESTERDAY.
  NO SIGNIFICANT WEATHER WAS OBSERVED.


RELATIVE HUMIDITY (PERCENT)
 HIGHEST    71           400 AM
 LOWEST     30           100 PM
 AVERAGE    51

..........................................................


THE LEXINGTON KY CLIMATE NORMALS FOR TODAY
                         NORMAL    RECORD    YEAR
 MAXIMUM TEMPERATURE (F)   68        85      1987
                                             1985
                                             1944
 MINIMUM TEMPERATURE (F)   47        26      1875


SUNRISE AND SUNSET
APRIL 22 2014.........SUNRISE   653 AM EDT   SUNSET   821 PM EDT
APRIL 23 2014.........SUNRISE   652 AM EDT   SUNSET   822 PM EDT


-  INDICATES NEGATIVE NUMBERS.
R  INDICATES RECORD WAS SET OR TIED.
MM INDICATES DATA IS MISSING.
T  INDICATES TRACE AMOUNT.




$$
