000
CDUS43 KLMK 132033
CLILEX


CLIMATE REPORT
NATIONAL WEATHER SERVICE LOUISVILLE KY
430 PM EDT SUN APR 13 2014


...................................

...THE LEXINGTON KY CLIMATE SUMMARY FOR APRIL 13 2014...
VALID TODAY AS OF 0400 PM LOCAL TIME.

CLIMATE NORMAL PERIOD 1981 TO 2010
CLIMATE RECORD PERIOD 1872 TO 2014


WEATHER ITEM   OBSERVED TIME   RECORD YEAR NORMAL DEPARTURE LAST
                VALUE   (LST)  VALUE       VALUE  FROM      YEAR
                                                  NORMAL
..................................................................
TEMPERATURE (F)
 TODAY
  MAXIMUM         83    258 PM  84    1941  65     18       62
                                      1906
  MINIMUM         64    728 AM  23    1939  44     20       34
  AVERAGE         74                        54     20       48

PRECIPITATION (IN)
  TODAY            0.00          2.39 1923   0.11  -0.11     0.00
  MONTH TO DATE    1.63                      1.46   0.17     1.19
  SINCE MAR 1      4.52                      5.53  -1.01     6.54
  SINCE JAN 1     11.56                     11.93  -0.37    12.52

SNOWFALL (IN)
  TODAY            0.0           0.3  1950   0.0    0.0      0.0
  MONTH TO DATE    0.0                       0.2   -0.2      0.0
  SINCE MAR 1      7.5                       1.6    5.9      4.0
  SINCE JUL 1     26.8                      12.9   13.9     12.5
  SNOW DEPTH       0

DEGREE DAYS
 HEATING
  TODAY            0                        11    -11       17
  MONTH TO DATE   86                       167    -81      152
  SINCE MAR 1    802                       772     30      935
  SINCE JUL 1   4645                      4343    302     4443

 COOLING
  TODAY            9                         1      8        0
  MONTH TO DATE   11                         4      7       15
  SINCE MAR 1     11                         6      5       15
  SINCE JAN 1     11                         6      5       15
..................................................................


WIND (MPH)
  HIGHEST WIND SPEED    30   HIGHEST WIND DIRECTION    SW (210)
  HIGHEST GUST SPEED    39   HIGHEST GUST DIRECTION     S (200)
  AVERAGE WIND SPEED    16.1


SKY COVER
  POSSIBLE SUNSHINE  MM
  AVERAGE SKY COVER 0.0


WEATHER CONDITIONS
 THE FOLLOWING WEATHER WAS RECORDED TODAY.
  NO SIGNIFICANT WEATHER WAS OBSERVED.


RELATIVE HUMIDITY (PERCENT)
 HIGHEST    63           400 AM
 LOWEST     26           300 PM
 AVERAGE    45

..........................................................


THE LEXINGTON KY CLIMATE NORMALS FOR TOMORROW
                         NORMAL    RECORD    YEAR
 MAXIMUM TEMPERATURE (F)   65        84      1977
 MINIMUM TEMPERATURE (F)   44        24      1907


SUNRISE AND SUNSET
APRIL 13 2014.........SUNRISE   706 AM EDT   SUNSET   813 PM EDT
APRIL 14 2014.........SUNRISE   704 AM EDT   SUNSET   813 PM EDT


-  INDICATES NEGATIVE NUMBERS.
R  INDICATES RECORD WAS SET OR TIED.
MM INDICATES DATA IS MISSING.
T  INDICATES TRACE AMOUNT.




$$
