000
CDUS43 KLMK 200630
CLILEX


CLIMATE REPORT
NATIONAL WEATHER SERVICE LOUISVILLE KY
229 AM EDT THU JUL 20 2017


...................................

...THE LEXINGTON KY CLIMATE SUMMARY FOR JULY 19 2017...

CLIMATE NORMAL PERIOD 1981 TO 2010
CLIMATE RECORD PERIOD 1872 TO 2017


WEATHER ITEM   OBSERVED TIME   RECORD YEAR NORMAL DEPARTURE LAST
                VALUE   (LST)  VALUE       VALUE  FROM      YEAR
                                                  NORMAL
..................................................................
TEMPERATURE (F)
 YESTERDAY
  MAXIMUM         90    426 PM  99    1980  86      4       91
  MINIMUM         69    535 AM  53    1984  67      2       69
  AVERAGE         80                        76      4       80

PRECIPITATION (IN)
  YESTERDAY        0.00          2.47 1989   0.15  -0.15     0.00
  MONTH TO DATE    3.23                      2.84   0.39     2.93
  SINCE JUN 1      9.01                      7.28   1.73     7.49
  SINCE JAN 1     27.87                     26.61   1.26    25.78

SNOWFALL (IN)
  YESTERDAY        0.0          MM      MM   0.0    0.0      0.0
  MONTH TO DATE    0.0                       0.0    0.0      0.0
  SINCE JUN 1      0.0                       0.0    0.0      0.0
  SINCE JUL 1      0.0                       0.0    0.0      0.0
  SNOW DEPTH       0

DEGREE DAYS
 HEATING
  YESTERDAY        0                         0      0        0
  MONTH TO DATE    0                         0      0        0
  SINCE JUN 1      5                        11     -6        1
  SINCE JUL 1      0                         0      0        0

 COOLING
  YESTERDAY       15                        11      4       15
  MONTH TO DATE  233                       209     24      230
  SINCE JUN 1    476                       451     25      543
  SINCE JAN 1    673                       558    115      657
..................................................................


WIND (MPH)
  HIGHEST WIND SPEED    12   HIGHEST WIND DIRECTION     W (250)
  HIGHEST GUST SPEED    16   HIGHEST GUST DIRECTION    NW (310)
  AVERAGE WIND SPEED     3.3


SKY COVER
  POSSIBLE SUNSHINE  MM
  AVERAGE SKY COVER 0.1


WEATHER CONDITIONS
 THE FOLLOWING WEATHER WAS RECORDED YESTERDAY.
  FOG
  HAZE


RELATIVE HUMIDITY (PERCENT)
 HIGHEST    90           400 AM
 LOWEST     38           300 PM
 AVERAGE    64

..........................................................


THE LEXINGTON KY CLIMATE NORMALS FOR TODAY
                         NORMAL    RECORD    YEAR
 MAXIMUM TEMPERATURE (F)   86        99      1954
 MINIMUM TEMPERATURE (F)   67        52      1947
                                             1929


SUNRISE AND SUNSET
JULY 20 2017..........SUNRISE   632 AM EDT   SUNSET   857 PM EDT
JULY 21 2017..........SUNRISE   633 AM EDT   SUNSET   857 PM EDT


-  INDICATES NEGATIVE NUMBERS.
R  INDICATES RECORD WAS SET OR TIED.
MM INDICATES DATA IS MISSING.
T  INDICATES TRACE AMOUNT.




$$
