000
CDUS43 KLMK 220641
CLILEX


CLIMATE REPORT
NATIONAL WEATHER SERVICE LOUISVILLE KY
141 AM EST MON JAN 22 2018


...................................

...THE LEXINGTON KY CLIMATE SUMMARY FOR JANUARY 21 2018...

CLIMATE NORMAL PERIOD 1981 TO 2010
CLIMATE RECORD PERIOD 1872 TO 2018


WEATHER ITEM   OBSERVED TIME   RECORD YEAR NORMAL DEPARTURE LAST
                VALUE   (LST)  VALUE       VALUE  FROM      YEAR
                                                  NORMAL
..................................................................
TEMPERATURE (F)
 YESTERDAY
  MAXIMUM         59    530 PM  72    1906  41     18       64
  MINIMUM         48    539 AM -17    1984  25     23       51
  AVERAGE         54                        33     21       58

PRECIPITATION (IN)
  YESTERDAY        T             2.53 1933   0.10  -0.10     0.00
  MONTH TO DATE    0.99                      2.16  -1.17     4.09
  SINCE DEC 1      3.36                      6.09  -2.73    10.27
  SINCE JAN 1      0.99                      2.16  -1.17     4.09

SNOWFALL (IN)
  YESTERDAY        0.0           2.0  2014   0.1   -0.1      0.0
  MONTH TO DATE    6.1                       2.5    3.6      2.5
  SINCE DEC 1      6.3                       5.0    1.3      2.6
  SINCE JUL 1      6.3                       5.3    1.0      2.6
  SNOW DEPTH       0

DEGREE DAYS
 HEATING
  YESTERDAY       11                        32    -21        7
  MONTH TO DATE  807                       672    135      513
  SINCE DEC 1   1731                      1573    158     1370
  SINCE JUL 1   2511                      2460     51     1956

 COOLING
  YESTERDAY        0                         0      0        0
  MONTH TO DATE    0                         0      0        0
  SINCE DEC 1      0                         0      0        0
  SINCE JAN 1      0                         0      0        0
..................................................................


WIND (MPH)
  HIGHEST WIND SPEED    15   HIGHEST WIND DIRECTION    SW (210)
  HIGHEST GUST SPEED    19   HIGHEST GUST DIRECTION     S (170)
  AVERAGE WIND SPEED     9.4


SKY COVER
  POSSIBLE SUNSHINE  MM
  AVERAGE SKY COVER 0.9


WEATHER CONDITIONS
 THE FOLLOWING WEATHER WAS RECORDED YESTERDAY.
  LIGHT RAIN


RELATIVE HUMIDITY (PERCENT)
 HIGHEST    77           100 PM
 LOWEST     61           100 AM
 AVERAGE    69

..........................................................


THE LEXINGTON KY CLIMATE NORMALS FOR TODAY
                         NORMAL    RECORD    YEAR
 MAXIMUM TEMPERATURE (F)   41        73      1999
 MINIMUM TEMPERATURE (F)   25        -6      2014


SUNRISE AND SUNSET
JANUARY 22 2018.......SUNRISE   750 AM EST   SUNSET   550 PM EST
JANUARY 23 2018.......SUNRISE   749 AM EST   SUNSET   551 PM EST


-  INDICATES NEGATIVE NUMBERS.
R  INDICATES RECORD WAS SET OR TIED.
MM INDICATES DATA IS MISSING.
T  INDICATES TRACE AMOUNT.




$$
