000
CDUS43 KLMK 180626
CLILEX


CLIMATE REPORT
NATIONAL WEATHER SERVICE LOUISVILLE KY
126 AM EST THU DEC 18 2014


...................................

...THE LEXINGTON KY CLIMATE SUMMARY FOR DECEMBER 17 2014...

CLIMATE NORMAL PERIOD 1981 TO 2010
CLIMATE RECORD PERIOD 1872 TO 2014


WEATHER ITEM   OBSERVED TIME   RECORD YEAR NORMAL DEPARTURE LAST
                VALUE   (LST)  VALUE       VALUE  FROM      YEAR
                                                  NORMAL
..................................................................
TEMPERATURE (F)
 YESTERDAY
  MAXIMUM         37   1243 AM  71    1984  43     -6       43
  MINIMUM         27    956 PM  -6    1989  27      0       28
  AVERAGE         32                        35     -3       36

PRECIPITATION (IN)
  YESTERDAY        0.00          1.43 1915   0.12  -0.12     0.01
  MONTH TO DATE    2.65                      2.22   0.43     2.95
  SINCE DEC 1      2.65                      2.22   0.43     2.95
  SINCE JAN 1     53.56                     43.46  10.10    56.90

SNOWFALL (IN)
  YESTERDAY        0.0           2.8  1887   0.1   -0.1       T
  MONTH TO DATE    T                         1.1   -1.1      0.6
  SINCE DEC 1      T                         1.1   -1.1      0.6
  SINCE JUL 1      1.6                       1.4    0.2      2.0
  SNOW DEPTH       0

DEGREE DAYS
 HEATING
  YESTERDAY       33                        30      3       29
  MONTH TO DATE  423                       467    -44      474
  SINCE DEC 1    423                       467    -44      474
  SINCE JUL 1   1430                      1354     76     1401

 COOLING
  YESTERDAY        0                         0      0        0
  MONTH TO DATE    0                         0      0        0
  SINCE DEC 1      0                         0      0        0
  SINCE JAN 1   1274                      1190     84     1245
..................................................................


WIND (MPH)
  HIGHEST WIND SPEED    16   HIGHEST WIND DIRECTION     W (270)
  HIGHEST GUST SPEED    20   HIGHEST GUST DIRECTION     W (290)
  AVERAGE WIND SPEED     8.5


SKY COVER
  POSSIBLE SUNSHINE  MM
  AVERAGE SKY COVER 0.9


WEATHER CONDITIONS
 THE FOLLOWING WEATHER WAS RECORDED YESTERDAY.
  FOG


RELATIVE HUMIDITY (PERCENT)
 HIGHEST   100           100 AM
 LOWEST     70           300 PM
 AVERAGE    85

..........................................................


THE LEXINGTON KY CLIMATE NORMALS FOR TODAY
                         NORMAL    RECORD    YEAR
 MAXIMUM TEMPERATURE (F)   43        67      1924
 MINIMUM TEMPERATURE (F)   27        -1      1989


SUNRISE AND SUNSET
DECEMBER 18 2014......SUNRISE   749 AM EST   SUNSET   521 PM EST
DECEMBER 19 2014......SUNRISE   750 AM EST   SUNSET   521 PM EST


-  INDICATES NEGATIVE NUMBERS.
R  INDICATES RECORD WAS SET OR TIED.
MM INDICATES DATA IS MISSING.
T  INDICATES TRACE AMOUNT.




$$
