000
CDUS43 KLMK 190630
CLILEX


CLIMATE REPORT
NATIONAL WEATHER SERVICE LOUISVILLE KY
227 AM EDT SUN OCT 19 2014


...................................

...THE LEXINGTON KY CLIMATE SUMMARY FOR OCTOBER 18 2014...

CLIMATE NORMAL PERIOD 1981 TO 2010
CLIMATE RECORD PERIOD 1872 TO 2014


WEATHER ITEM   OBSERVED TIME   RECORD YEAR NORMAL DEPARTURE LAST
                VALUE   (LST)  VALUE       VALUE  FROM      YEAR
                                                  NORMAL
..................................................................
TEMPERATURE (F)
 YESTERDAY
  MAXIMUM         59    306 AM  87    1938  67     -8       65
  MINIMUM         49   1159 PM  24    1948  46      3       40
  AVERAGE         54                        56     -2       53

PRECIPITATION (IN)
  YESTERDAY        0.01          2.46 2004   0.10  -0.09     0.00
  MONTH TO DATE    3.66                      1.76   1.90     4.34
  SINCE SEP 1      8.01                      4.67   3.34     5.97
  SINCE JAN 1     47.74                     36.34  11.40    49.61

SNOWFALL (IN)
  YESTERDAY        0.0           0.0    MM   0.0    0.0      0.0
  MONTH TO DATE    0.0                       0.0    0.0      0.0
  SINCE SEP 1      0.0                       0.0    0.0      0.0
  SINCE JUL 1      0.0                       0.0    0.0      0.0
  SNOW DEPTH       0

DEGREE DAYS
 HEATING
  YESTERDAY       11                         9      2       12
  MONTH TO DATE   87                       126    -39       62
  SINCE SEP 1    115                       178    -63       79
  SINCE JUL 1    117                       180    -63       82

 COOLING
  YESTERDAY        0                         1     -1        0
  MONTH TO DATE   25                        22      3       44
  SINCE SEP 1    191                       168     23      207
  SINCE JAN 1   1272                      1185     87     1245
..................................................................


WIND (MPH)
  HIGHEST WIND SPEED    20   HIGHEST WIND DIRECTION    NW (320)
  HIGHEST GUST SPEED    27   HIGHEST GUST DIRECTION    NW (320)
  AVERAGE WIND SPEED     7.9


SKY COVER
  POSSIBLE SUNSHINE  MM
  AVERAGE SKY COVER 1.0


WEATHER CONDITIONS
 THE FOLLOWING WEATHER WAS RECORDED YESTERDAY.
  LIGHT RAIN


RELATIVE HUMIDITY (PERCENT)
 HIGHEST    83           800 PM
 LOWEST     61           300 PM
 AVERAGE    72

..........................................................


THE LEXINGTON KY CLIMATE NORMALS FOR TODAY
                         NORMAL    RECORD    YEAR
 MAXIMUM TEMPERATURE (F)   67        84      2005
                                             1963
                                             1953
 MINIMUM TEMPERATURE (F)   46        26      1992


SUNRISE AND SUNSET
OCTOBER 19 2014.......SUNRISE   751 AM EDT   SUNSET   655 PM EDT
OCTOBER 20 2014.......SUNRISE   752 AM EDT   SUNSET   654 PM EDT


-  INDICATES NEGATIVE NUMBERS.
R  INDICATES RECORD WAS SET OR TIED.
MM INDICATES DATA IS MISSING.
T  INDICATES TRACE AMOUNT.




$$
