000
CDUS43 KLMK 240628
CLILEX


CLIMATE REPORT
NATIONAL WEATHER SERVICE LOUISVILLE KY
228 AM EDT FRI MAR 24 2017


...................................

...THE LEXINGTON KY CLIMATE SUMMARY FOR MARCH 23 2017...

CLIMATE NORMAL PERIOD 1981 TO 2010
CLIMATE RECORD PERIOD 1872 TO 2017


WEATHER ITEM   OBSERVED TIME   RECORD YEAR NORMAL DEPARTURE LAST
                VALUE   (LST)  VALUE       VALUE  FROM      YEAR
                                                  NORMAL
..................................................................
TEMPERATURE (F)
 YESTERDAY
  MAXIMUM         65    421 PM  82    1907  58      7       68
  MINIMUM         29    449 AM  15    1888  38     -9       51
  AVERAGE         47                        48     -1       60

PRECIPITATION (IN)
  YESTERDAY        0.00          1.02 1979   0.14  -0.14     0.00
  MONTH TO DATE    1.45                      3.00  -1.55     2.07
  SINCE MAR 1      1.45                      3.00  -1.55     2.07
  SINCE JAN 1      9.55                      9.40   0.15     7.77

SNOWFALL (IN)
  YESTERDAY        0.0           2.0  1896   0.1   -0.1      0.0
  MONTH TO DATE    T                         1.2   -1.2      0.7
  SINCE MAR 1      T                         1.2   -1.2      0.7
  SINCE JUL 1      3.4                      12.5   -9.1     15.3
  SNOW DEPTH       0

DEGREE DAYS
 HEATING
  YESTERDAY       18                        17      1        5
  MONTH TO DATE  499                       478     21      307
  SINCE MAR 1    499                       478     21      307
  SINCE JUL 1   3209                      4049   -840     3278

 COOLING
  YESTERDAY        0                         0      0        0
  MONTH TO DATE    0                         0      0        1
  SINCE MAR 1      0                         0      0        1
  SINCE JAN 1      4                         0      4        1
..................................................................


WIND (MPH)
  HIGHEST WIND SPEED    15   HIGHEST WIND DIRECTION     E (90)
  HIGHEST GUST SPEED    19   HIGHEST GUST DIRECTION     S (180)
  AVERAGE WIND SPEED     8.4


SKY COVER
  POSSIBLE SUNSHINE  MM
  AVERAGE SKY COVER 0.2


WEATHER CONDITIONS
 THE FOLLOWING WEATHER WAS RECORDED YESTERDAY.
  NO SIGNIFICANT WEATHER WAS OBSERVED.


RELATIVE HUMIDITY (PERCENT)
 HIGHEST    63          1200 AM
 LOWEST     26          1200 PM
 AVERAGE    45

..........................................................


THE LEXINGTON KY CLIMATE NORMALS FOR TODAY
                         NORMAL    RECORD    YEAR
 MAXIMUM TEMPERATURE (F)   58        85      1910
 MINIMUM TEMPERATURE (F)   38        14      1896


SUNRISE AND SUNSET
MARCH 24 2017.........SUNRISE   735 AM EDT   SUNSET   754 PM EDT
MARCH 25 2017.........SUNRISE   734 AM EDT   SUNSET   755 PM EDT


-  INDICATES NEGATIVE NUMBERS.
R  INDICATES RECORD WAS SET OR TIED.
MM INDICATES DATA IS MISSING.
T  INDICATES TRACE AMOUNT.




$$
