000
CDUS43 KLMK 262032
CLILEX


CLIMATE REPORT
NATIONAL WEATHER SERVICE LOUISVILLE KY
430 PM EDT SUN OCT 26 2014


...................................

...THE LEXINGTON KY CLIMATE SUMMARY FOR OCTOBER 26 2014...
VALID TODAY AS OF 0400 PM LOCAL TIME.

CLIMATE NORMAL PERIOD 1981 TO 2010
CLIMATE RECORD PERIOD 1872 TO 2014


WEATHER ITEM   OBSERVED TIME   RECORD YEAR NORMAL DEPARTURE LAST
                VALUE   (LST)  VALUE       VALUE  FROM      YEAR
                                                  NORMAL
..................................................................
TEMPERATURE (F)
 TODAY
  MAXIMUM         72    256 PM  87    1940  64      8       55
  MINIMUM         48    736 AM  23    1962  44      4       30
  AVERAGE         60                        54      6       43

PRECIPITATION (IN)
  TODAY            0.00          1.92 1920   0.11  -0.11     0.00
  MONTH TO DATE    3.72                      2.60   1.12     4.59
  SINCE SEP 1      8.07                      5.51   2.56     6.22
  SINCE JAN 1     47.80                     37.18  10.62    49.86

SNOWFALL (IN)
  TODAY            0.0           0.2  1898   0.0    0.0      0.0
  MONTH TO DATE    0.0                       0.0    0.0       T
  SINCE SEP 1      0.0                       0.0    0.0       T
  SINCE JUL 1      0.0                       0.0    0.0       T
  SNOW DEPTH       0

DEGREE DAYS
 HEATING
  TODAY            5                        11     -6       22
  MONTH TO DATE  168                       209    -41      218
  SINCE SEP 1    196                       261    -65      235
  SINCE JUL 1    198                       263    -65      238

 COOLING
  TODAY            0                         0      0        0
  MONTH TO DATE   25                        23      2       44
  SINCE SEP 1    191                       169     22      207
  SINCE JAN 1   1272                      1186     86     1245
..................................................................


WIND (MPH)
  HIGHEST WIND SPEED    10   HIGHEST WIND DIRECTION     W (280)
  HIGHEST GUST SPEED    13   HIGHEST GUST DIRECTION     W (280)
  AVERAGE WIND SPEED     4.0


SKY COVER
  POSSIBLE SUNSHINE  MM
  AVERAGE SKY COVER 0.0


WEATHER CONDITIONS
 THE FOLLOWING WEATHER WAS RECORDED TODAY.
  NO SIGNIFICANT WEATHER WAS OBSERVED.


RELATIVE HUMIDITY (PERCENT)
 HIGHEST    78          1200 AM
 LOWEST     27           200 PM
 AVERAGE    53

..........................................................


THE LEXINGTON KY CLIMATE NORMALS FOR TOMORROW
                         NORMAL    RECORD    YEAR
 MAXIMUM TEMPERATURE (F)   64        87      1940
 MINIMUM TEMPERATURE (F)   44        25      1962
                                             1942


SUNRISE AND SUNSET
OCTOBER 26 2014.......SUNRISE   758 AM EDT   SUNSET   646 PM EDT
OCTOBER 27 2014.......SUNRISE   759 AM EDT   SUNSET   645 PM EDT


-  INDICATES NEGATIVE NUMBERS.
R  INDICATES RECORD WAS SET OR TIED.
MM INDICATES DATA IS MISSING.
T  INDICATES TRACE AMOUNT.




$$
