734
CDUS43 KLMK 200629
CLILEX


CLIMATE REPORT
NATIONAL WEATHER SERVICE LOUISVILLE KY
128 AM EST MON FEB 20 2017


...................................

...THE LEXINGTON KY CLIMATE SUMMARY FOR FEBRUARY 19 2017...

CLIMATE NORMAL PERIOD 1981 TO 2010
CLIMATE RECORD PERIOD 1872 TO 2017


WEATHER ITEM   OBSERVED TIME   RECORD YEAR NORMAL DEPARTURE LAST
                VALUE   (LST)  VALUE       VALUE  FROM      YEAR
                                                  NORMAL
..................................................................
TEMPERATURE (F)
 YESTERDAY
  MAXIMUM         60    456 PM  75    1939  47     13       66
  MINIMUM         39   1158 PM  -8    2015  29     10       40
  AVERAGE         50                        38     12       53

PRECIPITATION (IN)
  YESTERDAY        0.01          1.26 1924   0.12  -0.11     0.00
  MONTH TO DATE    1.48                      2.15  -0.67     2.81
  SINCE DEC 1     12.37                      9.28   3.09    11.26
  SINCE JAN 1      6.19                      5.35   0.84     4.05

SNOWFALL (IN)
  YESTERDAY        0.0           8.0  1921   0.1   -0.1      0.0
  MONTH TO DATE    T                         3.5   -3.5      5.0
  SINCE DEC 1      3.4                       9.9   -6.5     14.6
  SINCE JUL 1      3.4                      10.2   -6.8     14.6
  SNOW DEPTH       0

DEGREE DAYS
 HEATING
  YESTERDAY       15                        27    -12       12
  MONTH TO DATE  415                       556   -141      586
  SINCE DEC 1   2033                      2452   -419     2104
  SINCE JUL 1   2619                      3339   -720     2790

 COOLING
  YESTERDAY        0                         0      0        0
  MONTH TO DATE    0                         0      0        0
  SINCE DEC 1      0                         0      0        0
  SINCE JAN 1      0                         0      0        0
..................................................................


WIND (MPH)
  HIGHEST WIND SPEED     9   HIGHEST WIND DIRECTION     E (70)
  HIGHEST GUST SPEED    13   HIGHEST GUST DIRECTION     W (260)
  AVERAGE WIND SPEED     5.1


SKY COVER
  POSSIBLE SUNSHINE  MM
  AVERAGE SKY COVER 0.7


WEATHER CONDITIONS
 THE FOLLOWING WEATHER WAS RECORDED YESTERDAY.
  LIGHT RAIN
  FOG
  FOG W/VISIBILITY <= 1/4 MILE


RELATIVE HUMIDITY (PERCENT)
 HIGHEST    93          1200 AM
 LOWEST     64           500 PM
 AVERAGE    79

..........................................................


THE LEXINGTON KY CLIMATE NORMALS FOR TODAY
                         NORMAL    RECORD    YEAR
 MAXIMUM TEMPERATURE (F)   47        72      2016
                                             1997
                                             1891
 MINIMUM TEMPERATURE (F)   29       -18      2015


SUNRISE AND SUNSET
FEBRUARY 20 2017......SUNRISE   722 AM EST   SUNSET   623 PM EST
FEBRUARY 21 2017......SUNRISE   721 AM EST   SUNSET   624 PM EST


-  INDICATES NEGATIVE NUMBERS.
R  INDICATES RECORD WAS SET OR TIED.
MM INDICATES DATA IS MISSING.
T  INDICATES TRACE AMOUNT.




$$
