000
CDUS43 KLMK 230417
CLILEX


CLIMATE REPORT
NATIONAL WEATHER SERVICE LOUISVILLE KY
1207 AM EDT TUE AUG 23 2016


...................................

...THE LEXINGTON KY CLIMATE SUMMARY FOR AUGUST 22 2016...
VALID TODAY AS OF 1200 AM LOCAL TIME.

CLIMATE NORMAL PERIOD 1981 TO 2010
CLIMATE RECORD PERIOD 1872 TO 2016


WEATHER ITEM   OBSERVED TIME   RECORD YEAR NORMAL DEPARTURE LAST
                VALUE   (LST)  VALUE       VALUE  FROM      YEAR
                                                  NORMAL
..................................................................
TEMPERATURE (F)
 TODAY
  MAXIMUM         81    304 PM 104    1936  86     -5       85
  MINIMUM         58    626 AM  49    1950  65     -7       60
  AVERAGE         70                        75     -5       73

PRECIPITATION (IN)
  TODAY            0.00          2.18 1900   0.10  -0.10     0.00
  MONTH TO DATE    6.53                      2.41   4.12     1.51
  SINCE JUN 1     16.07                     11.50   4.57    16.81
  SINCE JAN 1     34.36                     30.83   3.53    42.60

SNOWFALL (IN)
  TODAY            0.0          MM      MM   0.0    0.0      0.0
  MONTH TO DATE    0.0                       0.0    0.0      0.0
  SINCE JUN 1      0.0                       0.0    0.0      0.0
  SINCE JUL 1      0.0                       0.0    0.0      0.0
  SNOW DEPTH       0

DEGREE DAYS
 HEATING
  TODAY            0                         0      0        0
  MONTH TO DATE    0                         0      0        0
  SINCE JUN 1      1                        11    -10       18
  SINCE JUL 1      0                         0      0        0

 COOLING
  TODAY            5                        10     -5        8
  MONTH TO DATE  298                       237     61      196
  SINCE JUN 1   1028                       826    202      834
  SINCE JAN 1   1142                       933    209     1002
..................................................................


WIND (MPH)
  HIGHEST WIND SPEED     9   HIGHEST WIND DIRECTION    NE (40)
  HIGHEST GUST SPEED    11   HIGHEST GUST DIRECTION    NE (30)
  AVERAGE WIND SPEED     2.4


SKY COVER
  POSSIBLE SUNSHINE  MM
  AVERAGE SKY COVER 0.0


WEATHER CONDITIONS
 THE FOLLOWING WEATHER WAS RECORDED TODAY.
  NO SIGNIFICANT WEATHER WAS OBSERVED.


RELATIVE HUMIDITY (PERCENT)
 HIGHEST    90          1200 AM
 LOWEST     39           200 PM
 AVERAGE    65

..........................................................


THE LEXINGTON KY CLIMATE NORMALS FOR TOMORROW
                         NORMAL    RECORD    YEAR
 MAXIMUM TEMPERATURE (F)   85        97      2007
 MINIMUM TEMPERATURE (F)   65        51      1997
                                             1952
                                             1923


SUNRISE AND SUNSET
AUGUST 22 2016........SUNRISE   700 AM EDT   SUNSET   822 PM EDT
AUGUST 23 2016........SUNRISE   701 AM EDT   SUNSET   820 PM EDT


-  INDICATES NEGATIVE NUMBERS.
R  INDICATES RECORD WAS SET OR TIED.
MM INDICATES DATA IS MISSING.
T  INDICATES TRACE AMOUNT.




$$
