000
CDUS43 KLMK 252133
CLILEX


CLIMATE REPORT
NATIONAL WEATHER SERVICE LOUISVILLE KY
431 PM EST WED FEB 25 2015


...................................

...THE LEXINGTON KY CLIMATE SUMMARY FOR FEBRUARY 25 2015...
VALID TODAY AS OF 0400 PM LOCAL TIME.

CLIMATE NORMAL PERIOD 1981 TO 2010
CLIMATE RECORD PERIOD 1872 TO 2015


WEATHER ITEM   OBSERVED TIME   RECORD YEAR NORMAL DEPARTURE LAST
                VALUE   (LST)  VALUE       VALUE  FROM      YEAR
                                                  NORMAL
..................................................................
TEMPERATURE (F)
 TODAY
  MAXIMUM         35    346 PM  74    2000  49    -14       40
  MINIMUM         22    841 AM  -4    1900  31     -9       26
  AVERAGE         29                        40    -11       33

PRECIPITATION (IN)
  TODAY            0.00          1.57 1972   0.12  -0.12      T
  MONTH TO DATE    3.00                      2.85   0.15     4.71
  SINCE DEC 1      8.15                      9.98  -1.83    12.60
  SINCE JAN 1      4.85                      6.05  -1.20     7.02

SNOWFALL (IN)
  TODAY            0.0           5.8  1993   0.1   -0.1       T
  MONTH TO DATE   15.4                       4.3   11.1      8.3
  SINCE DEC 1     21.3                      10.7   10.6     17.5
  SINCE JUL 1     22.9                      11.0   11.9     18.9
  SNOW DEPTH       3

DEGREE DAYS
 HEATING
  TODAY           36                        25     11       32
  MONTH TO DATE  985                       713    272      791
  SINCE DEC 1   2840                      2609    231     2798
  SINCE JUL 1   3847                      3496    351     3725

 COOLING
  TODAY            0                         0      0        0
  MONTH TO DATE    0                         0      0        0
  SINCE DEC 1      0                         0      0        0
  SINCE JAN 1      0                         0      0        0
..................................................................


WIND (MPH)
  HIGHEST WIND SPEED    13   HIGHEST WIND DIRECTION    SW (220)
  HIGHEST GUST SPEED    17   HIGHEST GUST DIRECTION    SW (220)
  AVERAGE WIND SPEED     5.6


SKY COVER
  POSSIBLE SUNSHINE  MM
  AVERAGE SKY COVER 0.4


WEATHER CONDITIONS
 THE FOLLOWING WEATHER WAS RECORDED TODAY.
  NO SIGNIFICANT WEATHER WAS OBSERVED.


RELATIVE HUMIDITY (PERCENT)
 HIGHEST    68           600 AM
 LOWEST     55           100 AM
 AVERAGE    62

..........................................................


THE LEXINGTON KY CLIMATE NORMALS FOR TOMORROW
                         NORMAL    RECORD    YEAR
 MAXIMUM TEMPERATURE (F)   49        76      1944
 MINIMUM TEMPERATURE (F)   31         0      1967


SUNRISE AND SUNSET
FEBRUARY 25 2015......SUNRISE   716 AM EST   SUNSET   627 PM EST
FEBRUARY 26 2015......SUNRISE   715 AM EST   SUNSET   628 PM EST


-  INDICATES NEGATIVE NUMBERS.
R  INDICATES RECORD WAS SET OR TIED.
MM INDICATES DATA IS MISSING.
T  INDICATES TRACE AMOUNT.




$$
