000
CDUS43 KLMK 210629
CLILEX


CLIMATE REPORT
NATIONAL WEATHER SERVICE LOUISVILLE KY
229 AM EDT THU JUL 21 2016


...................................

...THE LEXINGTON KY CLIMATE SUMMARY FOR JULY 20 2016...

CLIMATE NORMAL PERIOD 1981 TO 2010
CLIMATE RECORD PERIOD 1872 TO 2016


WEATHER ITEM   OBSERVED TIME   RECORD YEAR NORMAL DEPARTURE LAST
                VALUE   (LST)  VALUE       VALUE  FROM      YEAR
                                                  NORMAL
..................................................................
TEMPERATURE (F)
 YESTERDAY
  MAXIMUM         92    240 PM  99    1954  86      6       87
  MINIMUM         70   1155 PM  52    1947  67      3       70
                                      1929
  AVERAGE         81                        76      5       79

PRECIPITATION (IN)
  YESTERDAY        T             4.38 1998   0.15  -0.15     0.06
  MONTH TO DATE    2.93                      2.99  -0.06     8.59
  SINCE JUN 1      7.49                      7.43   0.06    14.23
  SINCE JAN 1     25.78                     26.76  -0.98    40.02

SNOWFALL (IN)
  YESTERDAY        0.0          MM      MM   0.0    0.0      0.0
  MONTH TO DATE    0.0                       0.0    0.0      0.0
  SINCE JUN 1      0.0                       0.0    0.0      0.0
  SINCE JUL 1      0.0                       0.0    0.0      0.0
  SNOW DEPTH       0

DEGREE DAYS
 HEATING
  YESTERDAY        0                         0      0        0
  MONTH TO DATE    0                         0      0        0
  SINCE JUN 1      1                        11    -10       18
  SINCE JUL 1      0                         0      0        0

 COOLING
  YESTERDAY       16                        11      5       14
  MONTH TO DATE  246                       220     26      217
  SINCE JUN 1    559                       462     97      506
  SINCE JAN 1    673                       569    104      674
..................................................................


WIND (MPH)
  HIGHEST WIND SPEED    17   HIGHEST WIND DIRECTION    NW (320)
  HIGHEST GUST SPEED    24   HIGHEST GUST DIRECTION     N (360)
  AVERAGE WIND SPEED     3.4


SKY COVER
  POSSIBLE SUNSHINE  MM
  AVERAGE SKY COVER 0.2


WEATHER CONDITIONS
 THE FOLLOWING WEATHER WAS RECORDED YESTERDAY.
  THUNDERSTORM
  LIGHT RAIN


RELATIVE HUMIDITY (PERCENT)
 HIGHEST    90          1000 PM
 LOWEST     46           300 PM
 AVERAGE    68

..........................................................


THE LEXINGTON KY CLIMATE NORMALS FOR TODAY
                         NORMAL    RECORD    YEAR
 MAXIMUM TEMPERATURE (F)   86       100      1934
 MINIMUM TEMPERATURE (F)   66        53      1970
                                             1966
                                             1944


SUNRISE AND SUNSET
JULY 21 2016..........SUNRISE   633 AM EDT   SUNSET   857 PM EDT
JULY 22 2016..........SUNRISE   633 AM EDT   SUNSET   856 PM EDT


-  INDICATES NEGATIVE NUMBERS.
R  INDICATES RECORD WAS SET OR TIED.
MM INDICATES DATA IS MISSING.
T  INDICATES TRACE AMOUNT.




$$
