000
CDUS43 KLMK 270645
CLILEX


CLIMATE REPORT
NATIONAL WEATHER SERVICE LOUISVILLE KY
245 AM EDT WED APR 27 2016


...................................

...THE LEXINGTON KY CLIMATE SUMMARY FOR APRIL 26 2016...

CLIMATE NORMAL PERIOD 1981 TO 2010
CLIMATE RECORD PERIOD 1872 TO 2016


WEATHER ITEM   OBSERVED TIME   RECORD YEAR NORMAL DEPARTURE LAST
                VALUE   (LST)  VALUE       VALUE  FROM      YEAR
                                                  NORMAL
..................................................................
TEMPERATURE (F)
 YESTERDAY
  MAXIMUM         84    359 PM  88    1938  69     15       62
                                      1935
  MINIMUM         61   1159 PM  30    1919  48     13       42
  AVERAGE         73                        58     15       52

PRECIPITATION (IN)
  YESTERDAY        0.54          2.28 1912   0.13   0.41     0.01
  MONTH TO DATE    1.84                      3.06  -1.22    11.24
  SINCE MAR 1      4.63                      7.13  -2.50    18.70
  SINCE JAN 1     10.33                     13.53  -3.20    23.55

SNOWFALL (IN)
  YESTERDAY        0.0           0.0    MM   0.0    0.0      0.0
  MONTH TO DATE    T                         0.3   -0.3      0.0
  SINCE MAR 1      0.7                       1.7   -1.0     17.1
  SINCE JUL 1     15.3                      13.0    2.3     40.0
  SNOW DEPTH       0

DEGREE DAYS
 HEATING
  YESTERDAY        0                         7     -7       13
  MONTH TO DATE  254                       285    -31      208
  SINCE MAR 1    648                       890   -242      857
  SINCE JUL 1   3619                      4461   -842     4835

 COOLING
  YESTERDAY        8                         1      7        0
  MONTH TO DATE   22                        17      5       12
  SINCE MAR 1     25                        19      6       12
  SINCE JAN 1     25                        19      6       12
..................................................................


WIND (MPH)
  HIGHEST WIND SPEED    37   HIGHEST WIND DIRECTION    NW (320)
  HIGHEST GUST SPEED    51   HIGHEST GUST DIRECTION    NW (310)
  AVERAGE WIND SPEED    10.5


SKY COVER
  POSSIBLE SUNSHINE  MM
  AVERAGE SKY COVER 0.5


WEATHER CONDITIONS
 THE FOLLOWING WEATHER WAS RECORDED YESTERDAY.
  THUNDERSTORM
  HEAVY RAIN
  RAIN
  LIGHT RAIN
  FOG
  HAZE


RELATIVE HUMIDITY (PERCENT)
 HIGHEST    73           900 PM
 LOWEST     46           400 PM
 AVERAGE    60

..........................................................


THE LEXINGTON KY CLIMATE NORMALS FOR TODAY
                         NORMAL    RECORD    YEAR
 MAXIMUM TEMPERATURE (F)   69        87      1986
 MINIMUM TEMPERATURE (F)   48        32      1996
                                             1976


SUNRISE AND SUNSET
APRIL 27 2016.........SUNRISE   646 AM EDT   SUNSET   826 PM EDT
APRIL 28 2016.........SUNRISE   645 AM EDT   SUNSET   827 PM EDT


-  INDICATES NEGATIVE NUMBERS.
R  INDICATES RECORD WAS SET OR TIED.
MM INDICATES DATA IS MISSING.
T  INDICATES TRACE AMOUNT.




$$
