000
CDUS43 KLMK 100648
CLILEX


CLIMATE REPORT
NATIONAL WEATHER SERVICE LOUISVILLE KY
148 AM EST SUN DEC 10 2017


...................................

...THE LEXINGTON KY CLIMATE SUMMARY FOR DECEMBER 9 2017...

CLIMATE NORMAL PERIOD 1981 TO 2010
CLIMATE RECORD PERIOD 1872 TO 2017


WEATHER ITEM   OBSERVED TIME   RECORD YEAR NORMAL DEPARTURE LAST
                VALUE   (LST)  VALUE       VALUE  FROM      YEAR
                                                  NORMAL
..................................................................
TEMPERATURE (F)
 YESTERDAY
  MAXIMUM         33   1214 PM  68    1952  45    -12       25
  MINIMUM         19    752 AM  -9    1917  29    -10       21
  AVERAGE         26                        37    -11       23

PRECIPITATION (IN)
  YESTERDAY        0.01          1.53 1966   0.14  -0.13      T
  MONTH TO DATE    0.72                      1.18  -0.46     0.86
  SINCE DEC 1      0.72                      1.18  -0.46     0.86
  SINCE JAN 1     47.52                     42.42   5.10    39.07

SNOWFALL (IN)
  YESTERDAY        0.2           1.3  1961   0.1    0.1      0.1
  MONTH TO DATE    0.2                       0.5   -0.3      0.1
  SINCE DEC 1      0.2                       0.5   -0.3      0.1
  SINCE JUL 1      0.2                       0.8   -0.6      0.1
  SNOW DEPTH       0

DEGREE DAYS
 HEATING
  YESTERDAY       39                        28     11       42
  MONTH TO DATE  235                       237     -2      248
  SINCE DEC 1    235                       237     -2      248
  SINCE JUL 1   1015                      1124   -109      834

 COOLING
  YESTERDAY        0                         0      0        0
  MONTH TO DATE    0                         0      0        0
  SINCE DEC 1      0                         0      0        0
  SINCE JAN 1   1290                      1190    100     1640
..................................................................


WIND (MPH)
  HIGHEST WIND SPEED    18   HIGHEST WIND DIRECTION    SW (240)
  HIGHEST GUST SPEED    28   HIGHEST GUST DIRECTION    SW (240)
  AVERAGE WIND SPEED    10.4


SKY COVER
  POSSIBLE SUNSHINE  MM
  AVERAGE SKY COVER 0.6


WEATHER CONDITIONS
 THE FOLLOWING WEATHER WAS RECORDED YESTERDAY.
  LIGHT SNOW
  FOG
  HAZE


RELATIVE HUMIDITY (PERCENT)
 HIGHEST    85           600 PM
 LOWEST     49          1200 PM
 AVERAGE    67

..........................................................


THE LEXINGTON KY CLIMATE NORMALS FOR TODAY
                         NORMAL    RECORD    YEAR
 MAXIMUM TEMPERATURE (F)   45        72      1971
 MINIMUM TEMPERATURE (F)   29        -9      1917


SUNRISE AND SUNSET
DECEMBER 10 2017......SUNRISE   744 AM EST   SUNSET   519 PM EST
DECEMBER 11 2017......SUNRISE   745 AM EST   SUNSET   519 PM EST


-  INDICATES NEGATIVE NUMBERS.
R  INDICATES RECORD WAS SET OR TIED.
MM INDICATES DATA IS MISSING.
T  INDICATES TRACE AMOUNT.




$$
