000
CDUS43 KLMK 202027 RRB
CLILEX

CLIMATE REPORT
NATIONAL WEATHER SERVICE LOUISVILLE KY
426 PM EDT FRI OCT 20 2017


...................................

...THE LEXINGTON KY CLIMATE SUMMARY FOR OCTOBER 20 2017...
VALID TODAY AS OF 0400 PM LOCAL TIME.

CLIMATE NORMAL PERIOD 1981 TO 2010
CLIMATE RECORD PERIOD 1872 TO 2017


WEATHER ITEM   OBSERVED TIME   RECORD YEAR NORMAL DEPARTURE LAST
                VALUE   (LST)  VALUE       VALUE  FROM      YEAR
                                                  NORMAL
..................................................................
TEMPERATURE (F)
 TODAY
  MAXIMUM         76    209 PM  86    1963  66     10       71
  MINIMUM         46    724 AM  25    1972  45      1       54
  AVERAGE         61                        56      5       63

PRECIPITATION (IN)
  TODAY            0.00          1.75 1993   0.09  -0.09     0.51
  MONTH TO DATE    4.07                      1.96   2.11     0.65
  SINCE SEP 1      7.81                      4.87   2.94     2.32
  SINCE JAN 1     42.75                     36.54   6.21    36.69

SNOWFALL (IN)
  TODAY            0.0           T    1992   0.0    0.0      0.0
                                      1989
                                      1916
  MONTH TO DATE    0.0                       0.0    0.0      0.0
  SINCE SEP 1      0.0                       0.0    0.0      0.0
  SINCE JUL 1      0.0                       0.0    0.0      0.0
  SNOW DEPTH       0

DEGREE DAYS
 HEATING
  TODAY            4                        10     -6        2
  MONTH TO DATE   54                       145    -91       38
  SINCE SEP 1     89                       197   -108       55
  SINCE JUL 1     89                       199   -110       55

 COOLING
  TODAY            0                         0      0        0
  MONTH TO DATE   57                        23     34       70
  SINCE SEP 1    201                       169     32      341
  SINCE JAN 1   1282                      1186     96     1617
..................................................................


WIND (MPH)
  HIGHEST WIND SPEED     8   HIGHEST WIND DIRECTION     S (160)
  HIGHEST GUST SPEED    12   HIGHEST GUST DIRECTION    SE (150)
  AVERAGE WIND SPEED     3.8


SKY COVER
  POSSIBLE SUNSHINE  MM
  AVERAGE SKY COVER 0.0


WEATHER CONDITIONS
 THE FOLLOWING WEATHER WAS RECORDED TODAY.
  NO SIGNIFICANT WEATHER WAS OBSERVED.


RELATIVE HUMIDITY (PERCENT)
 HIGHEST    86          1200 AM
 LOWEST     44           100 PM
 AVERAGE    65

..........................................................


THE LEXINGTON KY CLIMATE NORMALS FOR TOMORROW
                         NORMAL    RECORD    YEAR
 MAXIMUM TEMPERATURE (F)   66        85      1953
 MINIMUM TEMPERATURE (F)   45        24      1952


SUNRISE AND SUNSET
OCTOBER 20 2017.......SUNRISE   752 AM EDT   SUNSET   654 PM EDT
OCTOBER 21 2017.......SUNRISE   753 AM EDT   SUNSET   652 PM EDT


-  INDICATES NEGATIVE NUMBERS.
R  INDICATES RECORD WAS SET OR TIED.
MM INDICATES DATA IS MISSING.
T  INDICATES TRACE AMOUNT.




$$
