000
CDUS43 KLMK 260629
CLILEX


CLIMATE REPORT
NATIONAL WEATHER SERVICE LOUISVILLE KY
128 AM EST MON JAN 26 2015


...................................

...THE LEXINGTON KY CLIMATE SUMMARY FOR JANUARY 25 2015...

CLIMATE NORMAL PERIOD 1981 TO 2010
CLIMATE RECORD PERIOD 1872 TO 2015


WEATHER ITEM   OBSERVED TIME   RECORD YEAR NORMAL DEPARTURE LAST
                VALUE   (LST)  VALUE       VALUE  FROM      YEAR
                                                  NORMAL
..................................................................
TEMPERATURE (F)
 YESTERDAY
  MAXIMUM         44    502 PM  76    1950  41      3       36
  MINIMUM         32   1234 AM  -6    1905  25      7       15
                                      1897
                                      1894
  AVERAGE         38                        33      5       26

PRECIPITATION (IN)
  YESTERDAY        0.26          1.18 1933   0.10   0.16     0.10
  MONTH TO DATE    1.78                      2.56  -0.78     2.31
  SINCE DEC 1      5.08                      6.49  -1.41     7.89
  SINCE JAN 1      1.78                      2.56  -0.78     2.31

SNOWFALL (IN)
  YESTERDAY        0.0           7.8  1907   0.1   -0.1      4.1
  MONTH TO DATE    5.0                       3.0    2.0      8.6
  SINCE DEC 1      5.0                       5.5   -0.5      9.2
  SINCE JUL 1      6.6                       5.8    0.8     10.6
  SNOW DEPTH       2

DEGREE DAYS
 HEATING
  YESTERDAY       27                        32     -5       39
  MONTH TO DATE  839                       800     39      922
  SINCE DEC 1   1650                      1701    -51     1753
  SINCE JUL 1   2657                      2588     69     2680

 COOLING
  YESTERDAY        0                         0      0        0
  MONTH TO DATE    0                         0      0        0
  SINCE DEC 1      0                         0      0        0
  SINCE JAN 1      0                         0      0        0
..................................................................


WIND (MPH)
  HIGHEST WIND SPEED    16   HIGHEST WIND DIRECTION     S (160)
  HIGHEST GUST SPEED    20   HIGHEST GUST DIRECTION     S (170)
  AVERAGE WIND SPEED     8.0


SKY COVER
  POSSIBLE SUNSHINE  MM
  AVERAGE SKY COVER 0.5


WEATHER CONDITIONS
 THE FOLLOWING WEATHER WAS RECORDED YESTERDAY.
  RAIN
  LIGHT RAIN
  FOG


RELATIVE HUMIDITY (PERCENT)
 HIGHEST   100          1000 PM
 LOWEST     70           300 PM
 AVERAGE    85

..........................................................


THE LEXINGTON KY CLIMATE NORMALS FOR TODAY
                         NORMAL    RECORD    YEAR
 MAXIMUM TEMPERATURE (F)   41        71      1944
 MINIMUM TEMPERATURE (F)   25        -7      1940


SUNRISE AND SUNSET
JANUARY 26 2015.......SUNRISE   748 AM EST   SUNSET   555 PM EST
JANUARY 27 2015.......SUNRISE   747 AM EST   SUNSET   556 PM EST


-  INDICATES NEGATIVE NUMBERS.
R  INDICATES RECORD WAS SET OR TIED.
MM INDICATES DATA IS MISSING.
T  INDICATES TRACE AMOUNT.




$$
