000
CDUS43 KLMK 302027 RRC
CLILEX

CLIMATE REPORT
NATIONAL WEATHER SERVICE LOUISVILLE KY
426 PM EDT TUE AUG 30 2016


...................................

...THE LEXINGTON KY CLIMATE SUMMARY FOR AUGUST 30 2016...
VALID TODAY AS OF 0400 PM LOCAL TIME.

CLIMATE NORMAL PERIOD 1981 TO 2010
CLIMATE RECORD PERIOD 1872 TO 2016


WEATHER ITEM   OBSERVED TIME   RECORD YEAR NORMAL DEPARTURE LAST
                VALUE   (LST)  VALUE       VALUE  FROM      YEAR
                                                  NORMAL
..................................................................
TEMPERATURE (F)
 TODAY
  MAXIMUM         92    251 PM  97    1953  84      8       86
  MINIMUM         70    356 AM  47    1946  63      7       67
  AVERAGE         81                        74      7       77

PRECIPITATION (IN)
  TODAY            0.00          2.88 1982   0.09  -0.09     0.00
  MONTH TO DATE    6.53                      3.16   3.37     2.20
  SINCE JUN 1     16.07                     12.25   3.82    17.50
  SINCE JAN 1     34.36                     31.58   2.78    43.29

SNOWFALL (IN)
  TODAY            0.0          MM      MM   0.0    0.0      0.0
  MONTH TO DATE    0.0                       0.0    0.0      0.0
  SINCE JUN 1      0.0                       0.0    0.0      0.0
  SINCE JUL 1      0.0                       0.0    0.0      0.0
  SNOW DEPTH       0

DEGREE DAYS
 HEATING
  TODAY            0                         0      0        0
  MONTH TO DATE    0                         0      0        0
  SINCE JUN 1      1                        11    -10       18
  SINCE JUL 1      0                         0      0        0

 COOLING
  TODAY           16                         9      7       12
  MONTH TO DATE  418                       313    105      244
  SINCE JUN 1   1148                       902    246      882
  SINCE JAN 1   1262                      1009    253     1050
..................................................................


WIND (MPH)
  HIGHEST WIND SPEED    10   HIGHEST WIND DIRECTION    NE (50)
  HIGHEST GUST SPEED    17   HIGHEST GUST DIRECTION    NE (30)
  AVERAGE WIND SPEED     5.3


SKY COVER
  POSSIBLE SUNSHINE  MM
  AVERAGE SKY COVER 0.1


WEATHER CONDITIONS
 THE FOLLOWING WEATHER WAS RECORDED TODAY.
  NO SIGNIFICANT WEATHER WAS OBSERVED.


RELATIVE HUMIDITY (PERCENT)
 HIGHEST    90           200 AM
 LOWEST     44           100 PM
 AVERAGE    67

..........................................................


THE LEXINGTON KY CLIMATE NORMALS FOR TOMORROW
                         NORMAL    RECORD    YEAR
 MAXIMUM TEMPERATURE (F)   84        99      1953
 MINIMUM TEMPERATURE (F)   63        45      1946


SUNRISE AND SUNSET
AUGUST 30 2016........SUNRISE   707 AM EDT   SUNSET   810 PM EDT
AUGUST 31 2016........SUNRISE   708 AM EDT   SUNSET   809 PM EDT


-  INDICATES NEGATIVE NUMBERS.
R  INDICATES RECORD WAS SET OR TIED.
MM INDICATES DATA IS MISSING.
T  INDICATES TRACE AMOUNT.




$$
