000
CDUS43 KLMK 280628
CLILEX


CLIMATE REPORT
NATIONAL WEATHER SERVICE LOUISVILLE KY
228 AM EDT SAT MAY 28 2016


...................................

...THE LEXINGTON KY CLIMATE SUMMARY FOR MAY 27 2016...

CLIMATE NORMAL PERIOD 1981 TO 2010
CLIMATE RECORD PERIOD 1872 TO 2016


WEATHER ITEM   OBSERVED TIME   RECORD YEAR NORMAL DEPARTURE LAST
                VALUE   (LST)  VALUE       VALUE  FROM      YEAR
                                                  NORMAL
..................................................................
TEMPERATURE (F)
 YESTERDAY
  MAXIMUM         85    353 PM  93    1911  78      7       82
  MINIMUM         62    535 AM  35    1961  57      5       62
  AVERAGE         74                        67      7       72

PRECIPITATION (IN)
  YESTERDAY        0.00          2.03 1917   0.18  -0.18     0.37
  MONTH TO DATE    6.49                      4.55   1.94     1.79
  SINCE MAR 1     12.59                     12.22   0.37    20.66
  SINCE JAN 1     18.29                     18.62  -0.33    25.51

SNOWFALL (IN)
  YESTERDAY        0.0          MM      MM   0.0    0.0      0.0
  MONTH TO DATE    0.0                       0.0    0.0      0.0
  SINCE MAR 1      0.7                       1.7   -1.0     17.1
  SINCE JUL 1     15.3                      13.0    2.3     40.0
  SNOW DEPTH       0

DEGREE DAYS
 HEATING
  YESTERDAY        0                         2     -2        0
  MONTH TO DATE  137                       105     32       59
  SINCE MAR 1    793                      1023   -230      968
  SINCE JUL 1   3764                      4594   -830     4946

 COOLING
  YESTERDAY        9                         4      5        7
  MONTH TO DATE   46                        65    -19      124
  SINCE MAR 1     74                        87    -13      136
  SINCE JAN 1     74                        87    -13      136
..................................................................


WIND (MPH)
  HIGHEST WIND SPEED    16   HIGHEST WIND DIRECTION     S (190)
  HIGHEST GUST SPEED    21   HIGHEST GUST DIRECTION     S (200)
  AVERAGE WIND SPEED     6.9


SKY COVER
  POSSIBLE SUNSHINE  MM
  AVERAGE SKY COVER 0.2


WEATHER CONDITIONS
 THE FOLLOWING WEATHER WAS RECORDED YESTERDAY.
  NO SIGNIFICANT WEATHER WAS OBSERVED.


RELATIVE HUMIDITY (PERCENT)
 HIGHEST    93          1200 AM
 LOWEST     48           100 PM
 AVERAGE    71

..........................................................


THE LEXINGTON KY CLIMATE NORMALS FOR TODAY
                         NORMAL    RECORD    YEAR
 MAXIMUM TEMPERATURE (F)   78        93      1941
                                             1911
 MINIMUM TEMPERATURE (F)   57        39      1907


SUNRISE AND SUNSET
MAY 28 2016...........SUNRISE   619 AM EDT   SUNSET   853 PM EDT
MAY 29 2016...........SUNRISE   618 AM EDT   SUNSET   854 PM EDT


-  INDICATES NEGATIVE NUMBERS.
R  INDICATES RECORD WAS SET OR TIED.
MM INDICATES DATA IS MISSING.
T  INDICATES TRACE AMOUNT.




$$
