851
CDUS43 KLMK 282027 RRC
CLILEX

CLIMATE REPORT
NATIONAL WEATHER SERVICE LOUISVILLE KY
426 PM EDT WED JUN 28 2017


...................................

...THE LEXINGTON KY CLIMATE SUMMARY FOR JUNE 28 2017...
VALID TODAY AS OF 0400 PM LOCAL TIME.

CLIMATE NORMAL PERIOD 1981 TO 2010
CLIMATE RECORD PERIOD 1872 TO 2017


WEATHER ITEM   OBSERVED TIME   RECORD YEAR NORMAL DEPARTURE LAST
                VALUE   (LST)  VALUE       VALUE  FROM      YEAR
                                                  NORMAL
..................................................................
TEMPERATURE (F)
 TODAY
  MAXIMUM         82    259 PM 103    1944  86     -4       89
  MINIMUM         53    446 AM  50    1970  65    -12       67
  AVERAGE         68                        75     -7       78

PRECIPITATION (IN)
  TODAY            0.00          2.24 1953   0.13  -0.13     0.00
  MONTH TO DATE    5.69                      4.18   1.51     4.56
  SINCE JUN 1      5.69                      4.18   1.51     4.56
  SINCE JAN 1     24.55                     23.51   1.04    22.85

SNOWFALL (IN)
  TODAY            0.0          MM      MM   0.0    0.0      0.0
  MONTH TO DATE    0.0                       0.0    0.0      0.0
  SINCE JUN 1      0.0                       0.0    0.0      0.0
  SINCE JUL 1      3.4                      13.0   -9.6     15.3
  SNOW DEPTH       0

DEGREE DAYS
 HEATING
  TODAY            0                         0      0        0
  MONTH TO DATE    5                         8     -3        1
  SINCE JUN 1      5                         8     -3        1
  SINCE JUL 1   3476                      4608  -1132     3765

 COOLING
  TODAY            3                        10     -7       13
  MONTH TO DATE  220                       220      0      304
  SINCE JUN 1    220                       220      0      304
  SINCE JAN 1    417                       327     90      418
..................................................................


WIND (MPH)
  HIGHEST WIND SPEED    13   HIGHEST WIND DIRECTION    SW (230)
  HIGHEST GUST SPEED    19   HIGHEST GUST DIRECTION     S (170)
  AVERAGE WIND SPEED     5.5


SKY COVER
  POSSIBLE SUNSHINE  MM
  AVERAGE SKY COVER 0.0


WEATHER CONDITIONS
 THE FOLLOWING WEATHER WAS RECORDED TODAY.
  NO SIGNIFICANT WEATHER WAS OBSERVED.


RELATIVE HUMIDITY (PERCENT)
 HIGHEST    83           200 AM
 LOWEST     33           100 PM
 AVERAGE    58

..........................................................


THE LEXINGTON KY CLIMATE NORMALS FOR TOMORROW
                         NORMAL    RECORD    YEAR
 MAXIMUM TEMPERATURE (F)   86       104      1936
 MINIMUM TEMPERATURE (F)   66        50      1923


SUNRISE AND SUNSET
JUNE 28 2017..........SUNRISE   618 AM EDT   SUNSET   905 PM EDT
JUNE 29 2017..........SUNRISE   619 AM EDT   SUNSET   905 PM EDT


-  INDICATES NEGATIVE NUMBERS.
R  INDICATES RECORD WAS SET OR TIED.
MM INDICATES DATA IS MISSING.
T  INDICATES TRACE AMOUNT.




$$
