000
CDUS43 KLMK 230628
CLILEX


CLIMATE REPORT
NATIONAL WEATHER SERVICE LOUISVILLE KY
227 AM EDT WED APR 23 2014


...................................

...THE LEXINGTON KY CLIMATE SUMMARY FOR APRIL 22 2014...

CLIMATE NORMAL PERIOD 1981 TO 2010
CLIMATE RECORD PERIOD 1872 TO 2014


WEATHER ITEM   OBSERVED TIME   RECORD YEAR NORMAL DEPARTURE LAST
                VALUE   (LST)  VALUE       VALUE  FROM      YEAR
                                                  NORMAL
..................................................................
TEMPERATURE (F)
 YESTERDAY
  MAXIMUM         73    215 PM  85    1987  68      5       70
                                      1985
                                      1944
  MINIMUM         47   1154 PM  26    1875  47      0       40
  AVERAGE         60                        57      3       55

PRECIPITATION (IN)
  YESTERDAY        0.03          2.45 1957   0.13  -0.10     0.00
  MONTH TO DATE    2.03                      2.53  -0.50     3.08
  SINCE MAR 1      4.92                      6.60  -1.68     8.43
  SINCE JAN 1     11.96                     13.00  -1.04    14.41

SNOWFALL (IN)
  YESTERDAY        0.0           1.0  1901   0.0    0.0      0.0
  MONTH TO DATE    0.3                       0.3    0.0      0.0
  SINCE MAR 1      7.8                       1.7    6.1      4.0
  SINCE JUL 1     27.1                      13.0   14.1     12.5
  SNOW DEPTH       0

DEGREE DAYS
 HEATING
  YESTERDAY        5                         9     -4       10
  MONTH TO DATE  173                       254    -81      220
  SINCE MAR 1    889                       859     30     1003
  SINCE JUL 1   4732                      4430    302     4511

 COOLING
  YESTERDAY        0                         1     -1        0
  MONTH TO DATE   11                        13     -2       30
  SINCE MAR 1     11                        15     -4       30
  SINCE JAN 1     11                        15     -4       30
..................................................................


WIND (MPH)
  HIGHEST WIND SPEED    22   HIGHEST WIND DIRECTION    NW (310)
  HIGHEST GUST SPEED    29   HIGHEST GUST DIRECTION    NW (320)
  AVERAGE WIND SPEED    10.5


SKY COVER
  POSSIBLE SUNSHINE  MM
  AVERAGE SKY COVER 0.6


WEATHER CONDITIONS
 THE FOLLOWING WEATHER WAS RECORDED YESTERDAY.
  RAIN
  LIGHT RAIN
  FOG
  HAZE


RELATIVE HUMIDITY (PERCENT)
 HIGHEST    90           700 AM
 LOWEST     27           700 PM
 AVERAGE    59

..........................................................


THE LEXINGTON KY CLIMATE NORMALS FOR TODAY
                         NORMAL    RECORD    YEAR
 MAXIMUM TEMPERATURE (F)   68        86      1946
                                             1937
                                             1925
 MINIMUM TEMPERATURE (F)   47        24      1986


SUNRISE AND SUNSET
APRIL 23 2014.........SUNRISE   652 AM EDT   SUNSET   822 PM EDT
APRIL 24 2014.........SUNRISE   651 AM EDT   SUNSET   823 PM EDT


-  INDICATES NEGATIVE NUMBERS.
R  INDICATES RECORD WAS SET OR TIED.
MM INDICATES DATA IS MISSING.
T  INDICATES TRACE AMOUNT.




$$
