000
CDUS43 KLMK 230626
CLILEX


CLIMATE REPORT
NATIONAL WEATHER SERVICE LOUISVILLE KY
226 AM EDT SAT AUG 23 2014


...................................

...THE LEXINGTON KY CLIMATE SUMMARY FOR AUGUST 22 2014...

CLIMATE NORMAL PERIOD 1981 TO 2010
CLIMATE RECORD PERIOD 1872 TO 2014


WEATHER ITEM   OBSERVED TIME   RECORD YEAR NORMAL DEPARTURE LAST
                VALUE   (LST)  VALUE       VALUE  FROM      YEAR
                                                  NORMAL
..................................................................
TEMPERATURE (F)
 YESTERDAY
  MAXIMUM         91    349 PM 104    1936  86      5       87
  MINIMUM         73    547 PM  49    1950  65      8       69
  AVERAGE         82                        75      7       78

PRECIPITATION (IN)
  YESTERDAY        0.27          2.18 1900   0.10   0.17      T
  MONTH TO DATE    8.48                      2.41   6.07     3.00
  SINCE JUN 1     17.30                     11.50   5.80    19.64
  SINCE JAN 1     38.65                     30.83   7.82    41.50

SNOWFALL (IN)
  YESTERDAY        0.0          MM      MM   0.0    0.0      0.0
  MONTH TO DATE    0.0                       0.0    0.0      0.0
  SINCE JUN 1      0.0                       0.0    0.0      0.0
  SINCE JUL 1      0.0                       0.0    0.0      0.0
  SNOW DEPTH       0

DEGREE DAYS
 HEATING
  YESTERDAY        0                         0      0        0
  MONTH TO DATE    0                         0      0        3
  SINCE JUN 1      2                        11     -9        3
  SINCE JUL 1      2                         0      2        3

 COOLING
  YESTERDAY       17                        10      7       13
  MONTH TO DATE  211                       237    -26      196
  SINCE JUN 1    786                       826    -40      766
  SINCE JAN 1    947                       933     14      919
..................................................................


WIND (MPH)
  HIGHEST WIND SPEED    25   HIGHEST WIND DIRECTION     N (350)
  HIGHEST GUST SPEED    33   HIGHEST GUST DIRECTION     N (350)
  AVERAGE WIND SPEED     7.2


SKY COVER
  POSSIBLE SUNSHINE  MM
  AVERAGE SKY COVER 0.2


WEATHER CONDITIONS
 THE FOLLOWING WEATHER WAS RECORDED YESTERDAY.
  THUNDERSTORM
  HEAVY RAIN
  RAIN
  LIGHT RAIN
  FOG


RELATIVE HUMIDITY (PERCENT)
 HIGHEST    94          1000 PM
 LOWEST     64           300 PM
 AVERAGE    79

..........................................................


THE LEXINGTON KY CLIMATE NORMALS FOR TODAY
                         NORMAL    RECORD    YEAR
 MAXIMUM TEMPERATURE (F)   85        97      2007
 MINIMUM TEMPERATURE (F)   65        51      1997
                                             1952
                                             1923


SUNRISE AND SUNSET
AUGUST 23 2014........SUNRISE   700 AM EDT   SUNSET   821 PM EDT
AUGUST 24 2014........SUNRISE   701 AM EDT   SUNSET   820 PM EDT


-  INDICATES NEGATIVE NUMBERS.
R  INDICATES RECORD WAS SET OR TIED.
MM INDICATES DATA IS MISSING.
T  INDICATES TRACE AMOUNT.




$$
