000
CDUS43 KLMK 230626
CLILEX


CLIMATE REPORT
NATIONAL WEATHER SERVICE LOUISVILLE KY
226 AM EDT TUE MAY 23 2017


...................................

...THE LEXINGTON KY CLIMATE SUMMARY FOR MAY 22 2017...

CLIMATE NORMAL PERIOD 1981 TO 2010
CLIMATE RECORD PERIOD 1872 TO 2017


WEATHER ITEM   OBSERVED TIME   RECORD YEAR NORMAL DEPARTURE LAST
                VALUE   (LST)  VALUE       VALUE  FROM      YEAR
                                                  NORMAL
..................................................................
TEMPERATURE (F)
 YESTERDAY
  MAXIMUM         70    532 PM  96    1941  76     -6       77
  MINIMUM         52    629 AM  37    2002  56     -4       48
  AVERAGE         61                        66     -5       63

PRECIPITATION (IN)
  YESTERDAY        0.00          2.30 1973   0.16  -0.16     0.00
  MONTH TO DATE    4.24                      3.70   0.54     5.60
  SINCE MAR 1      9.36                     11.37  -2.01    11.70
  SINCE JAN 1     17.46                     17.77  -0.31    17.40

SNOWFALL (IN)
  YESTERDAY        0.0          MM      MM   0.0    0.0      0.0
  MONTH TO DATE    0.0                       0.0    0.0      0.0
  SINCE MAR 1      T                         1.7   -1.7      0.7
  SINCE JUL 1      3.4                      13.0   -9.6     15.3
  SNOW DEPTH       0

DEGREE DAYS
 HEATING
  YESTERDAY        4                         3      1        2
  MONTH TO DATE   93                        94     -1      133
  SINCE MAR 1    755                      1012   -257      789
  SINCE JUL 1   3465                      4583  -1118     3760

 COOLING
  YESTERDAY        0                         3     -3        0
  MONTH TO DATE   87                        45     42       21
  SINCE MAR 1    158                        67     91       49
  SINCE JAN 1    162                        67     95       49
..................................................................


WIND (MPH)
  HIGHEST WIND SPEED    15   HIGHEST WIND DIRECTION     N (340)
  HIGHEST GUST SPEED    18   HIGHEST GUST DIRECTION    NW (330)
  AVERAGE WIND SPEED     5.7


SKY COVER
  POSSIBLE SUNSHINE  MM
  AVERAGE SKY COVER 0.0


WEATHER CONDITIONS
 THE FOLLOWING WEATHER WAS RECORDED YESTERDAY.
  NO SIGNIFICANT WEATHER WAS OBSERVED.


RELATIVE HUMIDITY (PERCENT)
 HIGHEST    86           300 AM
 LOWEST     40           400 PM
 AVERAGE    63

..........................................................


THE LEXINGTON KY CLIMATE NORMALS FOR TODAY
                         NORMAL    RECORD    YEAR
 MAXIMUM TEMPERATURE (F)   76        91      1939
                                             1936
 MINIMUM TEMPERATURE (F)   56        39      1963
                                             1917


SUNRISE AND SUNSET
MAY 23 2017...........SUNRISE   622 AM EDT   SUNSET   849 PM EDT
MAY 24 2017...........SUNRISE   621 AM EDT   SUNSET   850 PM EDT


-  INDICATES NEGATIVE NUMBERS.
R  INDICATES RECORD WAS SET OR TIED.
MM INDICATES DATA IS MISSING.
T  INDICATES TRACE AMOUNT.




$$
