825
CDUS43 KLMK 300630
CLILEX


CLIMATE REPORT
NATIONAL WEATHER SERVICE LOUISVILLE KY
228 AM EDT SAT JUL 30 2016


...................................

...THE LEXINGTON KY CLIMATE SUMMARY FOR JULY 29 2016...

CLIMATE NORMAL PERIOD 1981 TO 2010
CLIMATE RECORD PERIOD 1872 TO 2016


WEATHER ITEM   OBSERVED TIME   RECORD YEAR NORMAL DEPARTURE LAST
                VALUE   (LST)  VALUE       VALUE  FROM      YEAR
                                                  NORMAL
..................................................................
TEMPERATURE (F)
 YESTERDAY
  MAXIMUM         86   1259 PM 100    1940  86      0       90
  MINIMUM         70    248 AM  51    2014  66      4       70
  AVERAGE         78                        76      2       80

PRECIPITATION (IN)
  YESTERDAY        0.01          1.36 1943   0.14  -0.13     0.39
  MONTH TO DATE    4.98                      4.37   0.61     9.66
  SINCE JUN 1      9.54                      8.81   0.73    15.30
  SINCE JAN 1     27.83                     28.14  -0.31    41.09

SNOWFALL (IN)
  YESTERDAY        0.0          MM      MM   0.0    0.0      0.0
  MONTH TO DATE    0.0                       0.0    0.0      0.0
  SINCE JUN 1      0.0                       0.0    0.0      0.0
  SINCE JUL 1      0.0                       0.0    0.0      0.0
  SNOW DEPTH       0

DEGREE DAYS
 HEATING
  YESTERDAY        0                         0      0        0
  MONTH TO DATE    0                         0      0        0
  SINCE JUN 1      1                        11    -10       18
  SINCE JUL 1      0                         0      0        0

 COOLING
  YESTERDAY       13                        11      2       15
  MONTH TO DATE  390                       319     71      328
  SINCE JUN 1    703                       561    142      617
  SINCE JAN 1    817                       668    149      785
..................................................................


WIND (MPH)
  HIGHEST WIND SPEED    13   HIGHEST WIND DIRECTION     S (170)
  HIGHEST GUST SPEED    16   HIGHEST GUST DIRECTION    SW (240)
  AVERAGE WIND SPEED     5.9


SKY COVER
  POSSIBLE SUNSHINE  MM
  AVERAGE SKY COVER 0.5


WEATHER CONDITIONS
 THE FOLLOWING WEATHER WAS RECORDED YESTERDAY.
  LIGHT RAIN


RELATIVE HUMIDITY (PERCENT)
 HIGHEST    93          1200 AM
 LOWEST     57           100 PM
 AVERAGE    75

..........................................................


THE LEXINGTON KY CLIMATE NORMALS FOR TODAY
                         NORMAL    RECORD    YEAR
 MAXIMUM TEMPERATURE (F)   86       103      1999
 MINIMUM TEMPERATURE (F)   66        51      1965


SUNRISE AND SUNSET
JULY 30 2016..........SUNRISE   640 AM EDT   SUNSET   849 PM EDT
JULY 31 2016..........SUNRISE   641 AM EDT   SUNSET   848 PM EDT


-  INDICATES NEGATIVE NUMBERS.
R  INDICATES RECORD WAS SET OR TIED.
MM INDICATES DATA IS MISSING.
T  INDICATES TRACE AMOUNT.




$$
