000
CDUS43 KLMK 210628
CLILEX


CLIMATE REPORT
NATIONAL WEATHER SERVICE LOUISVILLE KY
228 AM EDT TUE OCT 21 2014


...................................

...THE LEXINGTON KY CLIMATE SUMMARY FOR OCTOBER 20 2014...

CLIMATE NORMAL PERIOD 1981 TO 2010
CLIMATE RECORD PERIOD 1872 TO 2014


WEATHER ITEM   OBSERVED TIME   RECORD YEAR NORMAL DEPARTURE LAST
                VALUE   (LST)  VALUE       VALUE  FROM      YEAR
                                                  NORMAL
..................................................................
TEMPERATURE (F)
 YESTERDAY
  MAXIMUM         64    510 PM  86    1963  66     -2       61
  MINIMUM         44   1237 AM  25    1972  45     -1       37
  AVERAGE         54                        56     -2       49

PRECIPITATION (IN)
  YESTERDAY        0.06          1.75 1993   0.09  -0.03     0.00
  MONTH TO DATE    3.72                      1.96   1.76     4.53
  SINCE SEP 1      8.07                      4.87   3.20     6.16
  SINCE JAN 1     47.80                     36.54  11.26    49.80

SNOWFALL (IN)
  YESTERDAY        0.0           T    1992   0.0    0.0      0.0
                                      1989
                                      1916
  MONTH TO DATE    0.0                       0.0    0.0      0.0
  SINCE SEP 1      0.0                       0.0    0.0      0.0
  SINCE JUL 1      0.0                       0.0    0.0      0.0
  SNOW DEPTH       0

DEGREE DAYS
 HEATING
  YESTERDAY       11                        10      1       16
  MONTH TO DATE  109                       145    -36       97
  SINCE SEP 1    137                       197    -60      114
  SINCE JUL 1    139                       199    -60      117

 COOLING
  YESTERDAY        0                         0      0        0
  MONTH TO DATE   25                        23      2       44
  SINCE SEP 1    191                       169     22      207
  SINCE JAN 1   1272                      1186     86     1245
..................................................................


WIND (MPH)
  HIGHEST WIND SPEED    21   HIGHEST WIND DIRECTION    SW (210)
  HIGHEST GUST SPEED    26   HIGHEST GUST DIRECTION    SW (220)
  AVERAGE WIND SPEED     9.2


SKY COVER
  POSSIBLE SUNSHINE  MM
  AVERAGE SKY COVER 0.3


WEATHER CONDITIONS
 THE FOLLOWING WEATHER WAS RECORDED YESTERDAY.
  LIGHT RAIN
  FOG


RELATIVE HUMIDITY (PERCENT)
 HIGHEST    83          1200 AM
 LOWEST     56           400 PM
 AVERAGE    70

..........................................................


THE LEXINGTON KY CLIMATE NORMALS FOR TODAY
                         NORMAL    RECORD    YEAR
 MAXIMUM TEMPERATURE (F)   66        85      1953
 MINIMUM TEMPERATURE (F)   45        24      1952


SUNRISE AND SUNSET
OCTOBER 21 2014.......SUNRISE   753 AM EDT   SUNSET   653 PM EDT
OCTOBER 22 2014.......SUNRISE   754 AM EDT   SUNSET   651 PM EDT


-  INDICATES NEGATIVE NUMBERS.
R  INDICATES RECORD WAS SET OR TIED.
MM INDICATES DATA IS MISSING.
T  INDICATES TRACE AMOUNT.




$$
