000
CDUS43 KLMK 210626
CLILEX


CLIMATE REPORT
NATIONAL WEATHER SERVICE LOUISVILLE KY
126 AM EST SUN DEC 21 2014


...................................

...THE LEXINGTON KY CLIMATE SUMMARY FOR DECEMBER 20 2014...

CLIMATE NORMAL PERIOD 1981 TO 2010
CLIMATE RECORD PERIOD 1872 TO 2014


WEATHER ITEM   OBSERVED TIME   RECORD YEAR NORMAL DEPARTURE LAST
                VALUE   (LST)  VALUE       VALUE  FROM      YEAR
                                                  NORMAL
..................................................................
TEMPERATURE (F)
 YESTERDAY
  MAXIMUM         36    358 PM  66    1949  43     -7       61
  MINIMUM         25   1159 PM  -2    1901  27     -2       51
  AVERAGE         31                        35     -4       56

PRECIPITATION (IN)
  YESTERDAY        T             1.47 1951   0.12  -0.12     0.12
  MONTH TO DATE    2.65                      2.58   0.07     3.07
  SINCE DEC 1      2.65                      2.58   0.07     3.07
  SINCE JAN 1     53.56                     43.82   9.74    57.02

SNOWFALL (IN)
  YESTERDAY        T             3.1  1942   0.0    0.0      0.0
  MONTH TO DATE    T                         1.3   -1.3      0.6
  SINCE DEC 1      T                         1.3   -1.3      0.6
  SINCE JUL 1      1.6                       1.6    0.0      2.0
  SNOW DEPTH       0

DEGREE DAYS
 HEATING
  YESTERDAY       34                        30      4        9
  MONTH TO DATE  529                       557    -28      532
  SINCE DEC 1    529                       557    -28      532
  SINCE JUL 1   1536                      1444     92     1459

 COOLING
  YESTERDAY        0                         0      0        0
  MONTH TO DATE    0                         0      0        0
  SINCE DEC 1      0                         0      0        0
  SINCE JAN 1   1274                      1190     84     1245
..................................................................


WIND (MPH)
  HIGHEST WIND SPEED    14   HIGHEST WIND DIRECTION     E (90)
  HIGHEST GUST SPEED    16   HIGHEST GUST DIRECTION     E (90)
  AVERAGE WIND SPEED     4.0


SKY COVER
  POSSIBLE SUNSHINE  MM
  AVERAGE SKY COVER 0.8


WEATHER CONDITIONS
 THE FOLLOWING WEATHER WAS RECORDED YESTERDAY.
  LIGHT SNOW
  FOG
  HAZE


RELATIVE HUMIDITY (PERCENT)
 HIGHEST    92          1100 PM
 LOWEST     64           100 PM
 AVERAGE    78

..........................................................


THE LEXINGTON KY CLIMATE NORMALS FOR TODAY
                         NORMAL    RECORD    YEAR
 MAXIMUM TEMPERATURE (F)   42        72      2013
 MINIMUM TEMPERATURE (F)   27       -10      1989


SUNRISE AND SUNSET
DECEMBER 21 2014......SUNRISE   751 AM EST   SUNSET   522 PM EST
DECEMBER 22 2014......SUNRISE   751 AM EST   SUNSET   523 PM EST


-  INDICATES NEGATIVE NUMBERS.
R  INDICATES RECORD WAS SET OR TIED.
MM INDICATES DATA IS MISSING.
T  INDICATES TRACE AMOUNT.




$$
