342
CXUS53 KLMK 011545
CLMLEX


CLIMATE REPORT
NATIONAL WEATHER SERVICE LOUISVILLE KY
1137 AM EDT WED NOV 1 2017

...................................

...THE LEXINGTON KY CLIMATE SUMMARY FOR THE MONTH OF OCTOBER 2017...

CLIMATE NORMAL PERIOD 1981 TO 2010
CLIMATE RECORD PERIOD 1872 TO 2017

WEATHER         OBSERVED          NORMAL  DEPART  LAST YEAR`S
                 VALUE   DATE(S)  VALUE   FROM    VALUE  DATE(S)
                                          NORMAL
................................................................
TEMPERATURE (F)
RECORD
 HIGH              93   10/06/1941
 LOW               20   10/28/1976
HIGHEST            84   10/07        MM      MM       87  10/19
LOWEST             30   10/30        MM      MM       37  10/25
AVG. MAXIMUM     70.6              67.5     3.1     75.1
AVG. MINIMUM     48.7              46.6     2.1     52.0
MEAN             59.7              57.0     2.7     63.5
DAYS MAX >= 90      0               0.1    -0.1        0
DAYS MAX <= 32      0               0.0     0.0        0
DAYS MIN <= 32      2               1.5     0.5        0
DAYS MIN <= 0       0               0.0     0.0        0

PRECIPITATION (INCHES)
RECORD
 MAXIMUM         7.95   1918
 MINIMUM         0.11   1924
TOTALS           5.77              3.13    2.64     0.83
DAILY AVG.       0.19              0.10    0.09     0.03
DAYS >= .01         8               8.7    -0.7        3
DAYS >= .10         5               5.3    -0.3        3
DAYS >= .50         3               2.1     0.9        1
DAYS >= 1.00        1               0.7     0.3        0
GREATEST
 24 HR. TOTAL    3.73   10/08 TO 10/08

SNOWFALL (INCHES)
RECORDS
 TOTAL            2.8   5
                        0
TOTALS              T               0.0     0.0      0.0
SINCE 7/1           T               0.0     0.0      0.0
SNOWDEPTH AVG.      0                MM      MM        0
DAYS >= 1.0         0               0.0     0.0        0
GREATEST
 SNOW DEPTH         0   MM                             0  MM
 24 HR TOTAL        T   10/29 TO 10/29

DEGREE_DAYS
HEATING TOTAL     217               272     -55      116
 SINCE 7/1        252               326     -74      133
COOLING TOTAL      59                25      34       78
 SINCE 1/1       1284              1188      96     1625
.................................................................

WIND (MPH)
AVERAGE WIND SPEED              7.2
HIGHEST WIND SPEED/DIRECTION    25/320    DATE  10/15
HIGHEST GUST SPEED/DIRECTION    39/290    DATE  10/15

SKY COVER
POSSIBLE SUNSHINE (PERCENT)   MM
AVERAGE SKY COVER           0.40
NUMBER OF DAYS FAIR           16
NUMBER OF DAYS PC              8
NUMBER OF DAYS CLOUDY          7

AVERAGE RH (PERCENT)     68

WEATHER CONDITIONS. NUMBER OF DAYS WITH
THUNDERSTORM              0     MIXED PRECIP               0
HEAVY RAIN                3     RAIN                       6
LIGHT RAIN               11     FREEZING RAIN              0
LT FREEZING RAIN          0     HAIL                       0
HEAVY SNOW                0     SNOW                       0
LIGHT SNOW                1     SLEET                      0
FOG                      13     FOG W/VIS <= 1/4 MILE      1
HAZE                      5

-  INDICATES NEGATIVE NUMBERS.
R  INDICATES RECORD WAS SET OR TIED.
MM INDICATES DATA IS MISSING.
T  INDICATES TRACE AMOUNT.

$$

TIED 9TH WETTEST OCTOBER, 2009.

CMC
