105
CXUS53 KLMK 011021
CLMLEX


CLIMATE REPORT
NATIONAL WEATHER SERVICE LOUISVILLE KY
621 AM EDT FRI JUL 1 2016

...................................

...THE LEXINGTON KY CLIMATE SUMMARY FOR THE MONTH OF JUNE 2016...

CLIMATE NORMAL PERIOD 1981 TO 2010
CLIMATE RECORD PERIOD 1872 TO 2016

WEATHER         OBSERVED          NORMAL  DEPART  LAST YEAR`S
                 VALUE   DATE(S)  VALUE   FROM    VALUE  DATE(S)
                                          NORMAL
................................................................
TEMPERATURE (F)
RECORD
 HIGH             104   06/29/1936
 LOW               39   06/01/1966
HIGHEST            93   06/16        MM      MM       91  06/16
LOWEST             52   06/09        MM      MM       51  06/04
AVG. MAXIMUM     86.2              82.9     3.3     83.3
AVG. MINIMUM     64.1              62.5     1.6     64.1
MEAN             75.1              72.7     2.4     73.7
DAYS MAX >= 90      9               2.9     6.1        5
DAYS MAX <= 32      0               0.0     0.0        0
DAYS MIN <= 32      0               0.0     0.0        0
DAYS MIN <= 0       0               0.0     0.0        0

PRECIPITATION (INCHES)
RECORD
 MAXIMUM        11.69   1960
 MINIMUM         0.61   1988
TOTALS           4.56              4.44    0.12     5.64
DAILY AVG.       0.15              0.15    0.00     0.19
DAYS >= .01        10              10.9    -0.9       15
DAYS >= .10         6               7.3    -1.3       10
DAYS >= .50         4               3.2     0.8        4
DAYS >= 1.00        1               1.0     0.0        1
GREATEST
 24 HR. TOTAL    1.45   06/04 TO 06/05

SNOWFALL (INCHES)
RECORDS
 TOTAL             MM   5
TOTALS            0.0               0.0     0.0      0.0
SINCE 7/1        15.3              13.0     2.3     40.0
SNOWDEPTH AVG.      0                MM      MM        0
DAYS >= 1.0         0               0.0     0.0        0
GREATEST
 SNOW DEPTH         0   MM                             0  MM
 24 HR TOTAL      0.0   06/30 TO 06/30

DEGREE_DAYS
HEATING TOTAL       1                11     -10       18
 SINCE 7/1       3765              4611    -846     4964
COOLING TOTAL     313               242      71      289
 SINCE 1/1        427               349      78      457
.................................................................

WIND (MPH)
AVERAGE WIND SPEED              6.5
HIGHEST WIND SPEED/DIRECTION    33/210    DATE  06/01
HIGHEST GUST SPEED/DIRECTION    43/330    DATE  06/15

SKY COVER
POSSIBLE SUNSHINE (PERCENT)   MM
AVERAGE SKY COVER           0.20
NUMBER OF DAYS FAIR           25
NUMBER OF DAYS PC              5
NUMBER OF DAYS CLOUDY          0

AVERAGE RH (PERCENT)     67

WEATHER CONDITIONS. NUMBER OF DAYS WITH
THUNDERSTORM              0     MIXED PRECIP               0
HEAVY RAIN                6     RAIN                       4
LIGHT RAIN                9     FREEZING RAIN              0
LT FREEZING RAIN          0     HAIL                       0
HEAVY SNOW                0     SNOW                       0
LIGHT SNOW                0     SLEET                      0
FOG                      11     FOG W/VIS <= 1/4 MILE      2
HAZE                      5

-  INDICATES NEGATIVE NUMBERS.
R  INDICATES RECORD WAS SET OR TIED.
MM INDICATES DATA IS MISSING.
T  INDICATES TRACE AMOUNT.

$$
