000
CXUS53 KLMK 011413
CLMLEX


CLIMATE REPORT
NATIONAL WEATHER SERVICE LOUISVILLE KY
1004 AM EDT TUE JUL 1 2014

...................................

...THE LEXINGTON KY CLIMATE SUMMARY FOR THE MONTH OF JUNE 2014...

CLIMATE NORMAL PERIOD 1981 TO 2010
CLIMATE RECORD PERIOD 1872 TO 2014

WEATHER         OBSERVED          NORMAL  DEPART  LAST YEAR`S
                 VALUE   DATE(S)  VALUE   FROM    VALUE  DATE(S)
                                          NORMAL
................................................................
TEMPERATURE (F)
RECORD
 HIGH             104   06/29/1936
 LOW               39   06/01/1966
HIGHEST            91   06/23        MM      MM       92  06/12
LOWEST             53   06/14        MM      MM       54  06/04
AVG. MAXIMUM     84.4              82.9     1.5     83.7
AVG. MINIMUM     65.4              62.5     2.9     63.7
MEAN             74.9              72.7     2.2     73.7
DAYS MAX >= 90      6               2.9     3.1        2
DAYS MAX <= 32      0               0.0     0.0        0
DAYS MIN <= 32      0               0.0     0.0        0
DAYS MIN <= 0       0               0.0     0.0        0

PRECIPITATION (INCHES)
RECORD
 MAXIMUM        11.69   1960
 MINIMUM         0.61   1988
TOTALS           5.59              4.44    1.15     7.54
DAILY AVG.       0.19              0.15    0.04     0.25
DAYS >= .01        13              10.9     2.1       13
DAYS >= .10         8               7.3     0.7       11
DAYS >= .50         4               3.2     0.8        5
DAYS >= 1.00        1               1.0     0.0        2
GREATEST
 24 HR. TOTAL    1.92   06/04 TO 06/04

SNOWFALL (INCHES)
RECORDS
 TOTAL            0.0   5
TOTALS            0.0               0.0     0.0      0.0
SINCE 7/1        27.1              13.0    14.1     12.5
SNOWDEPTH AVG.      0                MM      MM        0
DAYS >= 1.0         0               0.0     0.0        0
GREATEST
 SNOW DEPTH         0   MM                             0  MM
 24 HR TOTAL      0.0   06/30 TO 06/30

DEGREE_DAYS
HEATING TOTAL       0                11     -11        0
 SINCE 7/1       4855              4611     244     4667
COOLING TOTAL     305               242      63      269
 SINCE 1/1        466               349     117      422
.................................................................

WIND (MPH)
AVERAGE WIND SPEED              7.0
HIGHEST WIND SPEED/DIRECTION    43/160    DATE  06/19
HIGHEST GUST SPEED/DIRECTION    58/150    DATE  06/19

SKY COVER
POSSIBLE SUNSHINE (PERCENT)   MM
AVERAGE SKY COVER           0.30
NUMBER OF DAYS FAIR           19
NUMBER OF DAYS PC              7
NUMBER OF DAYS CLOUDY          2

AVERAGE RH (PERCENT)     69

WEATHER CONDITIONS. NUMBER OF DAYS WITH
THUNDERSTORM              9     MIXED PRECIP               0
HEAVY RAIN                7     RAIN                       6
LIGHT RAIN               17     FREEZING RAIN              0
LT FREEZING RAIN          0     HAIL                       0
HEAVY SNOW                0     SNOW                       0
LIGHT SNOW                0     SLEET                      0
FOG                      14     FOG W/VIS <= 1/4 MILE      1
HAZE                      8

-  INDICATES NEGATIVE NUMBERS.
R  INDICATES RECORD WAS SET OR TIED.
MM INDICATES DATA IS MISSING.
T  INDICATES TRACE AMOUNT.

$$
