000
CXUS53 KLMK 011532
CLMLEX


CLIMATE REPORT
NATIONAL WEATHER SERVICE LOUISVILLE KY
1108 AM EDT SAT OCT 1 2016

...................................

...THE LEXINGTON KY CLIMATE SUMMARY FOR THE MONTH OF SEPTEMBER 2016...

CLIMATE NORMAL PERIOD 1981 TO 2010
CLIMATE RECORD PERIOD 1872 TO 2016

WEATHER         OBSERVED          NORMAL  DEPART  LAST YEAR`S
                 VALUE   DATE(S)  VALUE   FROM    VALUE  DATE(S)
                                          NORMAL
................................................................
TEMPERATURE (F)
RECORD
 HIGH             103   09/05/1954
 LOW               32   09/30/1899
HIGHEST            93   09/16        MM      MM       95  09/05
                        09/06
LOWEST             48   09/29        MM      MM       45  09/14
AVG. MAXIMUM     85.3              78.8     6.5     82.5
AVG. MINIMUM     61.1              57.5     3.6     59.3
MEAN             73.2              68.1     5.1     70.9
DAYS MAX >= 90     13               2.0    11.0        8
DAYS MAX <= 32      0               0.0     0.0        0
DAYS MIN <= 32      0               0.0     0.0        0
DAYS MIN <= 0       0               0.0     0.0        0

PRECIPITATION (INCHES)
RECORD
 MAXIMUM        10.25   2006
 MINIMUM         0.24   1959
TOTALS           1.67              2.91   -1.24     2.71
DAILY AVG.       0.06              0.10   -0.04     0.09
DAYS >= .01         5               7.8    -2.8        7
DAYS >= .10         5               4.9     0.1        3
DAYS >= .50         1               1.9    -0.9        2
DAYS >= 1.00        0               0.8    -0.8        1
GREATEST
 24 HR. TOTAL    0.54   09/28 TO 09/28
                        09/27 TO 09/28
                        09/28 TO 09/28

SNOWFALL (INCHES)
RECORDS
 TOTAL             MM   5
TOTALS            0.0               0.0     0.0      0.0
SINCE 7/1         0.0               0.0     0.0      0.0
SNOWDEPTH AVG.      0                MM      MM        0
DAYS >= 1.0         0               0.0     0.0        0
GREATEST
 SNOW DEPTH         0   MM                             0  MM
 24 HR TOTAL      0.0   09/30 TO 09/30

DEGREE_DAYS
HEATING TOTAL      17                52     -35       15
 SINCE 7/1         17                54     -37       15
COOLING TOTAL     271               146     125      201
 SINCE 1/1       1547              1163     384     1262
.................................................................

WIND (MPH)
AVERAGE WIND SPEED              6.1
HIGHEST WIND SPEED/DIRECTION    32/290    DATE  09/10
HIGHEST GUST SPEED/DIRECTION    45/280    DATE  09/10

SKY COVER
POSSIBLE SUNSHINE (PERCENT)   MM
AVERAGE SKY COVER           0.20
NUMBER OF DAYS FAIR           23
NUMBER OF DAYS PC              5
NUMBER OF DAYS CLOUDY          2

AVERAGE RH (PERCENT)     65

WEATHER CONDITIONS. NUMBER OF DAYS WITH
THUNDERSTORM              1     MIXED PRECIP               0
HEAVY RAIN                5     RAIN                       5
LIGHT RAIN                9     FREEZING RAIN              0
LT FREEZING RAIN          0     HAIL                       0
HEAVY SNOW                0     SNOW                       0
LIGHT SNOW                0     SLEET                      0
FOG                      11     FOG W/VIS <= 1/4 MILE      2
HAZE                      5

-  INDICATES NEGATIVE NUMBERS.
R  INDICATES RECORD WAS SET OR TIED.
MM INDICATES DATA IS MISSING.
T  INDICATES TRACE AMOUNT.

$$

TIED FOR 7TH WARMEST SEPTEMBER ON RECORD.
