000
CXUS53 KLMK 011135
CLMLEX


CLIMATE REPORT
NATIONAL WEATHER SERVICE LOUISVILLE KY
728 AM EDT THU AUG 1 2013

...................................

...THE LEXINGTON KY CLIMATE SUMMARY FOR THE MONTH OF JULY 2013...

CLIMATE NORMAL PERIOD 1981 TO 2010
CLIMATE RECORD PERIOD 1872 TO 2013

WEATHER         OBSERVED          NORMAL  DEPART  LAST YEAR`S
                 VALUE   DATE(S)  VALUE   FROM    VALUE  DATE(S)
                                          NORMAL
................................................................
TEMPERATURE (F)
RECORD
 HIGH             108   07/15/1936
                        07/10/1936
 LOW               47   07/07/1972
                        07/23/1947
                        07/02/1937
HIGHEST            95   07/17        MM      MM      105  07/07
LOWEST             54   07/29        MM      MM       62  07/29
                                                          07/22
AVG. MAXIMUM     83.2              86.1    -2.9     92.3
AVG. MINIMUM     65.9              66.3    -0.4     68.6
MEAN             74.5              76.2    -1.7     80.5
DAYS MAX >= 90      8               7.2     0.8       20
DAYS MAX <= 32      0               0.0     0.0        0
DAYS MIN <= 32      0               0.0     0.0        0
DAYS MIN <= 0       0               0.0     0.0        0

PRECIPITATION (INCHES)
RECORD
 MAXIMUM        10.64   1958
 MINIMUM         0.45   1930
TOTALS           9.10              4.65    4.45     8.01
DAILY AVG.       0.29              0.15    0.14     0.26
DAYS >= .01        14              10.4     3.6       11
DAYS >= .10         9               7.5     1.5        7
DAYS >= .50         7               3.2     3.8        5
DAYS >= 1.00        5               1.5     3.5        3
GREATEST
 24 HR. TOTAL    2.35   07/04 TO 07/05

SNOWFALL (INCHES)
RECORDS
 TOTAL             MM   5
TOTALS            0.0               0.0     0.0      0.0
SINCE 7/1         0.0               0.0     0.0      0.0
SNOWDEPTH AVG.      0                MM      MM        0
DAYS >= 1.0         0               0.0     0.0        0
GREATEST
 SNOW DEPTH         0   MM                             0  MM
 24 HR TOTAL      0.0   07/31 TO 07/31

DEGREE_DAYS
HEATING TOTAL       0                 0       0        0
 SINCE 7/1          0                 0       0        0
COOLING TOTAL     301               347     -46      484
 SINCE 1/1        723               696      27      933
.................................................................

WIND (MPH)
AVERAGE WIND SPEED              5.6
HIGHEST WIND SPEED/DIRECTION    37/350    DATE  07/23
HIGHEST GUST SPEED/DIRECTION    48/350    DATE  07/23

SKY COVER
POSSIBLE SUNSHINE (PERCENT)   MM
AVERAGE SKY COVER           0.40
NUMBER OF DAYS FAIR           16
NUMBER OF DAYS PC             10
NUMBER OF DAYS CLOUDY          3

AVERAGE RH (PERCENT)     77

WEATHER CONDITIONS. NUMBER OF DAYS WITH
THUNDERSTORM              6     MIXED PRECIP               0
HEAVY RAIN                6     RAIN                       9
LIGHT RAIN               16     FREEZING RAIN              0
LT FREEZING RAIN          0     HAIL                       0
HEAVY SNOW                0     SNOW                       0
LIGHT SNOW                0     SLEET                      0
FOG                      20     FOG W/VIS <= 1/4 MILE      2
HAZE                      6

-  INDICATES NEGATIVE NUMBERS.
R  INDICATES RECORD WAS SET OR TIED.
MM INDICATES DATA IS MISSING.
T  INDICATES TRACE AMOUNT.

$$
