893
CXUS53 KLMK 011112
CLMLEX


CLIMATE REPORT
NATIONAL WEATHER SERVICE LOUISVILLE KY
611 AM EST MON FEB 1 2016

...................................

...THE LEXINGTON KY CLIMATE SUMMARY FOR THE MONTH OF JANUARY 2016...

CLIMATE NORMAL PERIOD 1981 TO 2010
CLIMATE RECORD PERIOD 1872 TO 2016

WEATHER         OBSERVED          NORMAL  DEPART  LAST YEAR`S
                 VALUE   DATE(S)  VALUE   FROM    VALUE  DATE(S)
                                          NORMAL
................................................................
TEMPERATURE (F)
RECORD
 HIGH              80   01/24/1943
 LOW              -21   01/24/1963
HIGHEST            69   01/31        MM      MM       61  01/03
LOWEST              4   01/24        MM      MM       -1  01/08
                        01/18
AVG. MAXIMUM     40.9              40.9     0.0     40.1
AVG. MINIMUM     22.7              24.9    -2.2     22.1
MEAN             31.8              32.9    -1.1     31.1
DAYS MAX >= 90      0               0.0     0.0        0
DAYS MAX <= 32      9               7.3     1.7        8
DAYS MIN <= 32     27              22.6     4.4       29
DAYS MIN <= 0       0               0.7    -0.7        1

PRECIPITATION (INCHES)
RECORD
 MAXIMUM        16.65   1950
 MINIMUM         0.37   1981
TOTALS           1.24              3.20   -1.96     1.85
DAILY AVG.       0.04              0.10   -0.06     0.06
DAYS >= .01        10              12.1    -2.1        9
DAYS >= .10         5               6.2    -1.2        5
DAYS >= .50         0               2.1    -2.1        0
DAYS >= 1.00        0               0.8    -0.8        0
GREATEST
 24 HR. TOTAL    4.01   01/21 TO 01/22
                        01/22 TO 01/22
                        01/22 TO 01/23

SNOWFALL (INCHES)
RECORDS
 TOTAL           21.9   5
                        0
TOTALS            9.6               3.9     5.7      5.9
SINCE 7/1         9.6               6.7     2.9      7.5
SNOWDEPTH AVG.      1                 2      -1        0
DAYS >= 1.0         2               1.2     0.8        2
GREATEST
 SNOW DEPTH         8   01/23                          5  01/24
 24 HR TOTAL      6.3   MM

DEGREE_DAYS
HEATING TOTAL    1022               995      27     1044
 SINCE 7/1       2204              2783    -579     2862
COOLING TOTAL       0                 0       0        0
 SINCE 1/1          0                 0       0        0
.................................................................

WIND (MPH)
AVERAGE WIND SPEED              10.0
HIGHEST WIND SPEED/DIRECTION    36/260    DATE  01/12
HIGHEST GUST SPEED/DIRECTION    51/260    DATE  01/12

SKY COVER
POSSIBLE SUNSHINE (PERCENT)   MM
AVERAGE SKY COVER           0.50
NUMBER OF DAYS FAIR           12
NUMBER OF DAYS PC             10
NUMBER OF DAYS CLOUDY          9

AVERAGE RH (PERCENT)     67

WEATHER CONDITIONS. NUMBER OF DAYS WITH
THUNDERSTORM              0     MIXED PRECIP               0
HEAVY RAIN                0     RAIN                       1
LIGHT RAIN                7     FREEZING RAIN              0
LT FREEZING RAIN          1     HAIL                       0
HEAVY SNOW                1     SNOW                       3
LIGHT SNOW                7     SLEET                      0
FOG                      11     FOG W/VIS <= 1/4 MILE      1
HAZE                      4

-  INDICATES NEGATIVE NUMBERS.
R  INDICATES RECORD WAS SET OR TIED.
MM INDICATES DATA IS MISSING.
T  INDICATES TRACE AMOUNT.

$$
