000
CXUS53 KLMK 011109
CLMLEX


CLIMATE REPORT
NATIONAL WEATHER SERVICE LOUISVILLE KY
709 AM EDT MON JUL 1 2013

...................................

...THE LEXINGTON KY CLIMATE SUMMARY FOR THE MONTH OF JUNE 2013...

CLIMATE NORMAL PERIOD 1981 TO 2010
CLIMATE RECORD PERIOD 1872 TO 2013

WEATHER         OBSERVED          NORMAL  DEPART  LAST YEAR`S
                 VALUE   DATE(S)  VALUE   FROM    VALUE  DATE(S)
                                          NORMAL
................................................................
TEMPERATURE (F)
RECORD
 HIGH             104   06/29/1936
 LOW               39   06/01/1966
HIGHEST            92   06/12        MM      MM      103  06/30
LOWEST             54   06/04        MM      MM       47  06/02
AVG. MAXIMUM     83.7              82.9     0.8     85.2
AVG. MINIMUM     63.7              62.5     1.2     59.6
MEAN             73.7              72.7     1.0     72.4
DAYS MAX >= 90      2               2.9    -0.9       10
DAYS MAX <= 32      0               0.0     0.0        0
DAYS MIN <= 32      0               0.0     0.0        0
DAYS MIN <= 0       0               0.0     0.0        0

PRECIPITATION (INCHES)
RECORD
 MAXIMUM        11.69   1960
 MINIMUM         0.61   1988
TOTALS           7.54              4.44    3.10     1.61
DAILY AVG.       0.25              0.15    0.10     0.05
DAYS >= .01        13              10.9     2.1        5
DAYS >= .10        11               7.3     3.7        3
DAYS >= .50         5               3.2     1.8        2
DAYS >= 1.00        2               1.0     1.0        0
GREATEST
 24 HR. TOTAL    2.90   06/26 TO 06/27

SNOWFALL (INCHES)
RECORDS
 TOTAL             MM   5
TOTALS            0.0               0.0     0.0      0.0
SINCE 7/1        12.5              13.0    -0.5      7.6
SNOWDEPTH AVG.      0                MM      MM        0
DAYS >= 1.0         0               0.0     0.0        0
GREATEST
 SNOW DEPTH         0   MM                             0  MM
 24 HR TOTAL      0.0   06/30 TO 06/30

DEGREE_DAYS
HEATING TOTAL       0                11     -11       16
 SINCE 7/1       4667              4611      56     3797
COOLING TOTAL     269               242      27      247
 SINCE 1/1        422               349      73      449
.................................................................

WIND (MPH)
AVERAGE WIND SPEED              6.6
HIGHEST WIND SPEED/DIRECTION    33/320    DATE  06/13
HIGHEST GUST SPEED/DIRECTION    43/330    DATE  06/13

SKY COVER
POSSIBLE SUNSHINE (PERCENT)   MM
AVERAGE SKY COVER           0.30
NUMBER OF DAYS FAIR           15
NUMBER OF DAYS PC             15
NUMBER OF DAYS CLOUDY          0

AVERAGE RH (PERCENT)     72

WEATHER CONDITIONS. NUMBER OF DAYS WITH
THUNDERSTORM              0     MIXED PRECIP               0
HEAVY RAIN                7     RAIN                       9
LIGHT RAIN               14     FREEZING RAIN              0
LT FREEZING RAIN          0     HAIL                       0
HEAVY SNOW                0     SNOW                       0
LIGHT SNOW                0     SLEET                      0
FOG                      17     FOG W/VIS <= 1/4 MILE      3
HAZE                      8

-  INDICATES NEGATIVE NUMBERS.
R  INDICATES RECORD WAS SET OR TIED.
MM INDICATES DATA IS MISSING.
T  INDICATES TRACE AMOUNT.

$$
