000
CXUS53 KLMK 011530
CLMLEX


CLIMATE REPORT
NATIONAL WEATHER SERVICE LOUISVILLE KY
1027 AM EST SAT FEB 1 2014

...................................

...THE LEXINGTON KY CLIMATE SUMMARY FOR THE MONTH OF JANUARY 2014...

CLIMATE NORMAL PERIOD 1981 TO 2010
CLIMATE RECORD PERIOD 1872 TO 2014

WEATHER         OBSERVED          NORMAL  DEPART  LAST YEAR`S
                 VALUE   DATE(S)  VALUE   FROM    VALUE  DATE(S)
                                          NORMAL
................................................................
TEMPERATURE (F)
RECORD
 HIGH              80   01/24/1943
 LOW              -21   01/24/1963
HIGHEST            56   01/11        MM      MM       67  01/30
                        01/05                             01/29
LOWEST             -6   01/22        MM      MM       10  01/23
                                                          01/22
AVG. MAXIMUM     37.5              40.9    -3.4     43.5
AVG. MINIMUM     16.2              24.9    -8.7     27.7
MEAN             26.8              32.9    -6.1     35.6
DAYS MAX >= 90      0               0.0     0.0        0
DAYS MAX <= 32      9               7.3     1.7        6
DAYS MIN <= 32     26              22.6     3.4       23
DAYS MIN <= 0       5               0.7     4.3        0

PRECIPITATION (INCHES)
RECORD
 MAXIMUM        16.65   1950
 MINIMUM         0.37   1981
TOTALS           2.31              3.20   -0.89     4.46
DAILY AVG.       0.07              0.10   -0.03     0.14
DAYS >= .01        10              12.1    -2.1       13
DAYS >= .10         6               6.2    -0.2        9
DAYS >= .50         2               2.1    -0.1        2
DAYS >= 1.00        0               0.8    -0.8        1
GREATEST
 24 HR. TOTAL    0.74   01/11 TO 01/11
                        01/10 TO 01/11
                        01/11 TO 01/11

SNOWFALL (INCHES)
RECORDS
 TOTAL           21.9   5
                        0
TOTALS            8.6               3.9     4.7      2.5
SINCE 7/1        10.6               6.7     3.9      5.9
SNOWDEPTH AVG.      0                 2      -2        0
DAYS >= 1.0         2               1.2     0.8        1
GREATEST
 SNOW DEPTH         3   01/26                         -1  01/17
                        01/25
 24 HR TOTAL      4.1   MM

DEGREE_DAYS
HEATING TOTAL    1176               995     181      903
 SINCE 7/1       2934              2783     151     2679
COOLING TOTAL       0                 0       0        0
 SINCE 1/1          0                 0       0        0
.................................................................

WIND (MPH)
AVERAGE WIND SPEED              10.6
HIGHEST WIND SPEED/DIRECTION    31/330    DATE  01/27
HIGHEST GUST SPEED/DIRECTION    43/280    DATE  01/25

SKY COVER
POSSIBLE SUNSHINE (PERCENT)   MM
AVERAGE SKY COVER           0.50
NUMBER OF DAYS FAIR           11
NUMBER OF DAYS PC             11
NUMBER OF DAYS CLOUDY          9

AVERAGE RH (PERCENT)     65

WEATHER CONDITIONS. NUMBER OF DAYS WITH
THUNDERSTORM              1     MIXED PRECIP               0
HEAVY RAIN                2     RAIN                       3
LIGHT RAIN                7     FREEZING RAIN              0
LT FREEZING RAIN          0     HAIL                       0
HEAVY SNOW                0     SNOW                       2
LIGHT SNOW               13     SLEET                      0
FOG                      14     FOG W/VIS <= 1/4 MILE      0
HAZE                      8

-  INDICATES NEGATIVE NUMBERS.
R  INDICATES RECORD WAS SET OR TIED.
MM INDICATES DATA IS MISSING.
T  INDICATES TRACE AMOUNT.

$$
