000
CXUS53 KLMK 011033
CLMLEX

CLIMATE REPORT
NATIONAL WEATHER SERVICE LOUISVILLE KY
611 AM EDT TUE APR 1 2014

...................................

...THE LEXINGTON KY CLIMATE SUMMARY FOR THE MONTH OF MARCH 2014...

CLIMATE NORMAL PERIOD 1981 TO 2010
CLIMATE RECORD PERIOD 1872 TO 2014

WEATHER         OBSERVED          NORMAL  DEPART  LAST YEAR`S
                 VALUE   DATE(S)  VALUE   FROM    VALUE  DATE(S)
                                          NORMAL
................................................................
TEMPERATURE (F)
RECORD
 HIGH              86   03/25/1929
 LOW               -2   03/06/1960
                        03/05/1960
HIGHEST            75   03/11        MM      MM       72  03/16
LOWEST              8   03/04        MM      MM       19  03/22
                                                          03/21
AVG. MAXIMUM     53.3              55.4    -2.1     48.3
AVG. MINIMUM     30.1              35.7    -5.6     30.8
MEAN             41.7              45.5    -3.8     39.5
DAYS MAX >= 90      0               0.0     0.0        0
DAYS MAX <= 32      2               0.7     1.3        1
DAYS MIN <= 32     19              11.9     7.1       21
DAYS MIN <= 0       0               0.0     0.0        0

PRECIPITATION (INCHES)
RECORD
 MAXIMUM        13.82   1997
 MINIMUM         0.46   1910
TOTALS           2.89              4.07   -1.18     5.35
DAILY AVG.       0.09              0.13   -0.04     0.17
DAYS >= .01         8              12.4    -4.4       14
DAYS >= .10         7               7.7    -0.7        7
DAYS >= .50         2               2.8    -0.8        5
DAYS >= 1.00        1               0.9     0.1        2
GREATEST
 24 HR. TOTAL    1.02   03/02 TO 03/02

SNOWFALL (INCHES)
RECORDS
 TOTAL           17.7   5
                        0
TOTALS            7.5               1.4     6.1      3.3
SINCE 7/1        26.8              12.7    14.1     11.8
SNOWDEPTH AVG.      0                MM      MM        0
DAYS >= 1.0         2               0.4     1.6        1
GREATEST
 SNOW DEPTH         4   03/04                          2  03/06
 24 HR TOTAL      4.6   MM

DEGREE_DAYS
HEATING TOTAL     716               605     111      783
 SINCE 7/1       4559              4176     383     4291
COOLING TOTAL       0                 2      -2        0
 SINCE 1/1          0                 2      -2        0
.................................................................

WIND (MPH)
AVERAGE WIND SPEED              10.5
HIGHEST WIND SPEED/DIRECTION    38/200    DATE  03/27
HIGHEST GUST SPEED/DIRECTION    53/210    DATE  03/27

SKY COVER
POSSIBLE SUNSHINE (PERCENT)   MM
AVERAGE SKY COVER           0.40
NUMBER OF DAYS FAIR           18
NUMBER OF DAYS PC              5
NUMBER OF DAYS CLOUDY          8

AVERAGE RH (PERCENT)     60

WEATHER CONDITIONS. NUMBER OF DAYS WITH
THUNDERSTORM              0     MIXED PRECIP               0
HEAVY RAIN                3     RAIN                       4
LIGHT RAIN               10     FREEZING RAIN              2
LT FREEZING RAIN          2     HAIL                       0
HEAVY SNOW                2     SNOW                       2
LIGHT SNOW                6     SLEET                      1
FOG                       9     FOG W/VIS <= 1/4 MILE      2
HAZE                      6

-  INDICATES NEGATIVE NUMBERS.
R  INDICATES RECORD WAS SET OR TIED.
MM INDICATES DATA IS MISSING.
T  INDICATES TRACE AMOUNT.

$$
