000
CXUS53 KLMK 011824
CLMLEX


CLIMATE REPORT
NATIONAL WEATHER SERVICE LOUISVILLE KY
121 PM EST TUE MAR 1 2016

...................................

...THE LEXINGTON KY CLIMATE SUMMARY FOR THE MONTH OF FEBRUARY 2016...

CLIMATE NORMAL PERIOD 1981 TO 2010
CLIMATE RECORD PERIOD 1872 TO 2016

WEATHER         OBSERVED          NORMAL  DEPART  LAST YEAR`S
                 VALUE   DATE(S)  VALUE   FROM    VALUE  DATE(S)
                                          NORMAL
................................................................
TEMPERATURE (F)
RECORD
 HIGH              80   02/23/1996
 LOW              -20   02/13/1899
HIGHEST            72   02/20        MM      MM       60  02/07
                        02/02
LOWEST             13   02/13        MM      MM      -18  02/20
AVG. MAXIMUM     47.0              45.6     1.4     34.5
AVG. MINIMUM     29.4              28.1     1.3     15.4
MEAN             38.2              36.9     1.3     24.9
DAYS MAX >= 90      0               0.0     0.0        0
DAYS MAX <= 32      6               4.0     2.0       12
DAYS MIN <= 32     17              18.6    -1.6       26
DAYS MIN <= 0       0               0.2    -0.2        3

PRECIPITATION (INCHES)
RECORD
 MAXIMUM        10.12   1989
 MINIMUM         0.52   1895
TOTALS           4.46              3.20    1.26     3.00
DAILY AVG.       0.15                MM      MM     0.11
DAYS >= .01        13              11.1     1.9        8
DAYS >= .10        11               6.3     4.7        4
DAYS >= .50         4               2.0     2.0        3
DAYS >= 1.00        0               0.6    -0.6        2
GREATEST
 24 HR. TOTAL    1.09   02/02 TO 02/03

SNOWFALL (INCHES)
RECORDS
 TOTAL           17.4   5
                        0
TOTALS            5.0               4.6     0.4     15.4
SINCE 7/1        14.6              11.3     3.3     22.9
SNOWDEPTH AVG.      0                MM      MM        3
DAYS >= 1.0         2               1.4     0.6        2
GREATEST
 SNOW DEPTH         3   02/15                         10  02/18
                                                          02/17
 24 HR TOTAL      2.8   MM

DEGREE_DAYS
HEATING TOTAL     767               788     -21     1116
 SINCE 7/1       2971              3595    -624     3978
COOLING TOTAL       0                 0       0        0
 SINCE 1/1          0                 0       0        0
.................................................................

WIND (MPH)
AVERAGE WIND SPEED              9.9
HIGHEST WIND SPEED/DIRECTION    38/220    DATE  02/19
HIGHEST GUST SPEED/DIRECTION    52/220    DATE  02/19

SKY COVER
POSSIBLE SUNSHINE (PERCENT)   MM
AVERAGE SKY COVER           0.60
NUMBER OF DAYS FAIR           10
NUMBER OF DAYS PC              6
NUMBER OF DAYS CLOUDY         13

AVERAGE RH (PERCENT)     68

WEATHER CONDITIONS. NUMBER OF DAYS WITH
THUNDERSTORM              2     MIXED PRECIP               0
HEAVY RAIN                4     RAIN                       9
LIGHT RAIN               12     FREEZING RAIN              0
LT FREEZING RAIN          1     HAIL                       0
HEAVY SNOW                0     SNOW                       4
LIGHT SNOW               10     SLEET                      0
FOG                      16     FOG W/VIS <= 1/4 MILE      4
HAZE                      5

-  INDICATES NEGATIVE NUMBERS.
R  INDICATES RECORD WAS SET OR TIED.
MM INDICATES DATA IS MISSING.
T  INDICATES TRACE AMOUNT.

$$
