000
CXUS53 KLMK 012251 CCA
CLMLEX

CLIMATE REPORT
NATIONAL WEATHER SERVICE LOUISVILLE KY
629 AM EST SAT MAR 1 2014

...................................

...THE LEXINGTON KY CLIMATE SUMMARY FOR THE MONTH OF FEBRUARY 2014...
...CORRECTED NUMBER OF THUNDERSTORM DAYS...

CLIMATE NORMAL PERIOD 1981 TO 2010
CLIMATE RECORD PERIOD 1872 TO 2014

WEATHER         OBSERVED          NORMAL  DEPART  LAST YEAR`S
                 VALUE   DATE(S)  VALUE   FROM    VALUE  DATE(S)
                                          NORMAL
................................................................
TEMPERATURE (F)
RECORD
 HIGH              80   02/23/1996
 LOW              -20   02/13/1899
HIGHEST            70   02/20        MM      MM       63  02/07
LOWEST              4   02/11        MM      MM        5  02/01
AVG. MAXIMUM     41.0              45.6    -4.6     44.5
AVG. MINIMUM     23.5              28.1    -4.6     25.8
MEAN             32.2              36.9    -4.7     35.1
DAYS MAX >= 90      0               0.0     0.0        0
DAYS MAX <= 32     10               4.0     6.0        4
DAYS MIN <= 32     22              18.6     3.4       23
DAYS MIN <= 0       0               0.2    -0.2        0

PRECIPITATION (INCHES)
RECORD
 MAXIMUM        10.12   1989
 MINIMUM         0.52   1895
TOTALS           4.73              3.20    1.53     1.52
DAILY AVG.       0.17              0.11    0.06     0.05
DAYS >= .01        15              11.1     3.9       12
DAYS >= .10         9               6.3     2.7        7
DAYS >= .50         2               2.0     0.0        0
DAYS >= 1.00        2               0.6     1.4        0
GREATEST
 24 HR. TOTAL    1.49   02/04 TO 02/05

SNOWFALL (INCHES)
RECORDS
 TOTAL           17.4   5
                        0
TOTALS            8.7               4.6     4.1      2.6
SINCE 7/1        19.3              11.3     8.0      8.5
SNOWDEPTH AVG.      2                MM      MM        0
DAYS >= 1.0         2               1.4     0.6        1
GREATEST
 SNOW DEPTH         5   02/10                          2  02/03
                                                          02/01
 24 HR TOTAL      3.8   MM

DEGREE_DAYS
HEATING TOTAL     909               788     121      829
 SINCE 7/1       3843              3571     272     3508
COOLING TOTAL       0                 0       0        0
 SINCE 1/1          0                 0       0        0
.................................................................

WIND (MPH)
AVERAGE WIND SPEED              9.2
HIGHEST WIND SPEED/DIRECTION    36/280    DATE  02/21
HIGHEST GUST SPEED/DIRECTION    46/280    DATE  02/21

SKY COVER
POSSIBLE SUNSHINE (PERCENT)   MM
AVERAGE SKY COVER           0.50
NUMBER OF DAYS FAIR           12
NUMBER OF DAYS PC              7
NUMBER OF DAYS CLOUDY          9

AVERAGE RH (PERCENT)     68

WEATHER CONDITIONS. NUMBER OF DAYS WITH
THUNDERSTORM              3     MIXED PRECIP               0
HEAVY RAIN                3     RAIN                       8
LIGHT RAIN                9     FREEZING RAIN              3
LT FREEZING RAIN          2     HAIL                       0
HEAVY SNOW                0     SNOW                       0
LIGHT SNOW               14     SLEET                      0
FOG                      19     FOG W/VIS <= 1/4 MILE      0
HAZE                      8

-  INDICATES NEGATIVE NUMBERS.
R  INDICATES RECORD WAS SET OR TIED.
MM INDICATES DATA IS MISSING.
T  INDICATES TRACE AMOUNT.

$$
