000
CXUS53 KLMK 011247
CLMLEX


CLIMATE REPORT
NATIONAL WEATHER SERVICE LOUISVILLE KY
844 AM EDT TUE OCT 1 2013

...................................

...THE LEXINGTON KY CLIMATE SUMMARY FOR THE MONTH OF SEPTEMBER 2013...

CLIMATE NORMAL PERIOD 1981 TO 2010
CLIMATE RECORD PERIOD 1872 TO 2013

WEATHER         OBSERVED          NORMAL  DEPART  LAST YEAR`S
                 VALUE   DATE(S)  VALUE   FROM    VALUE  DATE(S)
                                          NORMAL
................................................................
TEMPERATURE (F)
RECORD
 HIGH             103   09/05/1954
 LOW               32   09/30/1899
HIGHEST            90   09/11        MM      MM       90  09/01
                        09/10
                        09/09
LOWEST             47   09/14        MM      MM       36  09/24
                                                          09/23
AVG. MAXIMUM     80.3              78.8     1.5     76.7
AVG. MINIMUM     59.0              57.5     1.5     56.3
MEAN             69.7              68.1     1.6     66.5
DAYS MAX >= 90      3               2.0     1.0        1
DAYS MAX <= 32      0               0.0     0.0        0
DAYS MIN <= 32      0               0.0     0.0        0
DAYS MIN <= 0       0               0.0     0.0        0

PRECIPITATION (INCHES)
RECORD
 MAXIMUM        10.25   2006
 MINIMUM         0.24   1959
TOTALS           1.63              2.91   -1.28     5.42
DAILY AVG.       0.05              0.10   -0.05     0.18
DAYS >= .01         4               7.8    -3.8       10
DAYS >= .10         2               4.9    -2.9       10
DAYS >= .50         1               1.9    -0.9        4
DAYS >= 1.00        1               0.8     0.2        1
GREATEST
 24 HR. TOTAL    2.09   08/31 TO 09/01

SNOWFALL (INCHES)
RECORDS
 TOTAL             MM   5
TOTALS            0.0               0.0     0.0      0.0
SINCE 7/1         0.0               0.0     0.0      0.0
SNOWDEPTH AVG.      0                MM      MM        0
DAYS >= 1.0         0               0.0     0.0        0
GREATEST
 SNOW DEPTH         0   MM                             0  MM
 24 HR TOTAL      0.0   09/30 TO 09/30

DEGREE_DAYS
HEATING TOTAL      17                52     -35       74
 SINCE 7/1         20                54     -34       74
COOLING TOTAL     163               146      17      125
 SINCE 1/1       1201              1163      38     1353
.................................................................

WIND (MPH)
AVERAGE WIND SPEED              6.1
HIGHEST WIND SPEED/DIRECTION    20/330    DATE  09/13
HIGHEST GUST SPEED/DIRECTION    25/350    DATE  09/13

SKY COVER
POSSIBLE SUNSHINE (PERCENT)   MM
AVERAGE SKY COVER           0.20
NUMBER OF DAYS FAIR           22
NUMBER OF DAYS PC              6
NUMBER OF DAYS CLOUDY          2

AVERAGE RH (PERCENT)     71

WEATHER CONDITIONS. NUMBER OF DAYS WITH
THUNDERSTORM              3     MIXED PRECIP               0
HEAVY RAIN                2     RAIN                       1
LIGHT RAIN                8     FREEZING RAIN              0
LT FREEZING RAIN          0     HAIL                       0
HEAVY SNOW                0     SNOW                       0
LIGHT SNOW                0     SLEET                      0
FOG                      14     FOG W/VIS <= 1/4 MILE      1
HAZE                      9

-  INDICATES NEGATIVE NUMBERS.
R  INDICATES RECORD WAS SET OR TIED.
MM INDICATES DATA IS MISSING.
T  INDICATES TRACE AMOUNT.

$$
