000
CXUS53 KLMK 011309
CLMLEX


CLIMATE REPORT
NATIONAL WEATHER SERVICE LOUISVILLE KY
801 AM EST SUN DEC 1 2013

...................................

...THE LEXINGTON KY CLIMATE SUMMARY FOR THE MONTH OF NOVEMBER 2013...

CLIMATE NORMAL PERIOD 1981 TO 2010
CLIMATE RECORD PERIOD 1872 TO 2013

WEATHER         OBSERVED          NORMAL  DEPART  LAST YEAR`S
                 VALUE   DATE(S)  VALUE   FROM    VALUE  DATE(S)
                                          NORMAL
................................................................
TEMPERATURE (F)
RECORD
 HIGH              83   11/01/1987
 LOW               -3   11/25/1950
                        11/30/1929
HIGHEST            71   11/06        MM      MM       70  11/10
LOWEST             15   11/28        MM      MM       21  11/24
AVG. MAXIMUM     53.4              55.4    -2.0     54.1
AVG. MINIMUM     33.3              37.3    -4.0     31.4
MEAN             43.3              46.3    -3.0     42.8
DAYS MAX >= 90      0               0.0     0.0        0
DAYS MAX <= 32      2               0.3     1.7        0
DAYS MIN <= 32     15               9.7     5.3       18
DAYS MIN <= 0       0               0.0     0.0        0

PRECIPITATION (INCHES)
RECORD
 MAXIMUM         8.50   1919
 MINIMUM         0.45   1976
TOTALS           2.45              3.53   -1.08     1.76
DAILY AVG.       0.08              0.12   -0.04     0.06
DAYS >= .01        11              10.7     0.3        5
DAYS >= .10         5               6.7    -1.7        3
DAYS >= .50         1               2.5    -1.5        2
DAYS >= 1.00        0               0.8    -0.8        0
GREATEST
 24 HR. TOTAL    0.88   11/17 TO 11/17
                        11/16 TO 11/17
                        11/17 TO 11/17

SNOWFALL (INCHES)
RECORDS
 TOTAL            9.7   5
                        0
TOTALS            1.4               0.3     1.1      0.0
SINCE 7/1         1.4               0.3     1.1      0.0
SNOWDEPTH AVG.      0                MM      MM        0
DAYS >= 1.0         0               0.1    -0.1        0
GREATEST
 SNOW DEPTH         1   11/27                          0  MM
 24 HR TOTAL      0.8   MM

DEGREE_DAYS
HEATING TOTAL     642               561      81      660
 SINCE 7/1        927               887      40     1062
COOLING TOTAL       0                 2      -2        0
 SINCE 1/1       1245              1190      55     1359
.................................................................

WIND (MPH)
AVERAGE WIND SPEED              8.8
HIGHEST WIND SPEED/DIRECTION    31/170    DATE  11/17
HIGHEST GUST SPEED/DIRECTION    41/160    DATE  11/17

SKY COVER
POSSIBLE SUNSHINE (PERCENT)   MM
AVERAGE SKY COVER           0.30
NUMBER OF DAYS FAIR           16
NUMBER OF DAYS PC              8
NUMBER OF DAYS CLOUDY          6

AVERAGE RH (PERCENT)     65

WEATHER CONDITIONS. NUMBER OF DAYS WITH
THUNDERSTORM              0     MIXED PRECIP               0
HEAVY RAIN                2     RAIN                       5
LIGHT RAIN               11     FREEZING RAIN              0
LT FREEZING RAIN          0     HAIL                       0
HEAVY SNOW                0     SNOW                       0
LIGHT SNOW                4     SLEET                      0
FOG                      12     FOG W/VIS <= 1/4 MILE      0
HAZE                      1

-  INDICATES NEGATIVE NUMBERS.
R  INDICATES RECORD WAS SET OR TIED.
MM INDICATES DATA IS MISSING.
T  INDICATES TRACE AMOUNT.

$$
