000
CXUS53 KLMK 071325
CLMLEX


CLIMATE REPORT
NATIONAL WEATHER SERVICE LOUISVILLE KY
825 AM EST THU NOV 7 2013

...................................

...THE LEXINGTON KY CLIMATE SUMMARY FOR THE MONTH OF OCTOBER 2013...

CLIMATE NORMAL PERIOD 1981 TO 2010
CLIMATE RECORD PERIOD 1872 TO 2013

WEATHER         OBSERVED          NORMAL  DEPART  LAST YEAR`S
                 VALUE   DATE(S)  VALUE   FROM    VALUE  DATE(S)
                                          NORMAL
................................................................
TEMPERATURE (F)
RECORD
 HIGH              93   10/06/1941
 LOW               20   10/28/1976
HIGHEST            84   10/05        MM      MM       78  10/25
                        10/04
LOWEST             29   10/25        MM      MM       31  10/11
AVG. MAXIMUM     67.8              67.5     0.3     63.4
AVG. MINIMUM     47.5              46.6     0.9     45.2
MEAN             57.6              57.0     0.6     54.3
DAYS MAX >= 90      0               0.1    -0.1        0
DAYS MAX <= 32      0               0.0     0.0        0
DAYS MIN <= 32      2               1.5     0.5        1
DAYS MIN <= 0       0               0.0     0.0        0

PRECIPITATION (INCHES)
RECORD
 MAXIMUM         7.95   1918
 MINIMUM         0.11   1924
TOTALS           6.23              3.13    3.10     1.28
DAILY AVG.       0.20              0.10    0.10     0.04
DAYS >= .01        12               8.7     3.3       11
DAYS >= .10         7               5.3     1.7        4
DAYS >= .50         4               2.1     1.9        0
DAYS >= 1.00        2               0.7     1.3        0
GREATEST
 24 HR. TOTAL    2.86   10/05 TO 10/06

SNOWFALL (INCHES)
RECORDS
 TOTAL            2.8   5
                        0
TOTALS              T               0.0     0.0      0.0
SINCE 7/1           T               0.0     0.0      0.0
SNOWDEPTH AVG.      0                MM      MM        0
DAYS >= 1.0         0               0.0     0.0        0
GREATEST
 SNOW DEPTH         0   MM                             0  MM
 24 HR TOTAL        T   10/24 TO 10/24

DEGREE_DAYS
HEATING TOTAL     265               272      -7      328
 SINCE 7/1        285               326     -41      402
COOLING TOTAL      44                25      19        6
 SINCE 1/1       1245              1188      57     1359
.................................................................

WIND (MPH)
AVERAGE WIND SPEED              6.3
HIGHEST WIND SPEED/DIRECTION    40/230    DATE  10/31
HIGHEST GUST SPEED/DIRECTION    53/190    DATE  10/31

SKY COVER
POSSIBLE SUNSHINE (PERCENT)   MM
AVERAGE SKY COVER           0.40
NUMBER OF DAYS FAIR           15
NUMBER OF DAYS PC              9
NUMBER OF DAYS CLOUDY          7

AVERAGE RH (PERCENT)     74

WEATHER CONDITIONS. NUMBER OF DAYS WITH
THUNDERSTORM              0     MIXED PRECIP               0
HEAVY RAIN                5     RAIN                       7
LIGHT RAIN               15     FREEZING RAIN              0
LT FREEZING RAIN          0     HAIL                       0
HEAVY SNOW                0     SNOW                       0
LIGHT SNOW                1     SLEET                      0
FOG                      18     FOG W/VIS <= 1/4 MILE      4
HAZE                      2

-  INDICATES NEGATIVE NUMBERS.
R  INDICATES RECORD WAS SET OR TIED.
MM INDICATES DATA IS MISSING.
T  INDICATES TRACE AMOUNT.

$$
