000
CXUS53 KLMK 011408
CLMLEX


CLIMATE REPORT
NATIONAL WEATHER SERVICE LOUISVILLE KY
1002 AM EDT SUN SEP 1 2013

...................................

...THE LEXINGTON KY CLIMATE SUMMARY FOR THE MONTH OF AUGUST 2013...

CLIMATE NORMAL PERIOD 1981 TO 2010
CLIMATE RECORD PERIOD 1872 TO 2013

WEATHER         OBSERVED          NORMAL  DEPART  LAST YEAR`S
                 VALUE   DATE(S)  VALUE   FROM    VALUE  DATE(S)
                                          NORMAL
................................................................
TEMPERATURE (F)
RECORD
 HIGH             105   08/19/1936
 LOW               42   08/29/1965
HIGHEST            91   08/31        MM      MM       93  08/25
                        08/28                             08/02
LOWEST             52   08/15        MM      MM       52  08/22
                                                          08/20
AVG. MAXIMUM     84.4              85.6    -1.2     85.3
AVG. MINIMUM     65.5              65.0     0.5     63.1
MEAN             74.9              75.3    -0.4     74.2
DAYS MAX >= 90      4               7.3    -3.3        8
DAYS MAX <= 32      0               0.0     0.0        0
DAYS MIN <= 32      0               0.0     0.0        0
DAYS MIN <= 0       0               0.0     0.0        0

PRECIPITATION (INCHES)
RECORD
 MAXIMUM        11.18   1974
 MINIMUM         0.29   1998
TOTALS           5.14              3.25    1.89     2.15
DAILY AVG.       0.17              0.10    0.07     0.07
DAYS >= .01         9               8.7     0.3        8
DAYS >= .10         5               6.1    -1.1        5
DAYS >= .50         4               2.1     1.9        2
DAYS >= 1.00        2               0.8     1.2        0
GREATEST
 24 HR. TOTAL    2.09   08/31 TO 08/31

SNOWFALL (INCHES)
RECORDS
 TOTAL             MM   5
TOTALS            0.0               0.0     0.0      0.0
SINCE 7/1         0.0               0.0     0.0      0.0
SNOWDEPTH AVG.      0                MM      MM        0
DAYS >= 1.0         0               0.0     0.0        0
GREATEST
 SNOW DEPTH         0   MM                             0  MM
 24 HR TOTAL      0.0   08/31 TO 08/31

DEGREE_DAYS
HEATING TOTAL       3                 2       1        0
 SINCE 7/1          3                 2       1        0
COOLING TOTAL     315               321      -6      295
 SINCE 1/1       1038              1017      21     1228
.................................................................

WIND (MPH)
AVERAGE WIND SPEED              5.8
HIGHEST WIND SPEED/DIRECTION    33/030    DATE  08/31
HIGHEST GUST SPEED/DIRECTION    41/030    DATE  08/31

SKY COVER
POSSIBLE SUNSHINE (PERCENT)   MM
AVERAGE SKY COVER           0.40
NUMBER OF DAYS FAIR           17
NUMBER OF DAYS PC             12
NUMBER OF DAYS CLOUDY          2

AVERAGE RH (PERCENT)     74

WEATHER CONDITIONS. NUMBER OF DAYS WITH
THUNDERSTORM              0     MIXED PRECIP               0
HEAVY RAIN                4     RAIN                       6
LIGHT RAIN               16     FREEZING RAIN              0
LT FREEZING RAIN          0     HAIL                       0
HEAVY SNOW                0     SNOW                       0
LIGHT SNOW                0     SLEET                      0
FOG                      21     FOG W/VIS <= 1/4 MILE      5
HAZE                      9

-  INDICATES NEGATIVE NUMBERS.
R  INDICATES RECORD WAS SET OR TIED.
MM INDICATES DATA IS MISSING.
T  INDICATES TRACE AMOUNT.

$$
