000
CXUS53 KLMK 021411
CLMLEX


CLIMATE REPORT
NATIONAL WEATHER SERVICE LOUISVILLE KY
909 AM EST MON NOV 2 2015

...................................

...THE LEXINGTON KY CLIMATE SUMMARY FOR THE MONTH OF OCTOBER 2015...

CLIMATE NORMAL PERIOD 1981 TO 2010
CLIMATE RECORD PERIOD 1872 TO 2015

WEATHER         OBSERVED          NORMAL  DEPART  LAST YEAR`S
                 VALUE   DATE(S)  VALUE   FROM    VALUE  DATE(S)
                                          NORMAL
................................................................
TEMPERATURE (F)
RECORD
 HIGH              93   10/06/1941
 LOW               20   10/28/1976
HIGHEST            83   10/08        MM      MM       88  10/02
                        10/07
LOWEST             29   10/18        MM      MM       35  10/30
AVG. MAXIMUM     68.1              67.5     0.6     68.0
AVG. MINIMUM     47.4              46.6     0.8     49.1
MEAN             57.7              57.0     0.7     58.5
DAYS MAX >= 90      0               0.1    -0.1        0
DAYS MAX <= 32      0               0.0     0.0        0
DAYS MIN <= 32      3               1.5     1.5        0
DAYS MIN <= 0       0               0.0     0.0        0

PRECIPITATION (INCHES)
RECORD
 MAXIMUM         7.95   1918
 MINIMUM         0.11   1924
TOTALS           3.45              3.13    0.32     4.47
DAILY AVG.       0.11              0.10    0.01     0.14
DAYS >= .01        12               8.7     3.3       15
DAYS >= .10         6               5.3     0.7       10
DAYS >= .50         2               2.1    -0.1        2
DAYS >= 1.00        0               0.7    -0.7        1
GREATEST
 24 HR. TOTAL    1.13   10/27 TO 10/28

SNOWFALL (INCHES)
RECORDS
 TOTAL            2.8   5
                        0
TOTALS            0.0               0.0     0.0        T
SINCE 7/1         0.0               0.0     0.0        T
SNOWDEPTH AVG.      0                MM      MM        0
DAYS >= 1.0         0               0.0     0.0        0
GREATEST
 SNOW DEPTH         0   MM                             0  MM
 24 HR TOTAL      0.0   10/31 TO 10/31

DEGREE_DAYS
HEATING TOTAL     237               272     -35      218
 SINCE 7/1        252               326     -74      248
COOLING TOTAL      18                25      -7       27
 SINCE 1/1       1280              1188      92     1274
.................................................................

WIND (MPH)
AVERAGE WIND SPEED              8.1
HIGHEST WIND SPEED/DIRECTION    25/250    DATE  10/29
HIGHEST GUST SPEED/DIRECTION    36/170    DATE  10/31

SKY COVER
POSSIBLE SUNSHINE (PERCENT)    0
AVERAGE SKY COVER           0.30
NUMBER OF DAYS FAIR           20
NUMBER OF DAYS PC              6
NUMBER OF DAYS CLOUDY          5

AVERAGE RH (PERCENT)     68

WEATHER CONDITIONS. NUMBER OF DAYS WITH
THUNDERSTORM              3     MIXED PRECIP               0
HEAVY RAIN                5     RAIN                       8
LIGHT RAIN               13     FREEZING RAIN              0
LT FREEZING RAIN          0     HAIL                       0
HEAVY SNOW                0     SNOW                       0
LIGHT SNOW                0     SLEET                      0
FOG                      13     FOG W/VIS <= 1/4 MILE      0
HAZE                      3

-  INDICATES NEGATIVE NUMBERS.
R  INDICATES RECORD WAS SET OR TIED.
MM INDICATES DATA IS MISSING.
T  INDICATES TRACE AMOUNT.

$$
