557
CXUS53 KLMK 011331
CLMLEX


CLIMATE REPORT
NATIONAL WEATHER SERVICE LOUISVILLE KY
827 AM EST WED FEB 1 2017

...................................

...THE LEXINGTON KY CLIMATE SUMMARY FOR THE MONTH OF JANUARY 2017...

CLIMATE NORMAL PERIOD 1981 TO 2010
CLIMATE RECORD PERIOD 1872 TO 2017

WEATHER         OBSERVED          NORMAL  DEPART  LAST YEAR`S
                 VALUE   DATE(S)  VALUE   FROM    VALUE  DATE(S)
                                          NORMAL
................................................................
TEMPERATURE (F)
RECORD
 HIGH              80   01/24/1943
 LOW              -21   01/24/1963
HIGHEST            67   01/17        MM      MM       69  01/31
                        01/12
LOWEST              4   01/07        MM      MM        4  01/24
                                                          01/18
AVG. MAXIMUM     47.1              40.9     6.2     40.9
AVG. MINIMUM     33.3              24.9     8.4     22.7
MEAN             40.2              32.9     7.3     31.8
DAYS MAX >= 90      0               0.0     0.0        0
DAYS MAX <= 32      4               7.3    -3.3        9
DAYS MIN <= 32     11              22.6   -11.6       27
DAYS MIN <= 0       0               0.7    -0.7        0

PRECIPITATION (INCHES)
RECORD
 MAXIMUM        16.65   1950
 MINIMUM         0.37   1981
TOTALS           4.71              3.20    1.51     1.24
DAILY AVG.       0.15              0.10    0.05     0.04
DAYS >= .01        21              12.1     8.9       10
DAYS >= .10        12               6.2     5.8        5
DAYS >= .50         3               2.1     0.9        0
DAYS >= 1.00        1               0.8     0.2        0
GREATEST
 24 HR. TOTAL    1.28   01/16 TO 01/17

SNOWFALL (INCHES)
RECORDS
 TOTAL           21.9   5
                        0
TOTALS            3.3               3.9    -0.6      9.6
SINCE 7/1         3.4               6.7    -3.3      9.6
SNOWDEPTH AVG.      0                 2      -2        1
DAYS >= 1.0         1               1.2    -0.2        2
GREATEST
 SNOW DEPTH         2   01/06                          8  01/23
 24 HR TOTAL      2.5   01/05 TO 01/05

DEGREE_DAYS
HEATING TOTAL     761               995    -234     1022
 SINCE 7/1       2204              2783    -579     2204
COOLING TOTAL       0                 0       0        0
 SINCE 1/1          0                 0       0        0
.................................................................

WIND (MPH)
AVERAGE WIND SPEED              10.0
HIGHEST WIND SPEED/DIRECTION    35/190    DATE  01/10
HIGHEST GUST SPEED/DIRECTION    47/180    DATE  01/10

SKY COVER
POSSIBLE SUNSHINE (PERCENT)   MM
AVERAGE SKY COVER           0.70
NUMBER OF DAYS FAIR            7
NUMBER OF DAYS PC              6
NUMBER OF DAYS CLOUDY         18

AVERAGE RH (PERCENT)     75

WEATHER CONDITIONS. NUMBER OF DAYS WITH
THUNDERSTORM              0     MIXED PRECIP               0
HEAVY RAIN                6     RAIN                       9
LIGHT RAIN               17     FREEZING RAIN              0
LT FREEZING RAIN          3     HAIL                       0
HEAVY SNOW                0     SNOW                       1
LIGHT SNOW                7     SLEET                      0
FOG                      24     FOG W/VIS <= 1/4 MILE      2
HAZE                      2

-  INDICATES NEGATIVE NUMBERS.
R  INDICATES RECORD WAS SET OR TIED.
MM INDICATES DATA IS MISSING.
T  INDICATES TRACE AMOUNT.

$$
