000
CXUS53 KLMK 091850 CCA
CLMLEX

CLIMATE REPORT
NATIONAL WEATHER SERVICE LOUISVILLE KY
921 AM EDT MON AUG 1 2016

...................................

...THE LEXINGTON KY CLIMATE SUMMARY FOR THE MONTH OF JULY 2016...
...COR FOR THUNDERSTORM DAYS...

CLIMATE NORMAL PERIOD 1981 TO 2010
CLIMATE RECORD PERIOD 1872 TO 2016

WEATHER         OBSERVED          NORMAL  DEPART  LAST YEAR`S
                 VALUE   DATE(S)  VALUE   FROM    VALUE  DATE(S)
                                          NORMAL
................................................................
TEMPERATURE (F)
RECORD
 HIGH             108   07/15/1936
                        07/10/1936
 LOW               47   07/07/1972
                        07/23/1947
                        07/02/1937
HIGHEST            95   07/24        MM      MM       91  07/19
                                                          07/18
LOWEST             59   07/02        MM      MM       61  07/24
AVG. MAXIMUM     87.4              86.1     1.3     84.9
AVG. MINIMUM     69.1              66.3     2.8     67.1
MEAN             78.3              76.2     2.1     76.0
DAYS MAX >= 90     10               7.2     2.8        5
DAYS MAX <= 32      0               0.0     0.0        0
DAYS MIN <= 32      0               0.0     0.0        0
DAYS MIN <= 0       0               0.0     0.0        0

PRECIPITATION (INCHES)
RECORD
 MAXIMUM        10.64   1958
 MINIMUM         0.45   1930
TOTALS           4.98              4.65    0.33     9.66
DAILY AVG.       0.16              0.15    0.01     0.31
DAYS >= .01        11              10.4     0.6       19
DAYS >= .10         9               7.5     1.5       14
DAYS >= .50         4               3.2     0.8        6
DAYS >= 1.00        2               1.5     0.5        4
GREATEST
 24 HR. TOTAL    1.58   07/03 TO 07/04

SNOWFALL (INCHES)
RECORDS
 TOTAL             MM   5
TOTALS            0.0               0.0     0.0      0.0
SINCE 7/1         0.0               0.0     0.0      0.0
SNOWDEPTH AVG.      0                MM      MM        0
DAYS >= 1.0         0               0.0     0.0        0
GREATEST
 SNOW DEPTH         0   MM                             0  MM
 24 HR TOTAL      0.0   07/31 TO 07/31

DEGREE_DAYS
HEATING TOTAL       0                 0       0        0
 SINCE 7/1          0                 0       0        0
COOLING TOTAL     417               347      70      349
 SINCE 1/1        844               696     148      806
.................................................................

WIND (MPH)
AVERAGE WIND SPEED              5.8
HIGHEST WIND SPEED/DIRECTION    37/280    DATE  07/13
HIGHEST GUST SPEED/DIRECTION    55/290    DATE  07/13

SKY COVER
POSSIBLE SUNSHINE (PERCENT)   MM
AVERAGE SKY COVER           0.30
NUMBER OF DAYS FAIR           22
NUMBER OF DAYS PC              7
NUMBER OF DAYS CLOUDY          2

AVERAGE RH (PERCENT)     73

WEATHER CONDITIONS. NUMBER OF DAYS WITH
THUNDERSTORM             10     MIXED PRECIP               0
HEAVY RAIN                8     RAIN                       5
LIGHT RAIN               20     FREEZING RAIN              0
LT FREEZING RAIN          0     HAIL                       0
HEAVY SNOW                0     SNOW                       0
LIGHT SNOW                0     SLEET                      0
FOG                      16     FOG W/VIS <= 1/4 MILE      1
HAZE                      3

-  INDICATES NEGATIVE NUMBERS.
R  INDICATES RECORD WAS SET OR TIED.
MM INDICATES DATA IS MISSING.
T  INDICATES TRACE AMOUNT.

$$
