000
CXUS53 KLMK 031339 CCA
CLMLEX

CLIMATE REPORT
NATIONAL WEATHER SERVICE LOUISVILLE KY
749 AM EDT SUN JUN 1 2014

...................................

...THE LEXINGTON KY CLIMATE SUMMARY FOR THE MONTH OF MAY 2014...
...COR FOR THUNDERSTORMS DAYS...

CLIMATE NORMAL PERIOD 1981 TO 2010
CLIMATE RECORD PERIOD 1872 TO 2014

WEATHER         OBSERVED          NORMAL  DEPART  LAST YEAR`S
                 VALUE   DATE(S)  VALUE   FROM    VALUE  DATE(S)
                                          NORMAL
................................................................
TEMPERATURE (F)
RECORD
 HIGH              96   05/22/1941
 LOW               26   05/10/1966
HIGHEST            88   05/27        MM      MM       88  05/30
LOWEST             38   05/17        MM      MM       38  05/13
AVG. MAXIMUM     77.9              74.4     3.5     75.7
AVG. MINIMUM     55.2              53.9     1.3     56.7
MEAN             66.5              64.2     2.3     66.2
DAYS MAX >= 90      0               0.0     0.0        0
DAYS MAX <= 32      0               0.0     0.0        0
DAYS MIN <= 32      0               0.0     0.0        0
DAYS MIN <= 0       0               0.0     0.0        0

PRECIPITATION (INCHES)
RECORD
 MAXIMUM        10.91   2004
 MINIMUM         0.60   1932
TOTALS           5.43              5.26    0.17     5.66
DAILY AVG.       0.18              0.17    0.01     0.18
DAYS >= .01        11              12.5    -1.5       13
DAYS >= .10         8               8.5    -0.5       11
DAYS >= .50         3               3.6    -0.6        5
DAYS >= 1.00        2               1.3     0.7        2
GREATEST
 24 HR. TOTAL    2.29   05/14 TO 05/15

SNOWFALL (INCHES)
RECORDS
 TOTAL            6.0   5
                        0
TOTALS            0.0               0.0     0.0      0.0
SINCE 7/1        27.1              13.0    14.1     12.5
SNOWDEPTH AVG.      0                MM      MM        0
DAYS >= 1.0         0               0.0     0.0        0
GREATEST
 SNOW DEPTH         0   MM                             0  MM
 24 HR TOTAL      0.0   05/31 TO 05/31

DEGREE_DAYS
HEATING TOTAL      90               111     -21       81
 SINCE 7/1       4855              4600     255     4667
COOLING TOTAL     146                85      61      123
 SINCE 1/1        161               107      54      153
.................................................................

WIND (MPH)
AVERAGE WIND SPEED              7.8
HIGHEST WIND SPEED/DIRECTION    35/290    DATE  05/21
HIGHEST GUST SPEED/DIRECTION    57/290    DATE  05/21

SKY COVER
POSSIBLE SUNSHINE (PERCENT)   MM
AVERAGE SKY COVER           0.30
NUMBER OF DAYS FAIR           23
NUMBER OF DAYS PC              6
NUMBER OF DAYS CLOUDY          2

AVERAGE RH (PERCENT)     66

WEATHER CONDITIONS. NUMBER OF DAYS WITH
THUNDERSTORM              8     MIXED PRECIP               0
HEAVY RAIN                4     RAIN                       7
LIGHT RAIN               11     FREEZING RAIN              0
LT FREEZING RAIN          0     HAIL                       0
HEAVY SNOW                0     SNOW                       0
LIGHT SNOW                0     SLEET                      0
FOG                      11     FOG W/VIS <= 1/4 MILE      2
HAZE                      3

-  INDICATES NEGATIVE NUMBERS.
R  INDICATES RECORD WAS SET OR TIED.
MM INDICATES DATA IS MISSING.
T  INDICATES TRACE AMOUNT.

$$
