000
CXUS53 KLMK 011024 RRC
CLMLEX

CLIMATE REPORT
NATIONAL WEATHER SERVICE LOUISVILLE KY
620 AM EDT WED JUN 1 2016

...................................

...THE LEXINGTON KY CLIMATE SUMMARY FOR THE MONTH OF MAY 2016...

CLIMATE NORMAL PERIOD 1981 TO 2010
CLIMATE RECORD PERIOD 1872 TO 2016

WEATHER         OBSERVED          NORMAL  DEPART  LAST YEAR`S
                 VALUE   DATE(S)  VALUE   FROM    VALUE  DATE(S)
                                          NORMAL
................................................................
TEMPERATURE (F)
RECORD
 HIGH              96   05/22/1941
 LOW               26   05/10/1966
HIGHEST            86   05/30        MM      MM       89  05/11
                        05/29
LOWEST             38   05/16        MM      MM       41  05/01
AVG. MAXIMUM     72.8              74.4    -1.6     79.0
AVG. MINIMUM     53.3              53.9    -0.6     56.8
MEAN             63.0              64.2    -1.2     67.9
DAYS MAX >= 90      0               0.0     0.0        0
DAYS MAX <= 32      0               0.0     0.0        0
DAYS MIN <= 32      0               0.0     0.0        0
DAYS MIN <= 0       0               0.0     0.0        0

PRECIPITATION (INCHES)
RECORD
 MAXIMUM        10.91   2004
 MINIMUM         0.60   1932
TOTALS           6.49              5.26    1.23     2.07
DAILY AVG.       0.21              0.17    0.04     0.07
DAYS >= .01        16              12.5     3.5        8
DAYS >= .10        10               8.5     1.5        5
DAYS >= .50         5               3.6     1.4        1
DAYS >= 1.00        1               1.3    -0.3        0
GREATEST
 24 HR. TOTAL    2.05   05/10 TO 05/11

SNOWFALL (INCHES)
RECORDS
 TOTAL            6.0   5
                        0
TOTALS            0.0               0.0     0.0      0.0
SINCE 7/1        15.3              13.0     2.3     40.0
SNOWDEPTH AVG.      0                MM      MM        0
DAYS >= 1.0         0               0.0     0.0        0
GREATEST
 SNOW DEPTH         0   MM                             0  MM
 24 HR TOTAL      0.0   05/31 TO 05/31

DEGREE_DAYS
HEATING TOTAL     137               111      26       59
 SINCE 7/1       3764              4600    -836     4946
COOLING TOTAL      86                85       1      156
 SINCE 1/1        114               107       7      168
.................................................................

WIND (MPH)
AVERAGE WIND SPEED              7.3
HIGHEST WIND SPEED/DIRECTION    30/230    DATE  05/01
HIGHEST GUST SPEED/DIRECTION    38/230    DATE  05/01

SKY COVER
POSSIBLE SUNSHINE (PERCENT)   MM
AVERAGE SKY COVER           0.50
NUMBER OF DAYS FAIR           11
NUMBER OF DAYS PC             14
NUMBER OF DAYS CLOUDY          6

AVERAGE RH (PERCENT)     70

WEATHER CONDITIONS. NUMBER OF DAYS WITH
THUNDERSTORM              7     MIXED PRECIP               0
HEAVY RAIN                7     RAIN                      11
LIGHT RAIN               18     FREEZING RAIN              0
LT FREEZING RAIN          0     HAIL                       0
HEAVY SNOW                0     SNOW                       0
LIGHT SNOW                0     SLEET                      0
FOG                      17     FOG W/VIS <= 1/4 MILE      0
HAZE                      2

-  INDICATES NEGATIVE NUMBERS.
R  INDICATES RECORD WAS SET OR TIED.
MM INDICATES DATA IS MISSING.
T  INDICATES TRACE AMOUNT.

$$
