000
CXUS53 KLMK 011219
CLMLEX


CLIMATE REPORT
NATIONAL WEATHER SERVICE LOUISVILLE KY
749 AM EDT MON SEP 1 2014

...................................

...THE LEXINGTON KY CLIMATE SUMMARY FOR THE MONTH OF AUGUST 2014...

CLIMATE NORMAL PERIOD 1981 TO 2010
CLIMATE RECORD PERIOD 1872 TO 2014

WEATHER         OBSERVED          NORMAL  DEPART  LAST YEAR`S
                 VALUE   DATE(S)  VALUE   FROM    VALUE  DATE(S)
                                          NORMAL
................................................................
TEMPERATURE (F)
RECORD
 HIGH             105   08/19/1936
 LOW               42   08/29/1965
HIGHEST            92   08/29        MM      MM       91  08/31
                        08/27                             08/28
                        08/23
LOWEST             56   08/03        MM      MM       52  08/15
AVG. MAXIMUM     85.2              85.6    -0.4     84.4
AVG. MINIMUM     66.5              65.0     1.5     65.5
MEAN             75.9              75.3     0.6     74.9
DAYS MAX >= 90      8               7.3     0.7        4
DAYS MAX <= 32      0               0.0     0.0        0
DAYS MIN <= 32      0               0.0     0.0        0
DAYS MIN <= 0       0               0.0     0.0        0

PRECIPITATION (INCHES)
RECORD
 MAXIMUM        11.18   1974
 MINIMUM         0.29   1998
TOTALS           9.56              3.25    6.31     5.14
DAILY AVG.       0.31              0.10    0.21     0.17
DAYS >= .01        18               8.7     9.3        9
DAYS >= .10         9               6.1     2.9        5
DAYS >= .50         5               2.1     2.9        4
DAYS >= 1.00        1               0.8     0.2        2
GREATEST
 24 HR. TOTAL    5.56   08/09 TO 08/10

SNOWFALL (INCHES)
RECORDS
 TOTAL             MM   5
TOTALS            0.0               0.0     0.0      0.0
SINCE 7/1         0.0               0.0     0.0      0.0
SNOWDEPTH AVG.      0                MM      MM        0
DAYS >= 1.0         0               0.0     0.0        0
GREATEST
 SNOW DEPTH         0   MM                             0  MM
 24 HR TOTAL      0.0   08/31 TO 08/31

DEGREE_DAYS
HEATING TOTAL       0                 2      -2        3
 SINCE 7/1          2                 2       0        3
COOLING TOTAL     345               321      24      315
 SINCE 1/1       1081              1017      64     1038
.................................................................

WIND (MPH)
AVERAGE WIND SPEED              5.4
HIGHEST WIND SPEED/DIRECTION    43/320    DATE  08/20
HIGHEST GUST SPEED/DIRECTION    59/310    DATE  08/20

SKY COVER
POSSIBLE SUNSHINE (PERCENT)   MM
AVERAGE SKY COVER           0.30
NUMBER OF DAYS FAIR           18
NUMBER OF DAYS PC              9
NUMBER OF DAYS CLOUDY          4

AVERAGE RH (PERCENT)     73

WEATHER CONDITIONS. NUMBER OF DAYS WITH
THUNDERSTORM              9     MIXED PRECIP               0
HEAVY RAIN                6     RAIN                      10
LIGHT RAIN               17     FREEZING RAIN              0
LT FREEZING RAIN          0     HAIL                       0
HEAVY SNOW                0     SNOW                       0
LIGHT SNOW                0     SLEET                      0
FOG                      26     FOG W/VIS <= 1/4 MILE      4
HAZE                     13

-  INDICATES NEGATIVE NUMBERS.
R  INDICATES RECORD WAS SET OR TIED.
MM INDICATES DATA IS MISSING.
T  INDICATES TRACE AMOUNT.

$$
