000
CXUS53 KLMK 011018
CLMLEX


CLIMATE REPORT
NATIONAL WEATHER SERVICE LOUISVILLE KY
618 AM EDT MON MAY 1 2017

...................................

...THE LEXINGTON KY CLIMATE SUMMARY FOR THE MONTH OF APRIL 2017...

CLIMATE NORMAL PERIOD 1981 TO 2010
CLIMATE RECORD PERIOD 1872 TO 2017

WEATHER         OBSERVED          NORMAL  DEPART  LAST YEAR`S
                 VALUE   DATE(S)  VALUE   FROM    VALUE  DATE(S)
                                          NORMAL
................................................................
TEMPERATURE (F)
RECORD
 HIGH              91   04/30/1942
 LOW               15   04/18/1875
HIGHEST            86   04/29        MM      MM       84  04/26
                                                          04/20
                                                          04/18
LOWEST             34   04/08        MM      MM       28  04/08
AVG. MAXIMUM     72.6              65.8     6.8     68.5
AVG. MINIMUM     52.3              44.7     7.6     45.3
MEAN             62.5              55.3     7.2     56.9
DAYS MAX >= 90      0               0.0     0.0        0
DAYS MAX <= 32      0               0.0     0.0        0
DAYS MIN <= 32      0               2.7    -2.7        4
DAYS MIN <= 0       0               0.0     0.0        0

PRECIPITATION (INCHES)
RECORD
 MAXIMUM        12.70   2011
 MINIMUM         0.40   1896
TOTALS           1.84              3.60   -1.76     3.31
DAILY AVG.       0.06              0.12   -0.06     0.11
DAYS >= .01        13              12.1     0.9       11
DAYS >= .10         6               7.3    -1.3        7
DAYS >= .50         0               2.4    -2.4        3
DAYS >= 1.00        0               0.7    -0.7        0
GREATEST
 24 HR. TOTAL    0.42   04/16 TO 04/16

SNOWFALL (INCHES)
RECORDS
 TOTAL            5.9   5
                        0
TOTALS            0.0               0.3    -0.3        T
SINCE 7/1         3.4              13.0    -9.6     15.3
SNOWDEPTH AVG.      0                MM      MM        0
DAYS >= 1.0         0               0.1    -0.1        0
GREATEST
 SNOW DEPTH         0   MM                             0  MM
 24 HR TOTAL      0.0   04/30 TO 04/30

DEGREE_DAYS
HEATING TOTAL     132               313    -181      262
 SINCE 7/1       3372              4489   -1117     3627
COOLING TOTAL      66                20      46       25
 SINCE 1/1         75                22      53       28
.................................................................

WIND (MPH)
AVERAGE WIND SPEED              10.1
HIGHEST WIND SPEED/DIRECTION    31/280    DATE  04/06
HIGHEST GUST SPEED/DIRECTION    45/280    DATE  04/06

SKY COVER
POSSIBLE SUNSHINE (PERCENT)   MM
AVERAGE SKY COVER           0.40
NUMBER OF DAYS FAIR           14
NUMBER OF DAYS PC             10
NUMBER OF DAYS CLOUDY          6

AVERAGE RH (PERCENT)     61

WEATHER CONDITIONS. NUMBER OF DAYS WITH
THUNDERSTORM              0     MIXED PRECIP               0
HEAVY RAIN                4     RAIN                       5
LIGHT RAIN               17     FREEZING RAIN              0
LT FREEZING RAIN          0     HAIL                       0
HEAVY SNOW                0     SNOW                       0
LIGHT SNOW                0     SLEET                      0
FOG                      11     FOG W/VIS <= 1/4 MILE      0
HAZE                      1

-  INDICATES NEGATIVE NUMBERS.
R  INDICATES RECORD WAS SET OR TIED.
MM INDICATES DATA IS MISSING.
T  INDICATES TRACE AMOUNT.

$$
