000
CXUS53 KLMK 011016
CLMLEX

CLIMATE REPORT
NATIONAL WEATHER SERVICE LOUISVILLE KY
611 AM EDT THU MAY 1 2014

...................................

...THE LEXINGTON KY CLIMATE SUMMARY FOR THE MONTH OF APRIL 2014...

CLIMATE NORMAL PERIOD 1981 TO 2010
CLIMATE RECORD PERIOD 1872 TO 2014

WEATHER         OBSERVED          NORMAL  DEPART  LAST YEAR`S
                 VALUE   DATE(S)  VALUE   FROM    VALUE  DATE(S)
                                          NORMAL
................................................................
TEMPERATURE (F)
RECORD
 HIGH              91   04/30/1942
 LOW               15   04/18/1875
HIGHEST            83   04/13        MM      MM       84  04/10
LOWEST             27   04/16        MM      MM       28  04/03
AVG. MAXIMUM     69.9              65.8     4.1     66.7
AVG. MINIMUM     46.8              44.7     2.1     45.0
MEAN             58.4              55.3     3.1     55.9
DAYS MAX >= 90      0               0.0     0.0        0
DAYS MAX <= 32      0               0.0     0.0        0
DAYS MIN <= 32      2               2.7    -0.7        3
DAYS MIN <= 0       0               0.0     0.0        0

PRECIPITATION (INCHES)
RECORD
 MAXIMUM        12.70   2011
 MINIMUM         0.40   1896
TOTALS           5.99              3.60    2.39     4.87
DAILY AVG.       0.20              0.12    0.08     0.16
DAYS >= .01        13              12.1     0.9        9
DAYS >= .10         9               7.3     1.7        8
DAYS >= .50         4               2.4     1.6        5
DAYS >= 1.00        2               0.7     1.3        0
GREATEST
 24 HR. TOTAL    2.75   04/28 TO 04/29

SNOWFALL (INCHES)
RECORDS
 TOTAL            5.9   5
                        0
TOTALS            0.3               0.3     0.0      0.0
SINCE 7/1        27.1              13.0    14.1     12.5
SNOWDEPTH AVG.      0                MM      MM        0
DAYS >= 1.0         0               0.1    -0.1        0
GREATEST
 SNOW DEPTH         T   04/15                          0  MM
 24 HR TOTAL      0.3   MM

DEGREE_DAYS
HEATING TOTAL     206               313    -107      296
 SINCE 7/1       4765              4489     276     4587
COOLING TOTAL      15                20      -5       29
 SINCE 1/1         15                22      -7       29
.................................................................

WIND (MPH)
AVERAGE WIND SPEED              10.0
HIGHEST WIND SPEED/DIRECTION    35/240    DATE  04/07
HIGHEST GUST SPEED/DIRECTION    50/240    DATE  04/07

SKY COVER
POSSIBLE SUNSHINE (PERCENT)   MM
AVERAGE SKY COVER           0.40
NUMBER OF DAYS FAIR           16
NUMBER OF DAYS PC              7
NUMBER OF DAYS CLOUDY          7

AVERAGE RH (PERCENT)     59

WEATHER CONDITIONS. NUMBER OF DAYS WITH
THUNDERSTORM              0     MIXED PRECIP               0
HEAVY RAIN                6     RAIN                      10
LIGHT RAIN               14     FREEZING RAIN              0
LT FREEZING RAIN          0     HAIL                       0
HEAVY SNOW                0     SNOW                       0
LIGHT SNOW                1     SLEET                      0
FOG                      12     FOG W/VIS <= 1/4 MILE      0
HAZE                      5

-  INDICATES NEGATIVE NUMBERS.
R  INDICATES RECORD WAS SET OR TIED.
MM INDICATES DATA IS MISSING.
T  INDICATES TRACE AMOUNT.

$$
