000
CXUS53 KLMK 011333
CLMLEX


CLIMATE REPORT
NATIONAL WEATHER SERVICE LOUISVILLE KY
832 AM EST MON DEC 1 2014

...................................

...THE LEXINGTON KY CLIMATE SUMMARY FOR THE MONTH OF NOVEMBER 2014...

CLIMATE NORMAL PERIOD 1981 TO 2010
CLIMATE RECORD PERIOD 1872 TO 2014

WEATHER         OBSERVED          NORMAL  DEPART  LAST YEAR`S
                 VALUE   DATE(S)  VALUE   FROM    VALUE  DATE(S)
                                          NORMAL
................................................................
TEMPERATURE (F)
RECORD
 HIGH              82   11/02/1987
 LOW               -3   11/25/1950
                        11/30/1929
HIGHEST            69   11/03        MM      MM       71  11/06
LOWEST             11   11/19        MM      MM       15  11/28
AVG. MAXIMUM     48.4              55.4    -7.0     53.4
AVG. MINIMUM     30.6              37.3    -6.7     33.3
MEAN             39.5              46.3    -6.8     43.3
DAYS MAX >= 90      0               0.0     0.0        0
DAYS MAX <= 32      1               0.3     0.7        2
DAYS MIN <= 32     19               9.7     9.3       15
DAYS MIN <= 0       0               0.0     0.0        0

PRECIPITATION (INCHES)
RECORD
 MAXIMUM         8.50   1919
 MINIMUM         0.45   1976
TOTALS           2.36              3.53   -1.17     2.45
DAILY AVG.       0.08              0.12   -0.04     0.08
DAYS >= .01         9              10.7    -1.7       11
DAYS >= .10         4               6.7    -2.7        5
DAYS >= .50         2               2.5    -0.5        1
DAYS >= 1.00        0               0.8    -0.8        0
GREATEST
 24 HR. TOTAL    0.99   11/23 TO 11/24

SNOWFALL (INCHES)
RECORDS
 TOTAL            9.7   5
                        0
TOTALS            1.6               0.3     1.3      1.4
SINCE 7/1         1.6               0.3     1.3      1.4
SNOWDEPTH AVG.      0                MM      MM        0
DAYS >= 1.0         1               0.1     0.9        0
GREATEST
 SNOW DEPTH         1   11/19                          1  11/27
                        11/18
 24 HR TOTAL      1.5   11/17 TO 11/17

DEGREE_DAYS
HEATING TOTAL     759               561     198      642
 SINCE 7/1       1007               887     120      927
COOLING TOTAL       0                 2      -2        0
 SINCE 1/1       1274              1190      84     1245
.................................................................

WIND (MPH)
AVERAGE WIND SPEED              9.4
HIGHEST WIND SPEED/DIRECTION    40/230    DATE  11/24
HIGHEST GUST SPEED/DIRECTION    55/220    DATE  11/24

SKY COVER
POSSIBLE SUNSHINE (PERCENT)   MM
AVERAGE SKY COVER           0.50
NUMBER OF DAYS FAIR           14
NUMBER OF DAYS PC              7
NUMBER OF DAYS CLOUDY          9

AVERAGE RH (PERCENT)     68

WEATHER CONDITIONS. NUMBER OF DAYS WITH
THUNDERSTORM              0     MIXED PRECIP               0
HEAVY RAIN                1     RAIN                       3
LIGHT RAIN                9     FREEZING RAIN              1
LT FREEZING RAIN          1     HAIL                       0
HEAVY SNOW                0     SNOW                       1
LIGHT SNOW                7     SLEET                      0
FOG                      15     FOG W/VIS <= 1/4 MILE      0
HAZE                      4

-  INDICATES NEGATIVE NUMBERS.
R  INDICATES RECORD WAS SET OR TIED.
MM INDICATES DATA IS MISSING.
T  INDICATES TRACE AMOUNT.

$$
