000
CXUS53 KLMK 011518
CLMLEX


CLIMATE REPORT
NATIONAL WEATHER SERVICE LOUISVILLE KY
1012 AM EST THU DEC 1 2016

...................................

...THE LEXINGTON KY CLIMATE SUMMARY FOR THE MONTH OF NOVEMBER 2016...

CLIMATE NORMAL PERIOD 1981 TO 2010
CLIMATE RECORD PERIOD 1872 TO 2016

WEATHER         OBSERVED          NORMAL  DEPART  LAST YEAR`S
                 VALUE   DATE(S)  VALUE   FROM    VALUE  DATE(S)
                                          NORMAL
................................................................
TEMPERATURE (F)
RECORD
 HIGH              83   11/01/2016
 LOW               -3   11/25/1950
                        11/30/1929
HIGHEST            83R  11/01        MM      MM       78  11/04
LOWEST             21   11/21        MM      MM       18  11/23
AVG. MAXIMUM     62.2              55.4     6.8     60.2
AVG. MINIMUM     38.1              37.3     0.8     40.7
MEAN             50.2              46.3     3.9     50.4
DAYS MAX >= 90      0               0.0     0.0        0
DAYS MAX <= 32      0               0.3    -0.3        0
DAYS MIN <= 32     10               9.7     0.3        6
DAYS MIN <= 0       0               0.0     0.0        0

PRECIPITATION (INCHES)
RECORD
 MAXIMUM         8.50   1919
 MINIMUM         0.45   1976
TOTALS           1.34              3.53   -2.19     3.23
DAILY AVG.       0.04              0.12   -0.08     0.11
DAYS >= .01         8              10.7    -2.7       10
DAYS >= .10         5               6.7    -1.7        7
DAYS >= .50         1               2.5    -1.5        4
DAYS >= 1.00        0               0.8    -0.8        0
GREATEST
 24 HR. TOTAL    0.60   11/28 TO 11/28
                        11/28 TO 11/29

SNOWFALL (INCHES)
RECORDS
 TOTAL            9.7   5
                        0
TOTALS            0.0               0.3    -0.3        T
SINCE 7/1         0.0               0.3    -0.3        T
SNOWDEPTH AVG.      0                MM      MM        0
DAYS >= 1.0         0               0.1    -0.1        0
GREATEST
 SNOW DEPTH         0   MM                             0  MM
 24 HR TOTAL      0.0   11/30 TO 11/30

DEGREE_DAYS
HEATING TOTAL     453               561    -108      434
 SINCE 7/1        586               887    -301      686
COOLING TOTAL      15                 2      13        4
 SINCE 1/1       1640              1190     450     1284
.................................................................

WIND (MPH)
AVERAGE WIND SPEED              7.2
HIGHEST WIND SPEED/DIRECTION    29/170    DATE  11/28
HIGHEST GUST SPEED/DIRECTION    40/300    DATE  11/19

SKY COVER
POSSIBLE SUNSHINE (PERCENT)   MM
AVERAGE SKY COVER           0.30
NUMBER OF DAYS FAIR           19
NUMBER OF DAYS PC              7
NUMBER OF DAYS CLOUDY          4

AVERAGE RH (PERCENT)     64

WEATHER CONDITIONS. NUMBER OF DAYS WITH
THUNDERSTORM              0     MIXED PRECIP               0
HEAVY RAIN                2     RAIN                       5
LIGHT RAIN                9     FREEZING RAIN              0
LT FREEZING RAIN          0     HAIL                       0
HEAVY SNOW                0     SNOW                       0
LIGHT SNOW                0     SLEET                      0
FOG                      13     FOG W/VIS <= 1/4 MILE      3
HAZE                      7

-  INDICATES NEGATIVE NUMBERS.
R  INDICATES RECORD WAS SET OR TIED.
MM INDICATES DATA IS MISSING.
T  INDICATES TRACE AMOUNT.

$$

NINTH WARMEST NOVEMBER ON RECORD.
