000
CXUS53 KLMK 011015 RRC
CLMLEX

CLIMATE REPORT
NATIONAL WEATHER SERVICE LOUISVILLE KY
612 AM EDT THU JUN 1 2017

...................................

...THE LEXINGTON KY CLIMATE SUMMARY FOR THE MONTH OF MAY 2017...

CLIMATE NORMAL PERIOD 1981 TO 2010
CLIMATE RECORD PERIOD 1872 TO 2017

WEATHER         OBSERVED          NORMAL  DEPART  LAST YEAR`S
                 VALUE   DATE(S)  VALUE   FROM    VALUE  DATE(S)
                                          NORMAL
................................................................
TEMPERATURE (F)
RECORD
 HIGH              96   05/22/1941
 LOW               26   05/10/1966
HIGHEST            88   05/20        MM      MM       86  05/30
                                                          05/29
LOWEST             36   05/08        MM      MM       38  05/16
AVG. MAXIMUM     75.5              74.4     1.1     72.8
AVG. MINIMUM     55.5              53.9     1.6     53.3
MEAN             65.5              64.2     1.3     63.0
DAYS MAX >= 90      0               0.0     0.0        0
DAYS MAX <= 32      0               0.0     0.0        0
DAYS MIN <= 32      0               0.0     0.0        0
DAYS MIN <= 0       0               0.0     0.0        0

PRECIPITATION (INCHES)
RECORD
 MAXIMUM        10.91   2004
 MINIMUM         0.60   1932
TOTALS           5.64              5.26    0.38     6.49
DAILY AVG.       0.18              0.17    0.01     0.21
DAYS >= .01        15              12.5     2.5       16
DAYS >= .10        10               8.5     1.5       10
DAYS >= .50         5               3.6     1.4        5
DAYS >= 1.00        0               1.3    -1.3        1
GREATEST
 24 HR. TOTAL    0.98   05/01 TO 05/01

SNOWFALL (INCHES)
RECORDS
 TOTAL            6.0   5
                        0
TOTALS            0.0               0.0     0.0      0.0
SINCE 7/1         3.4              13.0    -9.6     15.3
SNOWDEPTH AVG.      0                MM      MM        0
DAYS >= 1.0         0               0.0     0.0        0
GREATEST
 SNOW DEPTH         0   MM                             0  MM
 24 HR TOTAL      0.0   05/31 TO 05/31

DEGREE_DAYS
HEATING TOTAL      99               111     -12      137
 SINCE 7/1       3471              4600   -1129     3764
COOLING TOTAL     122                85      37       86
 SINCE 1/1        197               107      90      114
.................................................................

WIND (MPH)
AVERAGE WIND SPEED              8.7
HIGHEST WIND SPEED/DIRECTION    29/260    DATE  05/20
HIGHEST GUST SPEED/DIRECTION    37/270    DATE  05/02

SKY COVER
POSSIBLE SUNSHINE (PERCENT)   MM
AVERAGE SKY COVER           0.40
NUMBER OF DAYS FAIR           17
NUMBER OF DAYS PC              9
NUMBER OF DAYS CLOUDY          5

AVERAGE RH (PERCENT)     67

WEATHER CONDITIONS. NUMBER OF DAYS WITH
THUNDERSTORM              0     MIXED PRECIP               0
HEAVY RAIN                9     RAIN                      11
LIGHT RAIN               17     FREEZING RAIN              0
LT FREEZING RAIN          0     HAIL                       0
HEAVY SNOW                0     SNOW                       0
LIGHT SNOW                0     SLEET                      0
FOG                      15     FOG W/VIS <= 1/4 MILE      1
HAZE                      3

-  INDICATES NEGATIVE NUMBERS.
R  INDICATES RECORD WAS SET OR TIED.
MM INDICATES DATA IS MISSING.
T  INDICATES TRACE AMOUNT.

$$
