000
CXUS53 KLMK 011719
CLMLEX


CLIMATE REPORT
NATIONAL WEATHER SERVICE LOUISVILLE KY
1131 AM EST SUN MAR 1 2015

...................................

...THE LEXINGTON KY CLIMATE SUMMARY FOR THE MONTH OF FEBRUARY 2015...

CLIMATE NORMAL PERIOD 1981 TO 2010
CLIMATE RECORD PERIOD 1872 TO 2015

WEATHER         OBSERVED          NORMAL  DEPART  LAST YEAR`S
                 VALUE   DATE(S)  VALUE   FROM    VALUE  DATE(S)
                                          NORMAL
................................................................
TEMPERATURE (F)
RECORD
 HIGH              80   02/23/1996
 LOW              -20   02/13/1899
HIGHEST            60   02/07        MM      MM       70  02/20
LOWEST            -18   02/20        MM      MM        4  02/11
AVG. MAXIMUM     34.5              45.6   -11.1     41.0
AVG. MINIMUM     15.4              28.1   -12.7     23.5
MEAN             24.9              36.9   -12.0     32.2
DAYS MAX >= 90      0               0.0     0.0        0
DAYS MAX <= 32     12               4.0     8.0       10
DAYS MIN <= 32     26              18.6     7.4       22
DAYS MIN <= 0       3               0.2     2.8        0

PRECIPITATION (INCHES)
RECORD
 MAXIMUM        10.12   1989
 MINIMUM         0.52   1895
TOTALS           3.00              3.20   -0.20     4.73
DAILY AVG.       0.11              0.11    0.00     0.17
DAYS >= .01         8              11.1    -3.1       15
DAYS >= .10         4               6.3    -2.3        9
DAYS >= .50         3               2.0     1.0        2
DAYS >= 1.00        2               0.6     1.4        2
GREATEST
 24 HR. TOTAL    1.18   02/21 TO 02/21

SNOWFALL (INCHES)
RECORDS
 TOTAL           17.4   5
                        0
TOTALS           15.4               4.6    10.8      8.7
SINCE 7/1        22.9              11.3    11.6     19.3
SNOWDEPTH AVG.      3                MM      MM        2
DAYS >= 1.0         2               1.4     0.6        2
GREATEST
 SNOW DEPTH        10   02/18                          5  02/10
                        02/17
 24 HR TOTAL     10.2   02/16 TO 02/16

DEGREE_DAYS
HEATING TOTAL    1116               788     328      909
 SINCE 7/1       3978              3571     407     3843
COOLING TOTAL       0                 0       0        0
 SINCE 1/1          0                 0       0        0
.................................................................

WIND (MPH)
AVERAGE WIND SPEED              10.0
HIGHEST WIND SPEED/DIRECTION    32/310    DATE  02/14
HIGHEST GUST SPEED/DIRECTION    47/300    DATE  02/14

SKY COVER
POSSIBLE SUNSHINE (PERCENT)   MM
AVERAGE SKY COVER           0.60
NUMBER OF DAYS FAIR            9
NUMBER OF DAYS PC              9
NUMBER OF DAYS CLOUDY         10

AVERAGE RH (PERCENT)     67

WEATHER CONDITIONS. NUMBER OF DAYS WITH
THUNDERSTORM              0     MIXED PRECIP               0
HEAVY RAIN                1     RAIN                       2
LIGHT RAIN                4     FREEZING RAIN              1
LT FREEZING RAIN          2     HAIL                       0
HEAVY SNOW                0     SNOW                       3
LIGHT SNOW               13     SLEET                      0
FOG                      16     FOG W/VIS <= 1/4 MILE      4
HAZE                      2

-  INDICATES NEGATIVE NUMBERS.
R  INDICATES RECORD WAS SET OR TIED.
MM INDICATES DATA IS MISSING.
T  INDICATES TRACE AMOUNT.

$$

TIED WITH 4TH COLDIEST FEBRUARY (1905).
DAILY RECORD LOWS SET ON 19TH AND 20TH
19TH WAS 2ND COLDIEST DAY IN FEBRUARY AND TIED FOR 6TH COLDIEST EVER
3RD SNOWIEST FEBRUARY
2/16 WAS 2ND SNOWIEST DAY IN FEBRUARY AND 4TH SNOWIEST EVER
