000
CXUS54 KLCH 010853
CF6LFT
PRELIMINARY LOCAL CLIMATOLOGICAL DATA (WS FORM: F-6)
STATION: LAFAYETTE
MONTH: NOVEMBER
YEAR: 2020
LATITUDE: 30 12 N
LONGITUDE: 92 0 W
TEMPERATURE IN F: :PCPN: SNOW: WIND :SUNSHINE: SKY :PK WND
================================================================================
1 2 3 4 5 6A 6B 7 8 9 10 11 12 13 14 15 16 17 18
12Z AVG MX 2MIN
DY MAX MIN AVG DEP HDD CDD WTR SNW DPTH SPD SPD DIR MIN PSBL S-S WX SPD DR
================================================================================
1 75 49 62 -4 3 0 0.00 0.0 0 9.8 23 10 M M 0 32 10
2 69 43 56 -10 9 0 0.00 0.0 0 7.4 16 360 M M 0 25 30
3 73 42 58 -7 7 0 0.00 0.0 0 2.9 8 60 M M 0 13 40
4 76 44 60 -5 5 0 0.00 0.0 0 1.7 7 180 M M 0 12 190
5 76 48 62 -3 3 0 0.00 0.0 0 2.4 8 40 M M 0 12 60
6 80 52 66 2 0 1 0.00 0.0 0 4.4 16 30 M M 1 20 40
7 81 61 71 7 0 6 0.02 0.0 0 4.1 15 110 M M 6 1 20 110
8 75 66 71 7 0 6 0.49 0.0 0 4.2 9 70 M M 8 1 17 130
9 83 67 75 11 0 10 0.00 0.0 0 3.6 9 80 M M 5 16 90
10 81 68 75 12 0 10 0.00 0.0 0 2.3 8 30 M M 8 13 130
11 84 66 75 12 0 10 0.00 0.0 0 6.0 16 20 M M 4 12 21 340
12 82 57 70 7 0 5 0.00 0.0 0 4.6 10 20 M M 0 13 10
13 82 54 68 6 0 3 0.00 0.0 0 1.5 10 20 M M 0 14 30
14 80 55 68 6 0 3 0.00 0.0 0 5.1 15 180 M M 2 1 23 200
15 78 51 65 3 0 0 0.01 0.0 0 8.4 30 360 M M 2 128 41 10
16 70 42 56 -6 9 0 0.00 0.0 0 6.8 16 40 M M 0 8 25 50
17 75 44 60 -1 5 0 0.00 0.0 0 5.4 17 40 M M 0 24 30
18 73 43 58 -3 7 0 0.00 0.0 0 3.5 10 60 M M 0 17 80
19 77 47 62 1 3 0 0.00 0.0 0 3.2 9 160 M M 2 15 130
20 80 58 69 9 0 4 0.00 0.0 0 2.8 10 100 M M 1 1 18 100
21 79 55 67 7 0 2 0.00 0.0 0 2.8 12 30 M M 3 12 16 30
22 80 53 67 7 0 2 0.00 0.0 0 4.1 15 20 M M 2 1 21 20
23 69 50 60 1 5 0 0.00 0.0 0 8.4 20 20 M M 1 25 20
24 78 51 65 6 0 0 0.00 0.0 0 7.4 17 170 M M 5 31 180
25 78 62 70 11 0 5 0.79 0.0 0 5.7 16 200 M M 9 138 25 320
26 69 58 64 5 1 0 0.04 0.0 0 5.1 8 40 M M 9 M M
27 76 65 71 13 0 6 1.94 0.0 0 4.1 20 320 M M 10 1238 26 320
28 66 60 63 5 2 0 0.00 0.0 0 5.7 15 10 M M 9 1 20 20
29 64 48 56 -2 9 0 0.51 M 0 12.1 28 330 M M 10 1 38 310
30 54 35 45 -13 20 0 0.00 0.0 0 11.9 24 340 M M 1 34 320
================================================================================
SM 2263 1594 88 73 3.80 0.0 157.4 M 98
================================================================================
AV 75.4 53.1 5.2 FASTST M M 3 MAX(MPH)
MISC ----> # 30 360 # 41 10
================================================================================
NOTES:
# LAST OF SEVERAL OCCURRENCES
COLUMN 17 PEAK WIND IN M.P.H.
PRELIMINARY LOCAL CLIMATOLOGICAL DATA (WS FORM: F-6) , PAGE 2
STATION: LAFAYETTE
MONTH: NOVEMBER
YEAR: 2020
LATITUDE: 30 12 N
LONGITUDE: 92 0 W
[TEMPERATURE DATA] [PRECIPITATION DATA] SYMBOLS USED IN COLUMN 16
AVERAGE MONTHLY: 64.3 TOTAL FOR MONTH: 3.80 1 = FOG OR MIST
DPTR FM NORMAL: 2.7 DPTR FM NORMAL: -0.55 2 = FOG REDUCING VISIBILITY
HIGHEST: 84 ON 11 GRTST 24HR 1.94 ON 27-27 TO 1/4 MILE OR LESS
LOWEST: 35 ON 30 3 = THUNDER
SNOW, ICE PELLETS, HAIL 4 = ICE PELLETS
TOTAL MONTH: 0.0 INCH 5 = HAIL
GRTST 24HR 0.0 6 = FREEZING RAIN OR DRIZZLE
GRTST DEPTH: 0 7 = DUSTSTORM OR SANDSTORM:
VSBY 1/2 MILE OR LESS
8 = SMOKE OR HAZE
[NO. OF DAYS WITH] [WEATHER - DAYS WITH] 9 = BLOWING SNOW
X = TORNADO
MAX 32 OR BELOW: 0 0.01 INCH OR MORE: 7
MAX 90 OR ABOVE: 0 0.10 INCH OR MORE: 4
MIN 32 OR BELOW: 0 0.50 INCH OR MORE: 3
MIN 0 OR BELOW: 0 1.00 INCH OR MORE: 1
[HDD (BASE 65) ]
TOTAL THIS MO. 88 CLEAR (SCALE 0-3) 18
DPTR FM NORMAL -75 PTCLDY (SCALE 4-7) 6
TOTAL FM JUL 1 110 CLOUDY (SCALE 8-10) 6
DPTR FM NORMAL -89
[CDD (BASE 65) ]
TOTAL THIS MO. 73
DPTR FM NORMAL 10 [PRESSURE DATA]
TOTAL FM JAN 1 3061 HIGHEST SLP 30.48 ON 2
DPTR FM NORMAL 109 LOWEST SLP 29.81 ON 10
[REMARKS]
#FINAL-11-20#