000
CXUS51 KOKX 011612
CLMLGA
NYCCLMLGA 000
TTAA00 OKX 011608
CLIMATE REPORT
NATIONAL WEATHER SERVICE NEW YORK, NY
1208 PM EDT SAT APR 01 2023
...................................
...THE LAGUARDIA NY CLIMATE SUMMARY FOR THE MONTH OF MARCH 2023...
CLIMATE NORMAL PERIOD 1991 TO 2020
CLIMATE RECORD PERIOD 1939 TO 2023
WEATHER OBSERVED NORMAL DEPART LAST YEAR`S
VALUE DATE(S) VALUE FROM VALUE DATE(S)
NORMAL
................................................................
TEMPERATURE (F)
RECORD
HIGH 86 03/29/1945
LOW 7 03/04/1943
HIGHEST 63 03/26 MM MM 74 03/07
LOWEST 31 03/19 MM MM 22 03/04
AVG. MAXIMUM 51.2 49.9 1.3 53.1
AVG. MINIMUM 38.2 36.2 2.0 36.7
MEAN 44.7 43.1 1.6 44.9
DAYS MAX >= 90 0 0.0 0.0 0
DAYS MAX <= 32 0 1.0 -1.0 1
DAYS MIN <= 32 3 9.4 -6.4 11
DAYS MIN <= 0 0 0.0 0.0 0
PRECIPITATION (INCHES)
RECORD
MAXIMUM 9.55 2010
MINIMUM 0.74 2006
TOTALS 3.29 4.01 -0.72 2.61
DAILY AVG. 0.11 0.13 -0.02 0.08
DAYS >= .01 14 10.9 3.1 12
DAYS >= .10 8 7.1 0.9 5
DAYS >= .50 2 2.6 -0.6 2
DAYS >= 1.00 1 1.0 0.0 1
GREATEST
24 HR. TOTAL 1.28 03/03 TO 03/04 1.02 03/24 TO 03/24
03/24 TO 03/25
STORM TOTAL 1.13 1.02
(MM/DD(HH)) MM
SNOWFALL (INCHES)
RECORDS
TOTAL 18.9 1958
24 HR TOTAL MM
TOTALS 0.1 5.4 -5.3 1.6
LIQUID EQUIV 0.00 0.50 -0.50 0.20
SINCE 7/1 3.4 29.4 -26.0 MM
LIQUID 7/1 0.34 2.90 MM
DAYS >= TRACE 4 3.0 1.0 3
DAYS >= 1.0 0 2.0 -2.0 0
GREATEST
SNOW DEPTH MM MM 03/29
03/30
03/10
24 HR TOTAL MM MM
STORM TOTAL 0.1 0.9
(MM/DD(HH)) MM
DEGREE DAYS
HEATING TOTAL 623 681 -58 617
SINCE 7/1 3399 3904 -505 MM
COOLING TOTAL 0 1 -1 0
SINCE 1/1 0 1 -1 MM
................................................................
WIND (MPH)
AVERAGE WIND SPEED 12.7
HIGHEST WIND SPEED/DIRECTION 36/320 DATE 03/15
HIGHEST GUST SPEED/DIRECTION 46/320 DATE 03/15
SKY COVER
POSSIBLE SUNSHINE (PERCENT) MM
AVERAGE SKY COVER 0.65
NUMBER OF DAYS FAIR 6
NUMBER OF DAYS PC 10
NUMBER OF DAYS CLOUDY 15
AVERAGE RH (PERCENT) 53
WEATHER CONDITIONS. NUMBER OF DAYS WITH
THUNDERSTORM 1 MIXED PRECIP 0
HEAVY RAIN 1 RAIN 8
LIGHT RAIN 17 FREEZING RAIN 0
LT FREEZING RAIN 0 HAIL 0
HEAVY SNOW 0 SNOW 0
LIGHT SNOW 3 SLEET 1
FOG 10 FOG W/VIS <= 1/4 MILE 1
HAZE 7
- INDICATES NEGATIVE NUMBERS.
R INDICATES RECORD WAS SET OR TIED.
MM INDICATES DATA IS MISSING.
T INDICATES TRACE AMOUNT.
$$