000
CXUS56 KLOX 231155
CF6LGB
PRELIMINARY LOCAL CLIMATOLOGICAL DATA (WS FORM: F-6)
STATION: LONG BEACH AIRPORT CA
MONTH: APRIL
YEAR: 2024
LATITUDE: 33 49 N
LONGITUDE: 118 9 W
TEMPERATURE IN F: :PCPN: SNOW: WIND :SUNSHINE: SKY :PK WND
================================================================================
1 2 3 4 5 6A 6B 7 8 9 10 11 12 13 14 15 16 17 18
12Z AVG MX 2MIN
DY MAX MIN AVG DEP HDD CDD WTR SNW DPTH SPD SPD DIR MIN PSBL S-S WX SPD DR
================================================================================
1 72 48 60 -1 5 0 0.00 M M 5.6 21 300 M M 0 26 300
2 79 52 66 5 0 1 0.00 M M 5.3 18 300 M M 0 23 300
3 79 54 67 6 0 2 0.00 M M 3.9 15 300 M M 0 8 18 300
4 65 55 60 -2 5 0 T M M 8.2 21 290 M M 8 29 280
5 62 48 55 -7 10 0 0.12 M M 10.9 28 280 M M 4 3 38 280
6 65 45 55 -7 10 0 0.00 M M 4.9 14 310 M M 0 18 320
7 67 49 58 -4 7 0 0.00 M M 4.7 14 310 M M 0 18 230
8 76 50 63 1 2 0 0.00 M M 5.2 21 290 M M 0 27 280
9 84 52 68 6 0 3 0.00 M M 5.0 20 290 M M 0 27 300
10 83 55 69 7 0 4 0.00 M M 4.3 12 310 M M 0 15 310
11 79 55 67 5 0 2 0.00 M M 4.6 10 310 M M 3 128 M M
12 62 57 60 -2 5 0 0.00 M M 6.0 12 160 M M 10 8 18 160
13 67 50 59 -3 6 0 0.12 M M 8.1 17 160 M M 9 28 160
14 62 49 56 -6 9 0 0.51 M M 4.4 15 180 M M 6 18 23 160
15 69 50 60 -2 5 0 0.00 M M 4.5 15 290 M M 3 19 290
16 81 53 67 4 0 2 0.00 M M 4.4 17 300 M M 0 M M
17 76 55 66 3 0 1 0.00 M M 4.1 12 310 M M 1 1 16 170
18 71 58 65 2 0 0 0.00 M M 5.8 16 210 M M 3 8 26 220
19 69 59 64 1 1 0 0.00 M M 6.0 13 290 M M 6 18 200
20 71 60 66 3 0 1 0.00 M M 4.8 12 290 M M 5 17 180
21 74 58 66 3 0 1 0.00 M M 4.9 13 310 M M 4 18 22 310
22 65 60 63 0 2 0 0.00 M M 4.6 10 230 M M 10 18 16 190
================================================================================
SM 1578 1172 67 17 0.75 M 120.2 M 72
================================================================================
AV 71.7 53.3 5.5 FASTST M M 3 MAX(MPH)
MISC ----> 28 280 38 280
================================================================================
NOTES:
# LAST OF SEVERAL OCCURRENCES
COLUMN 17 PEAK WIND IN M.P.H.
PRELIMINARY LOCAL CLIMATOLOGICAL DATA (WS FORM: F-6) , PAGE 2
STATION: LONG BEACH AIRPORT CA
MONTH: APRIL
YEAR: 2024
LATITUDE: 33 49 N
LONGITUDE: 118 9 W
[TEMPERATURE DATA] [PRECIPITATION DATA] SYMBOLS USED IN COLUMN 16
AVERAGE MONTHLY: 62.5 TOTAL FOR MONTH: 0.75 1 = FOG OR MIST
DPTR FM NORMAL: 0.3 DPTR FM NORMAL: 0.28 2 = FOG REDUCING VISIBILITY
HIGHEST: 84 ON 9 GRTST 24HR 0.63 ON 13-14 TO 1/4 MILE OR LESS
LOWEST: 45 ON 6 3 = THUNDER
SNOW, ICE PELLETS, HAIL 4 = ICE PELLETS
TOTAL MONTH: M 5 = HAIL
GRTST 24HR M ON M 6 = FREEZING RAIN OR DRIZZLE
GRTST DEPTH: M ON M 7 = DUSTSTORM OR SANDSTORM:
VSBY 1/2 MILE OR LESS
8 = SMOKE OR HAZE
[NO. OF DAYS WITH] [WEATHER - DAYS WITH] 9 = BLOWING SNOW
X = TORNADO
MAX 32 OR BELOW: 0 0.01 INCH OR MORE: 3
MAX 90 OR ABOVE: 0 0.10 INCH OR MORE: 3
MIN 32 OR BELOW: 0 0.50 INCH OR MORE: 1
MIN 0 OR BELOW: 0 1.00 INCH OR MORE: 0
[HDD (BASE 65) ]
TOTAL THIS MO. 67 CLEAR (SCALE 0-3) 10
DPTR FM NORMAL -12 PTCLDY (SCALE 4-7) 8
TOTAL FM JUL 1 699 CLOUDY (SCALE 8-10) 4
DPTR FM NORMAL -408
[CDD (BASE 65) ]
TOTAL THIS MO. 17
DPTR FM NORMAL 0 [PRESSURE DATA]
TOTAL FM JAN 1 29 HIGHEST SLP M ON M
DPTR FM NORMAL -9 LOWEST SLP 29.83 ON 1
[REMARKS]