000
CXUS55 KPUB 011210
CF6LHX
PRELIMINARY LOCAL CLIMATOLOGICAL DATA (WS FORM: F-6)
STATION: LA JUNTA CO
MONTH: JUNE
YEAR: 2020
LATITUDE: 38 2 N
LONGITUDE: 103 31 W
TEMPERATURE IN F: :PCPN: SNOW: WIND :SUNSHINE: SKY :PK WND
================================================================================
1 2 3 4 5 6A 6B 7 8 9 10 11 12 13 14 15 16 17 18
12Z AVG MX 2MIN
DY MAX MIN AVG DEP HDD CDD WTR SNW DPTH SPD SPD DIR MIN PSBL S-S WX SPD DR
================================================================================
1 98 64 81 13 0 16 0.01 M M 12.0 38 270 M M 1 46 250
2 97 63 80 12 0 15 0.00 0.0 M 11.3 35 10 M M 0 45 10
3 97 58 78 10 0 13 0.00 0.0 M 8.2 41 320 M M 0 8 54 320
4 101 58 80 11 0 15 0.00 M M 8.5 24 40 M M 0 30 40
5 103 61 82 13 0 17 0.00 M M 9.3 35 180 M M 0 48 170
6 101 76 89 19 0 24 0.00 M M 22.5 44 180 M M 0 8 58 170
7 102 73 88 18 0 23 0.00 M M 21.1 36 200 M M 0 53 210
8 95 57 76 6 0 11 0.00 M M 13.7 45 350 M M 0 8 62 340
9 71 46 59 -11 6 0 0.54 M M 23.1 43 360 M M 6 18 62 360
10 82 48 65 -6 0 0 0.00 M M 8.4 18 90 M M 0 25 90
11 93 50 72 1 0 7 0.00 M M 8.6 18 90 M M 0 24 90
12 95 56 76 4 0 11 0.00 M M 9.5 22 190 M M 0 29 190
13 100 56 78 6 0 13 T M M 12.4 51 250 M M 1 8 67 250
14 98 69 84 12 0 19 0.25 M M 20.8 33 190 M M 1 48 230
15 100 70 85 13 0 20 0.00 M M 12.3 29 180 M M 0 40 160
16 100 70 85 12 0 20 0.00 M M 18.6 32 200 M M 0 48 180
17 102 71 87 14 0 22 0.00 M M 14.1 26 200 M M 0 38 210
18 84 65 75 1 0 10 0.00 M M 19.9 36 10 M M 1 48 20
19 72 56 64 -10 1 0 0.12 M M 6.7 26 80 M M 7 37 90
20 91 53 72 -2 0 7 0.00 M M 7.3 14 80 M M 0 1 20 250
21 96 57 77 3 0 12 0.00 M M 9.4 29 10 M M 0 38 10
22 93 58 76 1 0 11 T 0.0 M 7.6 29 40 M M 0 37 40
23 92 58 75 0 0 10 0.00 M M 9.1 25 190 M M 1 8 33 60
24 97 58 78 3 0 13 0.00 0.0 0 8.5 21 270 M M 0 28 240
25 103 66 85 9 0 20 0.00 M M 9.4 25 210 M M 0 31 210
26 94 64 79 3 0 14 0.04 M M 10.8 31 20 M M 1 43 250
27 99 59 79 3 0 14 0.00 M M 11.5 41 330 M M 0 55 320
28 102 59 81 5 0 16 0.00 M M 8.8 20 280 M M 0 32 290
29 103 67 85 8 0 20 0.00 M M 13.9 25 240 M M 0 34 230
30 95 64 80 3 0 15 T M M 12.7 28 50 M M 0 34 60
================================================================================
SM 2856 1830 7 408 0.96 0.0 370.0 M 19
================================================================================
AV 95.2 61.0 12.3 FASTST M M 1 MAX(MPH)
MISC ----> 51 250 67 250
================================================================================
NOTES:
# LAST OF SEVERAL OCCURRENCES
COLUMN 17 PEAK WIND IN M.P.H.
PRELIMINARY LOCAL CLIMATOLOGICAL DATA (WS FORM: F-6) , PAGE 2
STATION: LA JUNTA CO
MONTH: JUNE
YEAR: 2020
LATITUDE: 38 2 N
LONGITUDE: 103 31 W
[TEMPERATURE DATA] [PRECIPITATION DATA] SYMBOLS USED IN COLUMN 16
AVERAGE MONTHLY: 78.1 TOTAL FOR MONTH: 0.96 1 = FOG OR MIST
DPTR FM NORMAL: 5.5 DPTR FM NORMAL: -0.40 2 = FOG REDUCING VISIBILITY
HIGHEST: 103 ON 29,25 GRTST 24HR 0.54 ON 9- 9 TO 1/4 MILE OR LESS
LOWEST: 46 ON 9 3 = THUNDER
SNOW, ICE PELLETS, HAIL 4 = ICE PELLETS
TOTAL MONTH: 0.0 INCH 5 = HAIL
GRTST 24HR 0.0 6 = FREEZING RAIN OR DRIZZLE
GRTST DEPTH: 0 7 = DUSTSTORM OR SANDSTORM:
VSBY 1/2 MILE OR LESS
8 = SMOKE OR HAZE
[NO. OF DAYS WITH] [WEATHER - DAYS WITH] 9 = BLOWING SNOW
X = TORNADO
MAX 32 OR BELOW: 0 0.01 INCH OR MORE: 5
MAX 90 OR ABOVE: 26 0.10 INCH OR MORE: 3
MIN 32 OR BELOW: 0 0.50 INCH OR MORE: 1
MIN 0 OR BELOW: 0 1.00 INCH OR MORE: 0
[HDD (BASE 65) ]
TOTAL THIS MO. 7 CLEAR (SCALE 0-3) 28
DPTR FM NORMAL -9 PTCLDY (SCALE 4-7) 2
TOTAL FM JUL 1 4903 CLOUDY (SCALE 8-10) 0
DPTR FM NORMAL -367
[CDD (BASE 65) ]
TOTAL THIS MO. 408
DPTR FM NORMAL 164 [PRESSURE DATA]
TOTAL FM JAN 1 552 HIGHEST SLP 30.18 ON 10
DPTR FM NORMAL 235 LOWEST SLP 29.28 ON 8
[REMARKS]
#FINAL-06-20#