000
CXHW51 PHFO 011250
CF6LIH
PRELIMINARY LOCAL CLIMATOLOGICAL DATA (WS FORM: F-6)
STATION: LIHUE HI
MONTH: MAY
YEAR: 2021
LATITUDE: 21 58 N
LONGITUDE: 159 21 W
TEMPERATURE IN F: :PCPN: SNOW: WIND :SUNSHINE: SKY :PK WND
================================================================================
1 2 3 4 5 6A 6B 7 8 9 10 11 12 13 14 15 16 17 18
12Z AVG MX 2MIN
DY MAX MIN AVG DEP HDD CDD WTR SNW DPTH SPD SPD DIR MIN PSBL S-S WX SPD DR
================================================================================
1 82 73 78 3 0 13 T M M 14.1 20 70 M M 7 24 80
2 80 72 76 1 0 11 0.03 M M 13.8 20 100 M M 7 18 23 100
3 82 71 77 2 0 12 T M M 11.3 17 60 M M 4 20 60
4 80 69 75 -1 0 10 0.03 M M 12.0 17 60 M M 4 1 22 60
5 81 70 76 0 0 11 0.15 M M 15.3 24 100 M M 7 18 28 100
6 80 71 76 0 0 11 0.00 M M 11.3 18 70 M M 5 24 200
7 81 68 75 -1 0 10 0.05 M M 13.0 22 80 M M 5 27 80
8 82 74 78 2 0 13 T M M 14.2 21 80 M M 7 25 80
9 81 74 78 2 0 13 0.03 M M 13.7 24 80 M M 7 18 31 100
10 83 73 78 2 0 13 0.01 M M 14.6 22 40 M M 6 18 27 40
11 83 72 78 2 0 13 T M M 14.6 21 80 M M 5 1 25 80
12 82 74 78 2 0 13 T M M 16.1 22 60 M M 4 8 27 60
13 82 73 78 2 0 13 0.01 M M 17.0 24 70 M M 5 18 30 60
14 82 72 77 1 0 12 T M M 17.6 25 40 M M 4 8 30 40
15 82 71 77 1 0 12 0.02 M M 17.9 26 80 M M 4 8 32 50
16 82 72 77 1 0 12 T M M 18.6 24 60 M M 4 29 60
17 82 70 76 0 0 11 0.07 M M 17.9 25 60 M M 4 18 30 60
18 82 73 78 2 0 13 0.00 M M 16.5 26 60 M M 4 32 60
19 82 73 78 2 0 13 T M M 16.7 24 70 M M 4 8 29 70
20 83 72 78 2 0 13 T M M 14.9 21 80 M M 4 24 80
21 82 73 78 1 0 13 T M M 15.4 21 80 M M 6 25 80
22 82 70 76 -1 0 11 T M M 12.5 18 80 M M 7 22 80
23 82 70 76 -1 0 11 0.04 M M 8.6 17 280 M M 6 1 20 100
24 84 67 76 -1 0 11 T M M 7.3 14 130 M M 4 19 180
25 84 69 77 0 0 12 T M M 6.9 12 60 M M 2 14 40
26 84 69 77 0 0 12 0.01 M M 8.5 16 30 M M 3 24 70
27 84 71 78 1 0 13 0.03 M M 9.2 16 100 M M 4 18 19 30
28 83 74 79 2 0 14 T M M 9.9 17 110 M M 4 1 20 100
29 83 69 76 -1 0 11 T M M 6.7 10 130 M M 4 14 120
30 86 66 76 -1 0 11 T M M 9.9 17 170 M M 1 23 170
31 85 69 77 0 0 12 0.01 M M 6.5 15 250 M M 4 1 19 150
================================================================================
SM 2553 2204 0 373 0.49 M 402.5 M 146
================================================================================
AV 82.4 71.1 13.0 FASTST M M 5 MAX(MPH)
MISC ----> # 26 80 # 32 50
================================================================================
NOTES:
# LAST OF SEVERAL OCCURRENCES
COLUMN 17 PEAK WIND IN M.P.H.
PRELIMINARY LOCAL CLIMATOLOGICAL DATA (WS FORM: F-6) , PAGE 2
STATION: LIHUE HI
MONTH: MAY
YEAR: 2021
LATITUDE: 21 58 N
LONGITUDE: 159 21 W
[TEMPERATURE DATA] [PRECIPITATION DATA] SYMBOLS USED IN COLUMN 16
AVERAGE MONTHLY: 76.7 TOTAL FOR MONTH: 0.49 1 = FOG OR MIST
DPTR FM NORMAL: 0.4 DPTR FM NORMAL: -1.69 2 = FOG REDUCING VISIBILITY
HIGHEST: 86 ON 30 GRTST 24HR 0.15 ON 5- 5 TO 1/4 MILE OR LESS
LOWEST: 66 ON 30 3 = THUNDER
SNOW, ICE PELLETS, HAIL 4 = ICE PELLETS
TOTAL MONTH: M 5 = HAIL
GRTST 24HR M ON M 6 = FREEZING RAIN OR DRIZZLE
GRTST DEPTH: M ON M 7 = DUSTSTORM OR SANDSTORM:
VSBY 1/2 MILE OR LESS
8 = SMOKE OR HAZE
[NO. OF DAYS WITH] [WEATHER - DAYS WITH] 9 = BLOWING SNOW
X = TORNADO
MAX 32 OR BELOW: 0 0.01 INCH OR MORE: 13
MAX 90 OR ABOVE: 0 0.10 INCH OR MORE: 1
MIN 32 OR BELOW: 0 0.50 INCH OR MORE: 0
MIN 0 OR BELOW: 0 1.00 INCH OR MORE: 0
[HDD (BASE 65) ]
TOTAL THIS MO. 0 CLEAR (SCALE 0-3) 2
DPTR FM NORMAL 0 PTCLDY (SCALE 4-7) 29
TOTAL FM JUL 1 0 CLOUDY (SCALE 8-10) 0
DPTR FM NORMAL 0
[CDD (BASE 65) ]
TOTAL THIS MO. 373
DPTR FM NORMAL 24 [PRESSURE DATA]
TOTAL FM JAN 1 1382 HIGHEST SLP 30.18 ON 15
DPTR FM NORMAL 72 LOWEST SLP 29.95 ON 29
[REMARKS]
#FINAL-05-21#