000
CXHW51 PHFO 011952
CF6LIH
PRELIMINARY LOCAL CLIMATOLOGICAL DATA (WS FORM: F-6)
STATION: LIHUE HI
MONTH: DECEMBER
YEAR: 2023
LATITUDE: 21 58 N
LONGITUDE: 159 21 W
TEMPERATURE IN F: :PCPN: SNOW: WIND :SUNSHINE: SKY :PK WND
================================================================================
1 2 3 4 5 6A 6B 7 8 9 10 11 12 13 14 15 16 17 18
12Z AVG MX 2MIN
DY MAX MIN AVG DEP HDD CDD WTR SNW DPTH SPD SPD DIR MIN PSBL S-S WX SPD DR
================================================================================
1 76 67 72 -3 0 7 0.05 M M 7.8 24 160 M M 8 1 33 170
2 81 66 74 -1 0 9 0.00 M M 6.7 10 280 M M 2 12 20
3 81 69 75 0 0 10 0.00 M M 7.8 14 30 M M 3 16 40
4 81 69 75 0 0 10 0.01 M M 12.0 23 30 M M 4 1 27 40
5 81 73 77 2 0 12 0.14 M M 17.7 25 80 M M 7 18 29 40
6 81 74 78 3 0 13 0.01 M M 11.7 20 60 M M 6 23 60
7 81 67 74 -1 0 9 0.00 M M 7.2 14 170 M M 3 18 180
8 81 63 72 -2 0 7 0.02 M M 6.1 15 170 M M 4 19 160
9 80 69 75 1 0 10 0.00 M M 7.1 15 80 M M 5 18 80
10 81 75 78 4 0 13 T M M 10.1 16 80 M M 3 19 80
11 82 76 79 5 0 14 T M M 9.0 14 70 M M 7 16 60
12 80 70 75 1 0 10 0.64 M M 14.2 38 30 M M 9 18 45 30
13 77 70 74 0 0 9 0.31 M M 22.5 36 40 M M 9 1 42 40
14 75 67 71 -3 0 6 T M M 25.8 32 50 M M 9 40 30
15 76 69 73 -1 0 8 0.02 M M 22.0 31 60 M M 8 36 50
16 79 66 73 -1 0 8 0.21 M M 17.4 28 40 M M 8 1 35 50
17 78 66 72 -2 0 7 0.13 M M 16.4 24 40 M M 7 1 29 50
18 77 68 73 -1 0 8 0.07 M M 21.0 28 50 M M 7 18 33 50
19 77 69 73 -1 0 8 0.05 M M 21.0 32 60 M M 9 18 38 50
20 74 67 71 -3 0 6 1.66 M M 18.6 30 50 M M 10 18 37 60
21 78 69 74 1 0 9 0.19 M M 17.6 26 40 M M 8 18 32 70
22 79 70 75 2 0 10 0.13 M M 16.1 22 40 M M 6 18 27 40
23 79 72 76 3 0 11 T M M 16.5 23 40 M M 7 27 40
24 79 68 74 1 0 9 0.00 M M 9.9 16 40 M M 5 20 40
25 79 67 73 0 0 8 T M M 8.3 16 10 M M 6 20 20
26 77 65 71 -2 0 6 T M M 9.4 20 40 M M 7 18 23 30
27 80 63 72 -1 0 7 0.00 M M 7.0 16 40 M M 3 19 30
28 72 64 68 -5 0 3 0.29 M M 10.6 22 20 M M 9 18 26 10
29 74 64 69 -4 0 4 0.01 M M 8.1 18 60 M M 7 1 22 60
30 80 66 73 0 0 8 0.00 M M 8.5 16 80 M M 5 18 80
31 82 64 73 0 0 8 T M M 8.6 18 40 M M 3 18 21 40
================================================================================
SM 2438 2112 0 267 3.94 M 402.7 M 194
================================================================================
AV 78.6 68.1 13.0 FASTST M M 6 MAX(MPH)
MISC ----> 38 30 45 30
================================================================================
NOTES:
# LAST OF SEVERAL OCCURRENCES
COLUMN 17 PEAK WIND IN M.P.H.
PRELIMINARY LOCAL CLIMATOLOGICAL DATA (WS FORM: F-6) , PAGE 2
STATION: LIHUE HI
MONTH: DECEMBER
YEAR: 2023
LATITUDE: 21 58 N
LONGITUDE: 159 21 W
[TEMPERATURE DATA] [PRECIPITATION DATA] SYMBOLS USED IN COLUMN 16
AVERAGE MONTHLY: 73.4 TOTAL FOR MONTH: 3.94 1 = FOG OR MIST
DPTR FM NORMAL: -0.5 DPTR FM NORMAL: -0.70 2 = FOG REDUCING VISIBILITY
HIGHEST: 82 ON 31,11 GRTST 24HR 1.68 ON 19-20 TO 1/4 MILE OR LESS
LOWEST: 63 ON 27, 8 3 = THUNDER
SNOW, ICE PELLETS, HAIL 4 = ICE PELLETS
TOTAL MONTH: M 5 = HAIL
GRTST 24HR M ON M 6 = FREEZING RAIN OR DRIZZLE
GRTST DEPTH: M ON M 7 = DUSTSTORM OR SANDSTORM:
VSBY 1/2 MILE OR LESS
8 = SMOKE OR HAZE
[NO. OF DAYS WITH] [WEATHER - DAYS WITH] 9 = BLOWING SNOW
X = TORNADO
MAX 32 OR BELOW: 0 0.01 INCH OR MORE: 17
MAX 90 OR ABOVE: 0 0.10 INCH OR MORE: 9
MIN 32 OR BELOW: 0 0.50 INCH OR MORE: 2
MIN 0 OR BELOW: 0 1.00 INCH OR MORE: 1
[HDD (BASE 65) ]
TOTAL THIS MO. 0 CLEAR (SCALE 0-3) 2
DPTR FM NORMAL 0 PTCLDY (SCALE 4-7) 21
TOTAL FM JUL 1 0 CLOUDY (SCALE 8-10) 8
DPTR FM NORMAL 0
[CDD (BASE 65) ]
TOTAL THIS MO. 267
DPTR FM NORMAL -7 [PRESSURE DATA]
TOTAL FM JAN 1 4454 HIGHEST SLP 30.21 ON 29
DPTR FM NORMAL 330 LOWEST SLP 29.84 ON 8
[REMARKS]
#FINAL-12-23#