000
CXHW51 PHFO 011625
CLMLIH
CLIMATE REPORT
NATIONAL WEATHER SERVICE HONOLULU HI
625 AM HST FRI DEC 01 2023
...................................
...THE LIHUE HI CLIMATE SUMMARY FOR THE MONTH OF NOVEMBER 2023...
CLIMATE NORMAL PERIOD 1991 TO 2020
CLIMATE RECORD PERIOD 1950 TO 2023
WEATHER OBSERVED NORMAL DEPART LAST YEAR`S
VALUE DATE(S) VALUE FROM VALUE DATE(S)
NORMAL
................................................................
TEMPERATURE (F)
RECORD
HIGH 89 11/01/1995
LOW 57 11/25/1958
HIGHEST 87 11/02 81 6 84 11/06
11/07
11/08
LOWEST 67 11/18 71 -4 63 11/27
11/25
11/29
AVG. MAXIMUM 81.8 81.2 0.6 81.8
AVG. MINIMUM 71.3 71.3 0.0 71.5
MEAN 76.6 76.2 0.4 76.7
DAYS MAX >= 93 0 0
DAYS MAX >= 90 0 0
DAYS MAX <= 80 10 6
DAYS MIN >= 72 14 17
DAYS MIN <= 60 0 0
DAYS MIN <= 55 0 0
PRECIPITATION (INCHES)
RECORD
MAXIMUM 18.45 1955
MINIMUM 0.40 2016
TOTALS 5.18 4.03 1.15 1.10
DAILY AVG. 0.17 0.13 0.04 0.04
DAYS >= .01 22 17.5 4.5 12
DAYS >= .10 12 6.8 5.2 4
DAYS >= .50 3 1.9 1.1 0
DAYS >= 1.00 1 0.8 0.2 0
GREATEST
24 HR. TOTAL 1.89 11/28 TO 11/29 0.29
SNOWFALL (INCHES)
RECORDS
TOTAL MM MM
TOTALS MM MM MM MM
SINCE 7/1 MM 0.0 MM MM
SNOWDEPTH AVG. MM MM
DAYS >= 1.0 MM MM MM MM
GREATEST
SNOW DEPTH MM MM MM
24 HR TOTAL MM MM
DEGREE DAYS
HEATING TOTAL 0 0 0 0
SINCE 7/1 0 0 0 MM
COOLING TOTAL 328 338 -10 344
SINCE 1/1 4187 3850 337 MM
................................................................
WIND (MPH)
AVERAGE WIND SPEED 13.3
HIGHEST WIND SPEED/DIRECTION 29/080 DATE 11/07
HIGHEST GUST SPEED/DIRECTION 40/060 DATE 11/14
SKY COVER
POSSIBLE SUNSHINE (PERCENT) MM
AVERAGE SKY COVER 0.62
NUMBER OF DAYS FAIR 4
NUMBER OF DAYS PC 19
NUMBER OF DAYS CLOUDY 7
AVERAGE RH (PERCENT) 77
WEATHER CONDITIONS. NUMBER OF DAYS WITH
THUNDERSTORM MM MIXED PRECIP MM
HEAVY RAIN 8 RAIN 8
LIGHT RAIN 20 FREEZING RAIN MM
LT FREEZING RAIN MM HAIL MM
HEAVY SNOW MM SNOW MM
LIGHT SNOW MM SLEET MM
FOG 19 FOG W/VIS <= 1/4 MILE MM
HAZE 9
- INDICATES NEGATIVE NUMBERS.
R INDICATES RECORD WAS SET OR TIED.
MM INDICATES DATA IS MISSING.
T INDICATES TRACE AMOUNT.
$$