000
CXUS55 KPIH 271100
CF6LLJ
PRELIMINARY LOCAL CLIMATOLOGICAL DATA (WS FORM: F-6)
STATION: CHALLIS
MONTH: MARCH
YEAR: 2024
LATITUDE: 44 31 N
LONGITUDE: 114 13 W
TEMPERATURE IN F: :PCPN: SNOW: WIND :SUNSHINE: SKY :PK WND
================================================================================
1 2 3 4 5 6A 6B 7 8 9 10 11 12 13 14 15 16 17 18
12Z AVG MX 2MIN
DY MAX MIN AVG DEP HDD CDD WTR SNW DPTH SPD SPD DIR MIN PSBL S-S WX SPD DR
================================================================================
1 42 27 35 3 30 0 T M M 5.2 16 280 M M 9 28 170
2 37 22 30 -3 35 0 0.07 M M 7.5 28 260 M M 7 1 36 250
3 29 12 21 -12 44 0 0.00 M M 3.8 12 200 M M 2 16 190
4 30 15 23 -11 42 0 0.06 M M 4.4 24 280 M M 5 1 34 280
5 32 16 24 -10 41 0 0.03 M M 3.7 12 340 M M 10 1 15 360
6 37 14 26 -8 39 0 0.00 M M 3.5 12 350 M M 1 17 10
7 36 11 24 -11 41 0 0.00 M M 2.2 9 320 M M 0 13 170
8 39 12 26 -9 39 0 0.00 M M 2.1 8 140 M M 0 12 160
9 46 16 31 -5 34 0 0.00 M M 2.8 16 190 M M 2 22 180
10 51 26 39 3 26 0 0.00 M M 8.1 25 150 M M 3 35 140
11 51 29 40 4 25 0 T M M 5.4 17 280 M M 8 24 240
12 48 31 40 3 25 0 0.01 M M 5.9 23 250 M M 7 30 240
13 41 27 34 -3 31 0 T M M 10.7 22 360 M M 8 28 350
14 49 20 35 -2 30 0 0.00 M M 4.6 14 30 M M 0 19 30
15 51 20 36 -2 29 0 0.00 M M 2.2 6 190 M M 0 M M
16 59 23 41 3 24 0 0.00 M M 1.7 8 320 M M 0 12 310
17 62 26 44 6 21 0 0.00 M M 1.7 9 170 M M 0 M M
18 65 27 46 8 19 0 0.00 M M 2.0 10 280 M M 0 14 280
19 64 26 45 7 20 0 0.00 M M 2.2 13 280 M M 0 17 280
20 65 28 47 8 18 0 0.00 M M 4.2 17 260 M M 1 28 260
21 56 36 46 7 19 0 0.02 M M 8.7 22 300 M M 6 34 310
22 59 29 44 5 21 0 0.00 M M 1.5 12 250 M M 3 16 160
23 50 30 40 1 25 0 0.07 M M 4.8 31 230 M M 5 18 51 240
24 48 27 38 -2 27 0 0.16 M M 2.9 23 360 M M 9 1 33 10
25 47 22 35 -5 30 0 T M M 4.8 16 300 M M 6 12 24 290
26 45 26 36 -4 29 0 0.05 M M 5.2 22 310 M M 8 30 290
================================================================================
SM 1239 598 764 0 0.47 M 111.8 M 100
================================================================================
AV 47.7 23.0 4.3 FASTST M M 4 MAX(MPH)
MISC ----> 31 230 51 240
================================================================================
NOTES:
# LAST OF SEVERAL OCCURRENCES
COLUMN 17 PEAK WIND IN M.P.H.
PRELIMINARY LOCAL CLIMATOLOGICAL DATA (WS FORM: F-6) , PAGE 2
STATION: CHALLIS
MONTH: MARCH
YEAR: 2024
LATITUDE: 44 31 N
LONGITUDE: 114 13 W
[TEMPERATURE DATA] [PRECIPITATION DATA] SYMBOLS USED IN COLUMN 16
AVERAGE MONTHLY: 35.3 TOTAL FOR MONTH: 0.47 1 = FOG OR MIST
DPTR FM NORMAL: -1.4 DPTR FM NORMAL: 0.09 2 = FOG REDUCING VISIBILITY
HIGHEST: 65 ON 20,18 GRTST 24HR 0.16 ON 24-24 TO 1/4 MILE OR LESS
LOWEST: 11 ON 7 3 = THUNDER
SNOW, ICE PELLETS, HAIL 4 = ICE PELLETS
TOTAL MONTH: M 5 = HAIL
GRTST 24HR M ON M 6 = FREEZING RAIN OR DRIZZLE
GRTST DEPTH: M ON M 7 = DUSTSTORM OR SANDSTORM:
VSBY 1/2 MILE OR LESS
8 = SMOKE OR HAZE
[NO. OF DAYS WITH] [WEATHER - DAYS WITH] 9 = BLOWING SNOW
X = TORNADO
MAX 32 OR BELOW: 3 0.01 INCH OR MORE: 8
MAX 90 OR ABOVE: 0 0.10 INCH OR MORE: 1
MIN 32 OR BELOW: 25 0.50 INCH OR MORE: 0
MIN 0 OR BELOW: 0 1.00 INCH OR MORE: 0
[HDD (BASE 65) ]
TOTAL THIS MO. 764 CLEAR (SCALE 0-3) 14
DPTR FM NORMAL 31 PTCLDY (SCALE 4-7) 8
TOTAL FM JUL 1 5729 CLOUDY (SCALE 8-10) 4
DPTR FM NORMAL -793
[CDD (BASE 65) ]
TOTAL THIS MO. 0
DPTR FM NORMAL 0 [PRESSURE DATA]
TOTAL FM JAN 1 0 HIGHEST SLP M ON M
DPTR FM NORMAL 0 LOWEST SLP 29.30 ON 2
[REMARKS]