000
CXUS54 KLZK 011230
CF6LLQ
PRELIMINARY LOCAL CLIMATOLOGICAL DATA (WS FORM: F-6)
STATION: MONTICELLO
MONTH: MAY
YEAR: 2023
LATITUDE: 33 37 N
LONGITUDE: 91 45 W
TEMPERATURE IN F: :PCPN: SNOW: WIND :SUNSHINE: SKY :PK WND
================================================================================
1 2 3 4 5 6A 6B 7 8 9 10 11 12 13 14 15 16 17 18
12Z AVG MX 2MIN
DY MAX MIN AVG DEP HDD CDD WTR SNW DPTH SPD SPD DIR MIN PSBL S-S WX SPD DR
================================================================================
1 74 51 63 -5 2 0 0.00 0.0 0 6.0 17 290 M M 0 22 300
2 80 49 65 -3 0 0 0.00 0.0 0 5.0 16 300 M M 0 24 310
3 79 47 63 -5 2 0 0.00 0.0 M 3.0 12 70 M M 0 8 14 70
4 82 52 67 -2 0 2 0.00 0.0 M 3.9 10 150 M M 1 8 16 140
5 78 59 69 0 0 4 0.72 0.0 0 5.6 12 120 M M 9 1 16 140
6 86 69 78 9 0 13 0.00 0.0 M 7.3 16 160 M M 7 23 170
7 87 70 79 9 0 14 0.07 0.0 0 7.7 17 210 M M 5 13 23 200
8 88 70 79 9 0 14 0.10 0.0 0 6.4 18 220 M M 6 13 24 210
9 89 65 77 7 0 12 0.11 0.0 0 0.0 M M M M 0 3 M M
10 78 68 73 3 0 8 0.29 0.0 M 5.7 15 110 M M 6 138 22 110
11 75 67 71 0 0 6 1.16 0.0 M 5.9 13 160 M M 8 13 19 170
12 82 67 75 4 0 10 0.04 0.0 M 6.2 13 140 M M 5 13 16 140
13 88 71 80 9 0 15 0.00 0.0 M 5.0 12 70 M M 3 1 18 200
14 91 68 80 8 0 15 0.00 0.0 M 2.7 12 140 M M 1 15 190
15 91 70 81 9 0 16 0.00 0.0 M 4.1 13 250 M M 1 17 210
16 89 71 80 8 0 15 0.05 0.0 M 5.6 13 260 M M 1 3 18 320
17 80 68 74 2 0 9 0.00 0.0 0 4.6 13 50 M M 8 17 360
18 86 64 75 2 0 10 0.00 0.0 0 1.9 8 310 M M 2 11 290
19 90 65 78 5 0 13 0.58 0.0 M 2.3 25 290 M M 1 13 36 310
20 77 62 70 -3 0 5 0.26 0.0 0 3.9 10 10 M M 8 13 17 10
21 75 58 67 -7 0 2 0.00 0.0 0 2.6 12 40 M M 0 17 50
22 84 62 73 -1 0 8 0.00 0.0 0 2.1 9 50 M M 0 12 50
23 87 59 73 -1 0 8 0.00 0.0 0 5.4 13 80 M M 2 19 80
24 84 62 73 -1 0 8 0.00 0.0 M 5.1 15 70 M M 2 19 60
25 88 62 75 0 0 10 0.00 0.0 0 3.8 17 60 M M 0 1 21 40
26 86 61 74 -1 0 9 0.00 0.0 0 3.8 14 60 M M 1 17 60
27 83 63 73 -2 0 8 0.00 0.0 0 4.7 13 60 M M 1 18 50
28 86 58 72 -4 0 7 0.00 0.0 0 2.0 9 70 M M 0 13 40
29 87 61 74 -2 0 9 0.00 0.0 0 1.2 9 50 M M 0 11 90
30 91 61 76 0 0 11 0.00 0.0 0 1.3 10 50 M M 1 8 14 60
31 90 64 77 1 0 12 0.00 0.0 0 1.3 9 110 M M 2 12 120
================================================================================
SM 2611 1944 4 273 3.38 0.0 126.1 M 81
================================================================================
AV 84.2 62.7 4.1 FASTST M M 3 MAX(MPH)
MISC ----> 25 290 36 310
================================================================================
NOTES:
# LAST OF SEVERAL OCCURRENCES
COLUMN 17 PEAK WIND IN M.P.H.
PRELIMINARY LOCAL CLIMATOLOGICAL DATA (WS FORM: F-6) , PAGE 2
STATION: MONTICELLO
MONTH: MAY
YEAR: 2023
LATITUDE: 33 37 N
LONGITUDE: 91 45 W
[TEMPERATURE DATA] [PRECIPITATION DATA] SYMBOLS USED IN COLUMN 16
AVERAGE MONTHLY: 73.5 TOTAL FOR MONTH: 3.38 1 = FOG OR MIST
DPTR FM NORMAL: 1.4 DPTR FM NORMAL: -1.36 2 = FOG REDUCING VISIBILITY
HIGHEST: 91 ON 30,15 GRTST 24HR 1.25 ON 10-11 TO 1/4 MILE OR LESS
LOWEST: 47 ON 3 3 = THUNDER
SNOW, ICE PELLETS, HAIL 4 = ICE PELLETS
TOTAL MONTH: 0.0 INCH 5 = HAIL
GRTST 24HR 0.0 6 = FREEZING RAIN OR DRIZZLE
GRTST DEPTH: 0 7 = DUSTSTORM OR SANDSTORM:
VSBY 1/2 MILE OR LESS
8 = SMOKE OR HAZE
[NO. OF DAYS WITH] [WEATHER - DAYS WITH] 9 = BLOWING SNOW
X = TORNADO
MAX 32 OR BELOW: 0 0.01 INCH OR MORE: 10
MAX 90 OR ABOVE: 5 0.10 INCH OR MORE: 7
MIN 32 OR BELOW: 0 0.50 INCH OR MORE: 3
MIN 0 OR BELOW: 0 1.00 INCH OR MORE: 1
[HDD (BASE 65) ]
TOTAL THIS MO. 4 CLEAR (SCALE 0-3) 21
DPTR FM NORMAL -15 PTCLDY (SCALE 4-7) 8
TOTAL FM JUL 1 2127 CLOUDY (SCALE 8-10) 2
DPTR FM NORMAL -504
[CDD (BASE 65) ]
TOTAL THIS MO. 273
DPTR FM NORMAL 34 [PRESSURE DATA]
TOTAL FM JAN 1 404 HIGHEST SLP 30.18 ON 15
DPTR FM NORMAL 56 LOWEST SLP 29.81 ON 17
[REMARKS]
#FINAL-05-23#