000
CXUS53 KLMK 010738
CF6LOU
PRELIMINARY LOCAL CLIMATOLOGICAL DATA (WS FORM: F-6)
STATION: LOUISVILLE BOWMAN KY
MONTH: JULY
YEAR: 2023
LATITUDE: 38 13 N
LONGITUDE: 85 39 W
TEMPERATURE IN F: :PCPN: SNOW: WIND :SUNSHINE: SKY :PK WND
================================================================================
1 2 3 4 5 6A 6B 7 8 9 10 11 12 13 14 15 16 17 18
12Z AVG MX 2MIN
DY MAX MIN AVG DEP HDD CDD WTR SNW DPTH SPD SPD DIR MIN PSBL S-S WX SPD DR
================================================================================
1 85 70 78 0 0 13 0.55 M M 10.2 20 170 M M 2 13 26 170
2 84 69 77 -1 0 12 0.78 M M 9.5 33 230 M M 4 13 48 220
3 86 69 78 0 0 13 0.03 M M 6.9 15 280 M M 5 1 21 290
4 87 70 79 1 0 14 0.01 M M 3.2 12 130 M M 2 18 16 140
5 90 67 79 1 0 14 0.00 M M 4.9 22 220 M M 1 18 27 200
6 87 75 81 3 0 16 0.02 M M 6.1 16 280 M M 3 1 21 250
7 88 70 79 1 0 14 0.00 M M 2.9 9 30 M M 0 14 360
8 84 69 77 -1 0 12 0.63 M M 4.4 21 230 M M 3 13 29 240
9 79 63 71 -8 0 6 0.00 M M 3.5 10 330 M M 5 16 350
10 86 59 73 -6 0 8 0.00 M M 1.4 9 360 M M 2 1 15 360
11 86 63 75 -4 0 10 0.00 M M 4.0 13 210 M M 1 20 230
12 88 65 77 -2 0 12 0.00 M M 6.1 16 180 M M 0 28 190
13 90 74 82 3 0 17 T M M 7.8 14 250 M M 2 3 20 220
14 92 72 82 3 0 17 0.00 M M 2.7 9 230 M M 1 14 220
15 84 73 79 0 0 14 0.14 M M 6.0 17 200 M M 5 1 26 210
16 85 69 77 -2 0 12 0.00 M M 5.0 13 230 M M 0 38 17 230
17 86 70 78 -1 0 13 0.01 M M 8.2 21 40 M M 4 138 27 40
18 88 66 77 -2 0 12 0.83 M M 6.7 18 40 M M 5 13 25 310
19 82 71 77 -2 0 12 0.00 M M 5.6 17 230 M M 10 1 22 240
20 86 73 80 1 0 15 0.01 M M 6.1 15 280 M M 5 21 250
21 82 65 74 -5 0 9 0.00 M M 4.0 12 340 M M 1 18 10
22 83 64 74 -5 0 9 0.00 M M 2.9 10 30 M M 3 15 20
23 85 62 74 -5 0 9 0.00 M M 3.4 12 230 M M 1 16 280
24 87 68 78 -1 0 13 0.05 M M 6.5 24 220 M M 3 13 34 230
25 91 65 78 -1 0 13 0.00 M M 2.7 10 200 M M 2 13 15 220
26 92 76 84 5 0 19 0.00 M M 11.0 20 190 M M 1 3 27 190
27 94 78 86 7 0 21 0.00 M M 10.4 17 220 M M 3 3 25 220
28 95 80 88 9 0 23 0.00 M M 8.4 16 240 M M 3 22 200
29 92 73 83 4 0 18 0.01 M M 8.6 20 200 M M 2 3 40 10
30 89 71 80 1 0 15 0.00 M M 4.1 13 360 M M 1 20 350
31 85 66 76 -3 0 11 0.00 M M 5.8 15 10 M M 1 22 10
================================================================================
SM 2698 2145 0 416 3.07 M 179.0 M 81
================================================================================
AV 87.0 69.2 5.8 FASTST M M 3 MAX(MPH)
MISC ----> 33 230 48 220
================================================================================
NOTES:
# LAST OF SEVERAL OCCURRENCES
COLUMN 17 PEAK WIND IN M.P.H.
PRELIMINARY LOCAL CLIMATOLOGICAL DATA (WS FORM: F-6) , PAGE 2
STATION: LOUISVILLE BOWMAN KY
MONTH: JULY
YEAR: 2023
LATITUDE: 38 13 N
LONGITUDE: 85 39 W
[TEMPERATURE DATA] [PRECIPITATION DATA] SYMBOLS USED IN COLUMN 16
AVERAGE MONTHLY: 78.1 TOTAL FOR MONTH: 3.07 1 = FOG OR MIST
DPTR FM NORMAL: -0.5 DPTR FM NORMAL: -1.49 2 = FOG REDUCING VISIBILITY
HIGHEST: 95 ON 28 GRTST 24HR 0.94 ON 1- 2 TO 1/4 MILE OR LESS
LOWEST: 59 ON 10 3 = THUNDER
SNOW, ICE PELLETS, HAIL 4 = ICE PELLETS
TOTAL MONTH: M 5 = HAIL
GRTST 24HR M ON M 6 = FREEZING RAIN OR DRIZZLE
GRTST DEPTH: M ON M 7 = DUSTSTORM OR SANDSTORM:
VSBY 1/2 MILE OR LESS
8 = SMOKE OR HAZE
[NO. OF DAYS WITH] [WEATHER - DAYS WITH] 9 = BLOWING SNOW
X = TORNADO
MAX 32 OR BELOW: 0 0.01 INCH OR MORE: 12
MAX 90 OR ABOVE: 8 0.10 INCH OR MORE: 5
MIN 32 OR BELOW: 0 0.50 INCH OR MORE: 4
MIN 0 OR BELOW: 0 1.00 INCH OR MORE: 0
[HDD (BASE 65) ]
TOTAL THIS MO. 0 CLEAR (SCALE 0-3) 21
DPTR FM NORMAL 0 PTCLDY (SCALE 4-7) 9
TOTAL FM JUL 1 0 CLOUDY (SCALE 8-10) 1
DPTR FM NORMAL 0
[CDD (BASE 65) ]
TOTAL THIS MO. 416
DPTR FM NORMAL -6 [PRESSURE DATA]
TOTAL FM JAN 1 700 HIGHEST SLP 30.14 ON 31
DPTR FM NORMAL -218 LOWEST SLP 29.74 ON 8
[REMARKS]
#FINAL-07-23#