000
CDUS43 KLMK 190630
CLILOU


CLIMATE REPORT
NATIONAL WEATHER SERVICE LOUISVILLE KY
230 AM EDT SAT APR 19 2014


...................................

...THE LOUISVILLE BOWMAN KY CLIMATE SUMMARY FOR APRIL 18 2014...

CLIMATE NORMAL PERIOD 1981 TO 2010
CLIMATE RECORD PERIOD 9999 TO 9999


WEATHER ITEM   OBSERVED TIME   RECORD YEAR NORMAL DEPARTURE LAST
                VALUE   (LST)  VALUE       VALUE  FROM      YEAR
                                                  NORMAL
..................................................................
TEMPERATURE (F)
 YESTERDAY
  MAXIMUM         74    454 PM  MM      MM  68      6       83
  MINIMUM         45    614 AM  MM      MM  48     -3       65
  AVERAGE         60                        58      2       74

PRECIPITATION (IN)
  YESTERDAY        0.00         MM      MM   0.14  -0.14      T
  MONTH TO DATE    4.74                      2.18   2.56     1.84
  SINCE MAR 1      6.92                      6.34   0.58     5.97
  SINCE JAN 1     12.69                     12.90  -0.21    12.68

SNOWFALL (IN)
  YESTERDAY       MM            MM      MM  MM     MM       MM
  MONTH TO DATE   MM                        MM     MM       MM
  SINCE MAR 1     MM                        MM     MM       MM
  SINCE JUL 1     MM                        MM     MM       MM
  SNOW DEPTH      MM

DEGREE DAYS
 HEATING
  YESTERDAY        5                         8     -3        0
  MONTH TO DATE  140                       193    -53      153
  SINCE MAR 1    817                       755     62      916
  SINCE JUL 1   4626                      4116    510     4146

 COOLING
  YESTERDAY        0                         1     -1        9
  MONTH TO DATE   21                        18      3       37
  SINCE MAR 1     21                        22     -1       37
  SINCE JAN 1     21                        22     -1       37
..................................................................


WIND (MPH)
  HIGHEST WIND SPEED    10   HIGHEST WIND DIRECTION    NE (60)
  HIGHEST GUST SPEED    15   HIGHEST GUST DIRECTION     E (80)
  AVERAGE WIND SPEED     1.1


SKY COVER
  POSSIBLE SUNSHINE  MM
  AVERAGE SKY COVER 0.1


WEATHER CONDITIONS
 THE FOLLOWING WEATHER WAS RECORDED YESTERDAY.
  LIGHT RAIN


RELATIVE HUMIDITY (PERCENT)
 HIGHEST    76           600 AM
 LOWEST     25           600 PM
 AVERAGE    51

..........................................................


THE LOUISVILLE BOWMAN KY CLIMATE NORMALS FOR TODAY
                         NORMAL
 MAXIMUM TEMPERATURE (F)   68
 MINIMUM TEMPERATURE (F)   48


SUNRISE AND SUNSET
APRIL 19 2014.........SUNRISE   701 AM EDT   SUNSET   823 PM EDT
APRIL 20 2014.........SUNRISE   700 AM EDT   SUNSET   824 PM EDT


-  INDICATES NEGATIVE NUMBERS.
R  INDICATES RECORD WAS SET OR TIED.
MM INDICATES DATA IS MISSING.
T  INDICATES TRACE AMOUNT.




$$
