000
CDUS43 KLMK 260629
CLILOU


CLIMATE REPORT
NATIONAL WEATHER SERVICE LOUISVILLE KY
229 AM EDT THU MAY 26 2016


...................................

...THE LOUISVILLE BOWMAN KY CLIMATE SUMMARY FOR MAY 25 2016...

CLIMATE NORMAL PERIOD 1981 TO 2010
CLIMATE RECORD PERIOD 9999 TO 9999


WEATHER ITEM   OBSERVED TIME   RECORD YEAR NORMAL DEPARTURE LAST
                VALUE   (LST)  VALUE       VALUE  FROM      YEAR
                                                  NORMAL
..................................................................
TEMPERATURE (F)
 YESTERDAY
  MAXIMUM         82    439 PM  MM      MM  79      3       76
  MINIMUM         67    337 AM  MM      MM  59      8       66
  AVERAGE         75                        69      6       71

PRECIPITATION (IN)
  YESTERDAY        T            MM      MM   0.15  -0.15     0.37
  MONTH TO DATE    4.65                      4.23   0.42     1.63
  SINCE MAR 1     13.33                     12.47   0.86    18.20
  SINCE JAN 1     19.22                     19.03   0.19    20.98

SNOWFALL (IN)
  YESTERDAY       MM            MM      MM  MM     MM       MM
  MONTH TO DATE   MM                        MM     MM       MM
  SINCE MAR 1     MM                        MM     MM       MM
  SINCE JUL 1     MM                        MM     MM       MM
  SNOW DEPTH      MM

DEGREE DAYS
 HEATING
  YESTERDAY        0                         1     -1        0
  MONTH TO DATE  106                        68     38       36
  SINCE MAR 1    701                       898   -197      830
  SINCE JUL 1   3488                      4259   -771     4614

 COOLING
  YESTERDAY       10                         5      5        6
  MONTH TO DATE   44                        78    -34      127
  SINCE MAR 1     82                       112    -30      148
  SINCE JAN 1     82                       112    -30      148
..................................................................


WIND (MPH)
  HIGHEST WIND SPEED    16   HIGHEST WIND DIRECTION     S (200)
  HIGHEST GUST SPEED    23   HIGHEST GUST DIRECTION     S (200)
  AVERAGE WIND SPEED     6.3


SKY COVER
  POSSIBLE SUNSHINE  MM
  AVERAGE SKY COVER 0.6


WEATHER CONDITIONS
 THE FOLLOWING WEATHER WAS RECORDED YESTERDAY.
  LIGHT RAIN


RELATIVE HUMIDITY (PERCENT)
 HIGHEST    73           100 AM
 LOWEST     54           100 PM
 AVERAGE    64

..........................................................


THE LOUISVILLE BOWMAN KY CLIMATE NORMALS FOR TODAY
                         NORMAL
 MAXIMUM TEMPERATURE (F)   79
 MINIMUM TEMPERATURE (F)   59


SUNRISE AND SUNSET
MAY 26 2016...........SUNRISE   624 AM EDT   SUNSET   856 PM EDT
MAY 27 2016...........SUNRISE   623 AM EDT   SUNSET   857 PM EDT


-  INDICATES NEGATIVE NUMBERS.
R  INDICATES RECORD WAS SET OR TIED.
MM INDICATES DATA IS MISSING.
T  INDICATES TRACE AMOUNT.




$$
