000
CDUS43 KLMK 200631
CLILOU


CLIMATE REPORT
NATIONAL WEATHER SERVICE LOUISVILLE KY
230 AM EDT SUN JUL 20 2014


...................................

...THE LOUISVILLE BOWMAN KY CLIMATE SUMMARY FOR JULY 19 2014...

CLIMATE NORMAL PERIOD 1981 TO 2010
CLIMATE RECORD PERIOD 9999 TO 9999


WEATHER ITEM   OBSERVED TIME   RECORD YEAR NORMAL DEPARTURE LAST
                VALUE   (LST)  VALUE       VALUE  FROM      YEAR
                                                  NORMAL
..................................................................
TEMPERATURE (F)
 YESTERDAY
  MAXIMUM         76    620 PM  MM      MM  87    -11       91
  MINIMUM         65    600 AM  MM      MM  69     -4       75
  AVERAGE         71                        78     -7       83

PRECIPITATION (IN)
  YESTERDAY        0.00         MM      MM   0.15  -0.15     0.00
  MONTH TO DATE    2.19                      2.38  -0.19     3.47
  SINCE JUN 1      3.70                      6.52  -2.82    12.07
  SINCE JAN 1     23.24                     26.44  -3.20    30.80

SNOWFALL (IN)
  YESTERDAY       MM            MM      MM  MM     MM       MM
  MONTH TO DATE   MM                        MM     MM       MM
  SINCE JUN 1     MM                        MM     MM       MM
  SINCE JUL 1     MM                        MM     MM       MM
  SNOW DEPTH      MM

DEGREE DAYS
 HEATING
  YESTERDAY        0                         0      0        0
  MONTH TO DATE    0                         0      0        0
  SINCE JUN 1      0                         3     -3        0
  SINCE JUL 1      0                         0      0        0

 COOLING
  YESTERDAY        6                        13     -7       18
  MONTH TO DATE  184                       247    -63      239
  SINCE JUN 1    588                       552     36      536
  SINCE JAN 1    843                       699    144      722
..................................................................


WIND (MPH)
  HIGHEST WIND SPEED     9   HIGHEST WIND DIRECTION     E (70)
  HIGHEST GUST SPEED    14   HIGHEST GUST DIRECTION    NE (30)
  AVERAGE WIND SPEED     4.2


SKY COVER
  POSSIBLE SUNSHINE  MM
  AVERAGE SKY COVER 1.0


WEATHER CONDITIONS
 THE FOLLOWING WEATHER WAS RECORDED YESTERDAY.
  NO SIGNIFICANT WEATHER WAS OBSERVED.


RELATIVE HUMIDITY (PERCENT)
 HIGHEST    93          1200 AM
 LOWEST     68          1100 AM
 AVERAGE    81

..........................................................


THE LOUISVILLE BOWMAN KY CLIMATE NORMALS FOR TODAY
                         NORMAL
 MAXIMUM TEMPERATURE (F)   87
 MINIMUM TEMPERATURE (F)   68


SUNRISE AND SUNSET
JULY 20 2014..........SUNRISE   635 AM EDT   SUNSET   902 PM EDT
JULY 21 2014..........SUNRISE   636 AM EDT   SUNSET   902 PM EDT


-  INDICATES NEGATIVE NUMBERS.
R  INDICATES RECORD WAS SET OR TIED.
MM INDICATES DATA IS MISSING.
T  INDICATES TRACE AMOUNT.




$$
