000
CDUS43 KLMK 262028
CLILOU


CLIMATE REPORT
NATIONAL WEATHER SERVICE LOUISVILLE KY
428 PM EDT MON JUN 26 2017


...................................

...THE LOUISVILLE BOWMAN KY CLIMATE SUMMARY FOR JUNE 26 2017...
VALID TODAY AS OF 0400 PM LOCAL TIME.

CLIMATE NORMAL PERIOD 1981 TO 2010
CLIMATE RECORD PERIOD 9999 TO 9999


WEATHER ITEM   OBSERVED TIME   RECORD YEAR NORMAL DEPARTURE LAST
                VALUE   (LST)  VALUE       VALUE  FROM      YEAR
                                                  NORMAL
..................................................................
TEMPERATURE (F)
 TODAY
  MAXIMUM         79    239 PM  MM      MM  87     -8       93
  MINIMUM         56    549 AM  MM      MM  68    -12       73
  AVERAGE         68                        77     -9       83

PRECIPITATION (IN)
  TODAY            0.00         MM      MM   0.12  -0.12     0.00
  MONTH TO DATE    2.94                      3.68  -0.74     4.34
  SINCE JUN 1      2.94                      3.68  -0.74     4.34
  SINCE JAN 1     22.50                     23.60  -1.10    23.95

SNOWFALL (IN)
  TODAY            0.0          MM      MM  MM     MM       MM
  MONTH TO DATE    0.0                      MM     MM       MM
  SINCE JUN 1      0.0                      MM     MM       MM
  SINCE JUL 1      0.0                      MM     MM       MM
  SNOW DEPTH       0

DEGREE DAYS
 HEATING
  TODAY            0                         0      0        0
  MONTH TO DATE    0                         2     -2        0
  SINCE JUN 1      0                         2     -2        0
  SINCE JUL 1   3225                      4267  -1042     3488

 COOLING
  TODAY            3                        12     -9       18
  MONTH TO DATE  263                       256      7      333
  SINCE JUN 1    263                       256      7      333
  SINCE JAN 1    516                       403    113      480
..................................................................


WIND (MPH)
  HIGHEST WIND SPEED    16   HIGHEST WIND DIRECTION     W (280)
  HIGHEST GUST SPEED    22   HIGHEST GUST DIRECTION    NW (300)
  AVERAGE WIND SPEED     4.5


SKY COVER
  POSSIBLE SUNSHINE  MM
  AVERAGE SKY COVER 0.1


WEATHER CONDITIONS
 THE FOLLOWING WEATHER WAS RECORDED TODAY.
  NO SIGNIFICANT WEATHER WAS OBSERVED.


RELATIVE HUMIDITY (PERCENT)
 HIGHEST    86           600 AM
 LOWEST     32           300 PM
 AVERAGE    59

..........................................................




SUNRISE AND SUNSET
JUNE 26 2017..........SUNRISE   621 AM EDT   SUNSET   910 PM EDT
JUNE 27 2017..........SUNRISE   621 AM EDT   SUNSET   910 PM EDT


-  INDICATES NEGATIVE NUMBERS.
R  INDICATES RECORD WAS SET OR TIED.
MM INDICATES DATA IS MISSING.
T  INDICATES TRACE AMOUNT.




$$
