000
CDUS43 KLMK 062132 RRA
CLILOU

CLIMATE REPORT
NATIONAL WEATHER SERVICE LOUISVILLE KY
431 PM EST WED DEC 6 2017


...................................

...THE LOUISVILLE BOWMAN KY CLIMATE SUMMARY FOR DECEMBER 6 2017...
VALID TODAY AS OF 0400 PM LOCAL TIME.

CLIMATE NORMAL PERIOD 1981 TO 2010
CLIMATE RECORD PERIOD 9999 TO 9999


WEATHER ITEM   OBSERVED TIME   RECORD YEAR NORMAL DEPARTURE LAST
                VALUE   (LST)  VALUE       VALUE  FROM      YEAR
                                                  NORMAL
..................................................................
TEMPERATURE (F)
 TODAY
  MAXIMUM         48    357 PM  MM      MM  47      1       47
  MINIMUM         28    713 AM  MM      MM  31     -3       38
  AVERAGE         38                        39     -1       43

PRECIPITATION (IN)
  TODAY            0.00         MM      MM   0.14  -0.14     0.88
  MONTH TO DATE    0.92                      0.81   0.11     0.99
  SINCE DEC 1      0.92                      0.81   0.11     0.99
  SINCE JAN 1     43.70                     42.34   1.36    41.21

SNOWFALL (IN)
  TODAY           MM            MM      MM  MM     MM       MM
  MONTH TO DATE   MM                        MM     MM       MM
  SINCE DEC 1     MM                        MM     MM       MM
  SINCE JUL 1     MM                        MM     MM       MM
  SNOW DEPTH      MM

DEGREE DAYS
 HEATING
  TODAY           27                        26      1       22
  MONTH TO DATE  118                       149    -31      137
  SINCE DEC 1    118                       149    -31      137
  SINCE JUL 1    870                       953    -83      665

 COOLING
  TODAY            0                         0      0        0
  MONTH TO DATE    0                         0      0        0
  SINCE DEC 1      0                         0      0        0
  SINCE JAN 1   1569                      1444    125     1882
..................................................................


WIND (MPH)
  HIGHEST WIND SPEED    20   HIGHEST WIND DIRECTION    SW (230)
  HIGHEST GUST SPEED    24   HIGHEST GUST DIRECTION    SW (230)
  AVERAGE WIND SPEED     9.1


SKY COVER
  POSSIBLE SUNSHINE  MM
  AVERAGE SKY COVER 0.0


WEATHER CONDITIONS
 THE FOLLOWING WEATHER WAS RECORDED TODAY.
  NO SIGNIFICANT WEATHER WAS OBSERVED.


RELATIVE HUMIDITY (PERCENT)
 HIGHEST    78           100 AM
 LOWEST     41          1200 PM
 AVERAGE    60

..........................................................




SUNRISE AND SUNSET
DECEMBER  6 2017......SUNRISE   745 AM EST   SUNSET   522 PM EST
DECEMBER  7 2017......SUNRISE   746 AM EST   SUNSET   522 PM EST


-  INDICATES NEGATIVE NUMBERS.
R  INDICATES RECORD WAS SET OR TIED.
MM INDICATES DATA IS MISSING.
T  INDICATES TRACE AMOUNT.




$$
