000
CDUS43 KLMK 202033
CLILOU


CLIMATE REPORT
NATIONAL WEATHER SERVICE LOUISVILLE KY
433 PM EDT MON OCT 20 2014


...................................

...THE LOUISVILLE BOWMAN KY CLIMATE SUMMARY FOR OCTOBER 20 2014...
VALID TODAY AS OF 0400 PM LOCAL TIME.

CLIMATE NORMAL PERIOD 1981 TO 2010
CLIMATE RECORD PERIOD 9999 TO 9999


WEATHER ITEM   OBSERVED TIME   RECORD YEAR NORMAL DEPARTURE LAST
                VALUE   (LST)  VALUE       VALUE  FROM      YEAR
                                                  NORMAL
..................................................................
TEMPERATURE (F)
 TODAY
  MAXIMUM         68    320 PM  MM      MM  68      0       62
  MINIMUM         45    448 AM  MM      MM  47     -2       39
  AVERAGE         57                        57      0       51

PRECIPITATION (IN)
  TODAY            0.10         MM      MM   0.11  -0.01     0.00
  MONTH TO DATE    3.65                      2.11   1.54     7.73
  SINCE SEP 1      6.79                      5.27   1.52    11.12
  SINCE JAN 1     37.25                     36.81   0.44    48.18

SNOWFALL (IN)
  TODAY            0.0          MM      MM  MM     MM       MM
  MONTH TO DATE    0.0                      MM     MM       MM
  SINCE SEP 1      0.0                      MM     MM       MM
  SINCE JUL 1      0.0                      MM     MM       MM
  SNOW DEPTH       0

DEGREE DAYS
 HEATING
  TODAY            8                         9     -1       14
  MONTH TO DATE  118                       128    -10       92
  SINCE SEP 1    150                       164    -14      102
  SINCE JUL 1    150                       164    -14      102

 COOLING
  TODAY            0                         1     -1        0
  MONTH TO DATE   22                        27     -5       42
  SINCE SEP 1    189                       201    -12      243
  SINCE JAN 1   1534                      1440     94     1446
..................................................................


WIND (MPH)
  HIGHEST WIND SPEED    17   HIGHEST WIND DIRECTION    SW (220)
  HIGHEST GUST SPEED    24   HIGHEST GUST DIRECTION    SW (220)
  AVERAGE WIND SPEED     4.3


SKY COVER
  POSSIBLE SUNSHINE  MM
  AVERAGE SKY COVER 0.5


WEATHER CONDITIONS
 THE FOLLOWING WEATHER WAS RECORDED TODAY.
  RAIN
  LIGHT RAIN
  FOG


RELATIVE HUMIDITY (PERCENT)
 HIGHEST   100           900 AM
 LOWEST     58           300 PM
 AVERAGE    79

..........................................................




SUNRISE AND SUNSET
OCTOBER 20 2014.......SUNRISE   756 AM EDT   SUNSET   658 PM EDT
OCTOBER 21 2014.......SUNRISE   757 AM EDT   SUNSET   657 PM EDT


-  INDICATES NEGATIVE NUMBERS.
R  INDICATES RECORD WAS SET OR TIED.
MM INDICATES DATA IS MISSING.
T  INDICATES TRACE AMOUNT.




$$
