000
CDUS43 KLMK 220631
CLILOU


CLIMATE REPORT
NATIONAL WEATHER SERVICE LOUISVILLE KY
230 AM EDT FRI MAY 22 2015


...................................

...THE LOUISVILLE BOWMAN KY CLIMATE SUMMARY FOR MAY 21 2015...

CLIMATE NORMAL PERIOD 1981 TO 2010
CLIMATE RECORD PERIOD 9999 TO 9999


WEATHER ITEM   OBSERVED TIME   RECORD YEAR NORMAL DEPARTURE LAST
                VALUE   (LST)  VALUE       VALUE  FROM      YEAR
                                                  NORMAL
..................................................................
TEMPERATURE (F)
 YESTERDAY
  MAXIMUM         61    455 PM  MM      MM  78    -17       86
  MINIMUM         47   1159 PM  MM      MM  58    -11       66
  AVERAGE         54                        68    -14       76

PRECIPITATION (IN)
  YESTERDAY        0.00         MM      MM   0.17  -0.17     0.34
  MONTH TO DATE    1.26                      3.64  -2.38     3.67
  SINCE MAR 1     17.83                     11.88   5.95    13.31
  SINCE JAN 1     20.61                     18.44   2.17    19.08

SNOWFALL (IN)
  YESTERDAY       MM            MM      MM  MM     MM       MM
  MONTH TO DATE   MM                        MM     MM       MM
  SINCE MAR 1     MM                        MM     MM       MM
  SINCE JUL 1     MM                        MM     MM       MM
  SNOW DEPTH      MM

DEGREE DAYS
 HEATING
  YESTERDAY       11                         2      9        0
  MONTH TO DATE   31                        63    -32       65
  SINCE MAR 1    825                       893    -68      897
  SINCE JUL 1   4609                      4254    355     4706

 COOLING
  YESTERDAY        0                         4     -4       11
  MONTH TO DATE  110                        58     52      110
  SINCE MAR 1    131                        92     39      144
  SINCE JAN 1    131                        92     39      144
..................................................................


WIND (MPH)
  HIGHEST WIND SPEED    16   HIGHEST WIND DIRECTION    NW (300)
  HIGHEST GUST SPEED    20   HIGHEST GUST DIRECTION    NW (320)
  AVERAGE WIND SPEED     7.8


SKY COVER
  POSSIBLE SUNSHINE  MM
  AVERAGE SKY COVER 0.8


WEATHER CONDITIONS
 THE FOLLOWING WEATHER WAS RECORDED YESTERDAY.
  HAZE


RELATIVE HUMIDITY (PERCENT)
 HIGHEST    80          1100 PM
 LOWEST     51           500 PM
 AVERAGE    66

..........................................................


THE LOUISVILLE BOWMAN KY CLIMATE NORMALS FOR TODAY
                         NORMAL
 MAXIMUM TEMPERATURE (F)   78
 MINIMUM TEMPERATURE (F)   58


SUNRISE AND SUNSET
MAY 22 2015...........SUNRISE   627 AM EDT   SUNSET   852 PM EDT
MAY 23 2015...........SUNRISE   626 AM EDT   SUNSET   853 PM EDT


-  INDICATES NEGATIVE NUMBERS.
R  INDICATES RECORD WAS SET OR TIED.
MM INDICATES DATA IS MISSING.
T  INDICATES TRACE AMOUNT.




$$
