000
CDUS43 KLMK 240628
CLILOU


CLIMATE REPORT
NATIONAL WEATHER SERVICE LOUISVILLE KY
127 AM EST SAT JAN 24 2015


...................................

...THE LOUISVILLE BOWMAN KY CLIMATE SUMMARY FOR JANUARY 23 2015...

CLIMATE NORMAL PERIOD 1981 TO 2010
CLIMATE RECORD PERIOD 9999 TO 9999


WEATHER ITEM   OBSERVED TIME   RECORD YEAR NORMAL DEPARTURE LAST
                VALUE   (LST)  VALUE       VALUE  FROM      YEAR
                                                  NORMAL
..................................................................
TEMPERATURE (F)
 YESTERDAY
  MAXIMUM         38    518 PM  MM      MM  43     -5       21
  MINIMUM         32    828 AM  MM      MM  26      6        4
  AVERAGE         35                        34      1       13

PRECIPITATION (IN)
  YESTERDAY        0.11         MM      MM   0.08   0.03      T
  MONTH TO DATE    0.73                      2.59  -1.86     2.21
  SINCE DEC 1      3.91                      6.60  -2.69     7.73
  SINCE JAN 1      0.73                      2.59  -1.86     2.21

SNOWFALL (IN)
  YESTERDAY       MM            MM      MM  MM     MM       MM
  MONTH TO DATE   MM                        MM     MM       MM
  SINCE DEC 1     MM                        MM     MM       MM
  SINCE JUL 1     MM                        MM     MM       MM
  SNOW DEPTH      MM

DEGREE DAYS
 HEATING
  YESTERDAY       30                        31     -1       52
  MONTH TO DATE  745                       707     38      816
  SINCE DEC 1   1510                      1567    -57     1656
  SINCE JUL 1   2489                      2371    118     2564

 COOLING
  YESTERDAY        0                         0      0        0
  MONTH TO DATE    0                         0      0        0
  SINCE DEC 1      0                         0      0        0
  SINCE JAN 1      0                         0      0        0
..................................................................


WIND (MPH)
  HIGHEST WIND SPEED     9   HIGHEST WIND DIRECTION    NE (50)
  HIGHEST GUST SPEED    13   HIGHEST GUST DIRECTION    NE (30)
  AVERAGE WIND SPEED     3.7


SKY COVER
  POSSIBLE SUNSHINE  MM
  AVERAGE SKY COVER 0.8


WEATHER CONDITIONS
 THE FOLLOWING WEATHER WAS RECORDED YESTERDAY.
  LIGHT RAIN
  LIGHT SNOW
  FOG


RELATIVE HUMIDITY (PERCENT)
 HIGHEST    96           800 PM
 LOWEST     64          1200 AM
 AVERAGE    80

..........................................................


THE LOUISVILLE BOWMAN KY CLIMATE NORMALS FOR TODAY
                         NORMAL
 MAXIMUM TEMPERATURE (F)   43
 MINIMUM TEMPERATURE (F)   26


SUNRISE AND SUNSET
JANUARY 24 2015.......SUNRISE   754 AM EST   SUNSET   556 PM EST
JANUARY 25 2015.......SUNRISE   753 AM EST   SUNSET   557 PM EST


-  INDICATES NEGATIVE NUMBERS.
R  INDICATES RECORD WAS SET OR TIED.
MM INDICATES DATA IS MISSING.
T  INDICATES TRACE AMOUNT.




$$
