382
CDUS43 KLMK 242134
CLILOU


CLIMATE REPORT
NATIONAL WEATHER SERVICE LOUISVILLE KY
434 PM EST FRI FEB 24 2017


...................................

...THE LOUISVILLE BOWMAN KY CLIMATE SUMMARY FOR FEBRUARY 24 2017...
VALID TODAY AS OF 0400 PM LOCAL TIME.

CLIMATE NORMAL PERIOD 1981 TO 2010
CLIMATE RECORD PERIOD 9999 TO 9999


WEATHER ITEM   OBSERVED TIME   RECORD YEAR NORMAL DEPARTURE LAST
                VALUE   (LST)  VALUE       VALUE  FROM      YEAR
                                                  NORMAL
..................................................................
TEMPERATURE (F)
 TODAY
  MAXIMUM         80    251 PM  MM      MM  49     31       60
  MINIMUM         62    638 AM  MM      MM  32     30       35
  AVERAGE         71                        41     30       48

PRECIPITATION (IN)
  TODAY            0.00         MM      MM   0.12  -0.12     1.36
  MONTH TO DATE    0.68                      2.75  -2.07     4.84
  SINCE DEC 1      9.96                     10.14  -0.18    11.89
  SINCE JAN 1      4.92                      6.13  -1.21     5.77

SNOWFALL (IN)
  TODAY           MM            MM      MM  MM     MM       MM
  MONTH TO DATE   MM                        MM     MM       MM
  SINCE DEC 1     MM                        MM     MM       MM
  SINCE JUL 1     MM                        MM     MM       MM
  SNOW DEPTH      MM

DEGREE DAYS
 HEATING
  TODAY            0                        24    -24       17
  MONTH TO DATE  393                       657   -264      632
  SINCE DEC 1   1965                      2462   -497     2084
  SINCE JUL 1   2493                      3266   -773     2687

 COOLING
  TODAY            6                         0      6        0
  MONTH TO DATE    6                         0      6        0
  SINCE DEC 1      7                         0      7        3
  SINCE JAN 1      6                         0      6        0
..................................................................


WIND (MPH)
  HIGHEST WIND SPEED    25   HIGHEST WIND DIRECTION     S (200)
  HIGHEST GUST SPEED    36   HIGHEST GUST DIRECTION     S (190)
  AVERAGE WIND SPEED    11.7


SKY COVER
  POSSIBLE SUNSHINE  MM
  AVERAGE SKY COVER 0.2


WEATHER CONDITIONS
 THE FOLLOWING WEATHER WAS RECORDED TODAY.
  NO SIGNIFICANT WEATHER WAS OBSERVED.


RELATIVE HUMIDITY (PERCENT)
 HIGHEST    73          1200 AM
 LOWEST     36           400 PM
 AVERAGE    55

..........................................................




SUNRISE AND SUNSET
FEBRUARY 24 2017......SUNRISE   721 AM EST   SUNSET   631 PM EST
FEBRUARY 25 2017......SUNRISE   720 AM EST   SUNSET   632 PM EST


-  INDICATES NEGATIVE NUMBERS.
R  INDICATES RECORD WAS SET OR TIED.
MM INDICATES DATA IS MISSING.
T  INDICATES TRACE AMOUNT.




$$
